{"id":15754,"date":"2026-04-16T11:38:11","date_gmt":"2026-04-16T10:38:11","guid":{"rendered":"https:\/\/www.euregio.eu\/?post_type=agenda&#038;p=15754"},"modified":"2026-04-16T11:38:11","modified_gmt":"2026-04-16T10:38:11","slug":"digitaler-deutsch-niederlaendischer-themensprechtag-zu-familienleistungen","status":"publish","type":"agenda","link":"https:\/\/www.euregio.eu\/de\/agenda\/digitaler-deutsch-niederlaendischer-themensprechtag-zu-familienleistungen\/","title":{"rendered":"Digitaler deutsch-niederl\u00e4ndischer Themensprechtag zu Familienleistungen"},"content":{"rendered":"<div class=\"fusion-fullwidth fullwidth-box fusion-builder-row-1 fusion-flex-container has-pattern-background has-mask-background nonhundred-percent-fullwidth non-hundred-percent-height-scrolling\" style=\"--awb-border-radius-top-left:0px;--awb-border-radius-top-right:0px;--awb-border-radius-bottom-right:0px;--awb-border-radius-bottom-left:0px;--awb-flex-wrap:wrap;\" ><div class=\"fusion-builder-row fusion-row fusion-flex-align-items-flex-start fusion-flex-content-wrap\" style=\"max-width:1248px;margin-left: calc(-4% \/ 2 );margin-right: calc(-4% \/ 2 );\"><div class=\"fusion-layout-column fusion_builder_column fusion-builder-column-0 fusion_builder_column_2_3 2_3 fusion-flex-column\" style=\"--awb-bg-size:cover;--awb-width-large:66.666666666667%;--awb-margin-top-large:0px;--awb-spacing-right-large:2.88%;--awb-margin-bottom-large:32px;--awb-spacing-left-large:2.88%;--awb-width-medium:100%;--awb-order-medium:0;--awb-spacing-right-medium:1.92%;--awb-spacing-left-medium:1.92%;--awb-width-small:100%;--awb-order-small:0;--awb-spacing-right-small:1.92%;--awb-spacing-left-small:1.92%;\"><div class=\"fusion-column-wrapper fusion-column-has-shadow fusion-flex-justify-content-flex-start fusion-content-layout-column\"><div class=\"fusion-text fusion-text-1\"><p><strong>Sie arbeiten als Grenzpendler:in in Deutschland oder den Niederlanden und haben Fragen zu den deutschen und niederl\u00e4ndischen Familienleistungen wie Kindergeld oder Elterngeld? Am 10.06.2026 veranstalten die GrenzInfoPunkte von 09:45 Uhr bis 16:30 Uhr entlang der niederl\u00e4ndisch-deutschen Grenze einen Themensprechtag zu diesem Thema.<\/strong><\/p>\n<p>Bei dieser digitalen Sonderveranstaltung per MS-Teams haben Grenzpendler:innen in Deutschland oder den Niederlanden die Gelegenheit, sich direkt mit Expert:innen der f\u00fcr sie zust\u00e4ndigen Beh\u00f6rden auszutauschen. Dazu geh\u00f6ren die Familienkasse Rheinland-Pfalz-Saarland, verschiedene grenznahe Elterngeldstellen, eine f\u00fcr Kinderzuschlag zust\u00e4ndige Familienkasse aus Nordrhein-Westfalen, das Bureau voor Duitse Zaken der niederl\u00e4ndischen Sociale Verzekeringsbank (SVB) und selbstverst\u00e4ndlich das Beratungsteam der GrenzInfoPunkte. Die Beratungstermine bieten den Teilnehmenden bis zu 45 Minuten, in denen sie alle ihre Fragen zum Thema kl\u00e4ren k\u00f6nnen. Die Teilnahme ist kostenlos!<\/p>\n<p>Eine <strong>verbindliche vorherige Terminvereinbarung<\/strong> ist erforderlich. Die Pl\u00e4tze sind begrenzt. Interessierte k\u00f6nnen ab sofort ihren individuellen Beratungstermin \u00fcber das B\u00fcro des GrenzInfoPunkt EUREGIO vereinbaren per E-Mail an <a href=\"mailto:sprechstunde@euregio.eu\">sprechstunde@euregio.eu<\/a><\/p>\n<p>Die Anmeldefrist endet am 03.06.2026. Weitere Informationen finden Sie auf der Website der GrenzInfoPunkte unter <a href=\"https:\/\/grenzinfo.eu\/veranstaltungen\/deutsch-niederlaendischer-themensprechtag-familienleistungen-2026-06-10-0945\/\" target=\"_blank\" rel=\"noopener\">https:\/\/grenzinfo.eu\/veranstaltungen\/deutsch-niederlaendischer-themensprechtag-familienleistungen-2026-06-10-0945\/<\/a><\/p>\n<\/div><\/div><\/div><div class=\"fusion-layout-column fusion_builder_column fusion-builder-column-1 fusion_builder_column_1_3 1_3 fusion-flex-column\" style=\"--awb-bg-size:cover;--awb-width-large:33.333333333333%;--awb-margin-top-large:0px;--awb-spacing-right-large:5.76%;--awb-margin-bottom-large:32px;--awb-spacing-left-large:5.76%;--awb-width-medium:100%;--awb-order-medium:0;--awb-spacing-right-medium:1.92%;--awb-spacing-left-medium:1.92%;--awb-width-small:100%;--awb-order-small:0;--awb-spacing-right-small:1.92%;--awb-spacing-left-small:1.92%;\"><div class=\"fusion-column-wrapper fusion-column-has-shadow fusion-flex-justify-content-flex-start fusion-content-layout-column\"><div class=\"fusion-image-element \" style=\"--awb-caption-title-font-family:var(--h2_typography-font-family);--awb-caption-title-font-weight:var(--h2_typography-font-weight);--awb-caption-title-font-style:var(--h2_typography-font-style);--awb-caption-title-size:var(--h2_typography-font-size);--awb-caption-title-transform:var(--h2_typography-text-transform);--awb-caption-title-line-height:var(--h2_typography-line-height);--awb-caption-title-letter-spacing:var(--h2_typography-letter-spacing);\"><span class=\" fusion-imageframe imageframe-none imageframe-1 hover-type-none\"><img decoding=\"async\" width=\"1623\" height=\"1080\" title=\"Beratung\" src=\"https:\/\/www.euregio.eu\/wp-content\/uploads\/2023\/11\/Beratung.jpg\" alt class=\"img-responsive wp-image-9487\" srcset=\"https:\/\/www.euregio.eu\/wp-content\/uploads\/2023\/11\/Beratung-200x133.jpg 200w, https:\/\/www.euregio.eu\/wp-content\/uploads\/2023\/11\/Beratung-400x266.jpg 400w, https:\/\/www.euregio.eu\/wp-content\/uploads\/2023\/11\/Beratung-600x399.jpg 600w, https:\/\/www.euregio.eu\/wp-content\/uploads\/2023\/11\/Beratung-800x532.jpg 800w, https:\/\/www.euregio.eu\/wp-content\/uploads\/2023\/11\/Beratung-1200x799.jpg 1200w, https:\/\/www.euregio.eu\/wp-content\/uploads\/2023\/11\/Beratung.jpg 1623w\" sizes=\"(max-width: 1024px) 100vw, (max-width: 640px) 100vw, 400px\" \/><\/span><\/div><\/div><\/div><\/div><\/div>\n","protected":false},"template":"","agenda-category":[],"class_list":["post-15754","agenda","type-agenda","status-publish","hentry"],"yoast_head":"<!-- This site is optimized with the Yoast SEO plugin v26.4 - https:\/\/yoast.com\/wordpress\/plugins\/seo\/ -->\n<title>Digitaler deutsch-niederl\u00e4ndischer Themensprechtag zu Familienleistungen - EUREGIO<\/title>\n<meta name=\"robots\" content=\"index, follow, max-snippet:-1, max-image-preview:large, max-video-preview:-1\" \/>\n<link rel=\"canonical\" href=\"https:\/\/www.euregio.eu\/de\/agenda\/digitaler-deutsch-niederlaendischer-themensprechtag-zu-familienleistungen\/\" \/>\n<meta property=\"og:locale\" content=\"de_DE\" \/>\n<meta property=\"og:type\" content=\"article\" \/>\n<meta property=\"og:title\" content=\"Digitaler deutsch-niederl\u00e4ndischer Themensprechtag zu Familienleistungen - EUREGIO\" \/>\n<meta property=\"og:url\" content=\"https:\/\/www.euregio.eu\/de\/agenda\/digitaler-deutsch-niederlaendischer-themensprechtag-zu-familienleistungen\/\" \/>\n<meta property=\"og:site_name\" content=\"EUREGIO\" \/>\n<meta name=\"twitter:card\" content=\"summary_large_image\" \/>\n<meta name=\"twitter:label1\" content=\"Gesch\u00e4tzte Lesezeit\" \/>\n\t<meta name=\"twitter:data1\" content=\"2\u00a0Minuten\" \/>\n<script type=\"application\/ld+json\" class=\"yoast-schema-graph\">{\"@context\":\"https:\/\/schema.org\",\"@graph\":[{\"@type\":\"WebPage\",\"@id\":\"https:\/\/www.euregio.eu\/de\/agenda\/digitaler-deutsch-niederlaendischer-themensprechtag-zu-familienleistungen\/\",\"url\":\"https:\/\/www.euregio.eu\/de\/agenda\/digitaler-deutsch-niederlaendischer-themensprechtag-zu-familienleistungen\/\",\"name\":\"Digitaler deutsch-niederl\u00e4ndischer Themensprechtag zu Familienleistungen - EUREGIO\",\"isPartOf\":{\"@id\":\"https:\/\/www.euregio.eu\/de\/#website\"},\"datePublished\":\"2026-04-16T10:38:11+00:00\",\"breadcrumb\":{\"@id\":\"https:\/\/www.euregio.eu\/de\/agenda\/digitaler-deutsch-niederlaendischer-themensprechtag-zu-familienleistungen\/#breadcrumb\"},\"inLanguage\":\"de\",\"potentialAction\":[{\"@type\":\"ReadAction\",\"target\":[\"https:\/\/www.euregio.eu\/de\/agenda\/digitaler-deutsch-niederlaendischer-themensprechtag-zu-familienleistungen\/\"]}]},{\"@type\":\"BreadcrumbList\",\"@id\":\"https:\/\/www.euregio.eu\/de\/agenda\/digitaler-deutsch-niederlaendischer-themensprechtag-zu-familienleistungen\/#breadcrumb\",\"itemListElement\":[{\"@type\":\"ListItem\",\"position\":1,\"name\":\"Home\",\"item\":\"https:\/\/www.euregio.eu\/de\/\"},{\"@type\":\"ListItem\",\"position\":2,\"name\":\"Agenda\",\"item\":\"https:\/\/www.euregio.eu\/de\/agenda\/\"},{\"@type\":\"ListItem\",\"position\":3,\"name\":\"Digitaler deutsch-niederl\u00e4ndischer Themensprechtag zu Familienleistungen\"}]},{\"@type\":\"WebSite\",\"@id\":\"https:\/\/www.euregio.eu\/de\/#website\",\"url\":\"https:\/\/www.euregio.eu\/de\/\",\"name\":\"EUREGIO\",\"description\":\"\",\"potentialAction\":[{\"@type\":\"SearchAction\",\"target\":{\"@type\":\"EntryPoint\",\"urlTemplate\":\"https:\/\/www.euregio.eu\/de\/?s={search_term_string}\"},\"query-input\":{\"@type\":\"PropertyValueSpecification\",\"valueRequired\":true,\"valueName\":\"search_term_string\"}}],\"inLanguage\":\"de\"}]}<\/script>\n<!-- \/ Yoast SEO plugin. -->","yoast_head_json":{"title":"Digitaler deutsch-niederl\u00e4ndischer Themensprechtag zu Familienleistungen - EUREGIO","robots":{"index":"index","follow":"follow","max-snippet":"max-snippet:-1","max-image-preview":"max-image-preview:large","max-video-preview":"max-video-preview:-1"},"canonical":"https:\/\/www.euregio.eu\/de\/agenda\/digitaler-deutsch-niederlaendischer-themensprechtag-zu-familienleistungen\/","og_locale":"de_DE","og_type":"article","og_title":"Digitaler deutsch-niederl\u00e4ndischer Themensprechtag zu Familienleistungen - EUREGIO","og_url":"https:\/\/www.euregio.eu\/de\/agenda\/digitaler-deutsch-niederlaendischer-themensprechtag-zu-familienleistungen\/","og_site_name":"EUREGIO","twitter_card":"summary_large_image","twitter_misc":{"Gesch\u00e4tzte Lesezeit":"2\u00a0Minuten"},"schema":{"@context":"https:\/\/schema.org","@graph":[{"@type":"WebPage","@id":"https:\/\/www.euregio.eu\/de\/agenda\/digitaler-deutsch-niederlaendischer-themensprechtag-zu-familienleistungen\/","url":"https:\/\/www.euregio.eu\/de\/agenda\/digitaler-deutsch-niederlaendischer-themensprechtag-zu-familienleistungen\/","name":"Digitaler deutsch-niederl\u00e4ndischer Themensprechtag zu Familienleistungen - EUREGIO","isPartOf":{"@id":"https:\/\/www.euregio.eu\/de\/#website"},"datePublished":"2026-04-16T10:38:11+00:00","breadcrumb":{"@id":"https:\/\/www.euregio.eu\/de\/agenda\/digitaler-deutsch-niederlaendischer-themensprechtag-zu-familienleistungen\/#breadcrumb"},"inLanguage":"de","potentialAction":[{"@type":"ReadAction","target":["https:\/\/www.euregio.eu\/de\/agenda\/digitaler-deutsch-niederlaendischer-themensprechtag-zu-familienleistungen\/"]}]},{"@type":"BreadcrumbList","@id":"https:\/\/www.euregio.eu\/de\/agenda\/digitaler-deutsch-niederlaendischer-themensprechtag-zu-familienleistungen\/#breadcrumb","itemListElement":[{"@type":"ListItem","position":1,"name":"Home","item":"https:\/\/www.euregio.eu\/de\/"},{"@type":"ListItem","position":2,"name":"Agenda","item":"https:\/\/www.euregio.eu\/de\/agenda\/"},{"@type":"ListItem","position":3,"name":"Digitaler deutsch-niederl\u00e4ndischer Themensprechtag zu Familienleistungen"}]},{"@type":"WebSite","@id":"https:\/\/www.euregio.eu\/de\/#website","url":"https:\/\/www.euregio.eu\/de\/","name":"EUREGIO","description":"","potentialAction":[{"@type":"SearchAction","target":{"@type":"EntryPoint","urlTemplate":"https:\/\/www.euregio.eu\/de\/?s={search_term_string}"},"query-input":{"@type":"PropertyValueSpecification","valueRequired":true,"valueName":"search_term_string"}}],"inLanguage":"de"}]}},"_links":{"self":[{"href":"https:\/\/www.euregio.eu\/de\/wp-json\/wp\/v2\/agenda\/15754","targetHints":{"allow":["GET"]}}],"collection":[{"href":"https:\/\/www.euregio.eu\/de\/wp-json\/wp\/v2\/agenda"}],"about":[{"href":"https:\/\/www.euregio.eu\/de\/wp-json\/wp\/v2\/types\/agenda"}],"wp:attachment":[{"href":"https:\/\/www.euregio.eu\/de\/wp-json\/wp\/v2\/media?parent=15754"}],"wp:term":[{"taxonomy":"agenda-category","embeddable":true,"href":"https:\/\/www.euregio.eu\/de\/wp-json\/wp\/v2\/agenda-category?post=15754"}],"curies":[{"name":"wp","href":"https:\/\/api.w.org\/{rel}","templated":true}]}}

Digitaler deutsch-niederländischer Themensprechtag zu Familienleistungen

<div class="fusion-fullwidth fullwidth-box fusion-builder-row-1 fusion-flex-container has-pattern-background has-mask-background nonhundred-percent-fullwidth non-hundred-percent-height-scrolling" style="--awb-border-radius-top-left:0px;--awb-border-radius-top-right:0px;--awb-border-radius-bottom-right:0px;--awb-border-radius-bottom-left:0px;--awb-flex-wrap:wrap;" ><div class="fusion-builder-row fusion-row fusion-flex-align-items-flex-start fusion-flex-content-wrap" style="max-width:1248px;margin-left: calc(-4% / 2 );margin-right: calc(-4% / 2 );"><div class="fusion-layout-column fusion_builder_column fusion-builder-column-0 fusion_builder_column_2_3 2_3 fusion-flex-column" style="--awb-bg-size:cover;--awb-width-large:66.666666666667%;--awb-margin-top-large:0px;--awb-spacing-right-large:2.88%;--awb-margin-bottom-large:32px;--awb-spacing-left-large:2.88%;--awb-width-medium:100%;--awb-order-medium:0;--awb-spacing-right-medium:1.92%;--awb-spacing-left-medium:1.92%;--awb-width-small:100%;--awb-order-small:0;--awb-spacing-right-small:1.92%;--awb-spacing-left-small:1.92%;"><div class="fusion-column-wrapper fusion-column-has-shadow fusion-flex-justify-content-flex-start fusion-content-layout-column"><div class="fusion-text fusion-text-1"><p><strong>Sie arbeiten als Grenzpendler:in in Deutschland oder den Niederlanden und haben Fragen zu den deutschen und niederländischen Familienleistungen wie Kindergeld oder Elterngeld? Am 10.06.2026 veranstalten die GrenzInfoPunkte von 09:45 Uhr bis 16:30 Uhr entlang der niederländisch-deutschen Grenze einen Themensprechtag zu diesem Thema.</strong></p>
<p>Bei dieser digitalen Sonderveranstaltung per MS-Teams haben Grenzpendler:innen in Deutschland oder den Niederlanden die Gelegenheit, sich direkt mit Expert:innen der für sie zuständigen Behörden auszutauschen. Dazu gehören die Familienkasse Rheinland-Pfalz-Saarland, verschiedene grenznahe Elterngeldstellen, eine für Kinderzuschlag zuständige Familienkasse aus Nordrhein-Westfalen, das Bureau voor Duitse Zaken der niederländischen Sociale Verzekeringsbank (SVB) und selbstverständlich das Beratungsteam der GrenzInfoPunkte. Die Beratungstermine bieten den Teilnehmenden bis zu 45 Minuten, in denen sie alle ihre Fragen zum Thema klären können. Die Teilnahme ist kostenlos!</p>
<p>Eine <strong>verbindliche vorherige Terminvereinbarung</strong> ist erforderlich. Die Plätze sind begrenzt. Interessierte können ab sofort ihren individuellen Beratungstermin über das Büro des GrenzInfoPunkt EUREGIO vereinbaren per E-Mail an <a href="mailto:sprechstunde@euregio.eu">sprechstunde@euregio.eu</a></p>
<p>Die Anmeldefrist endet am 03.06.2026. Weitere Informationen finden Sie auf der Website der GrenzInfoPunkte unter <a href="https://grenzinfo.eu/veranstaltungen/deutsch-niederlaendischer-themensprechtag-familienleistungen-2026-06-10-0945/" target="_blank" rel="noopener">https://grenzinfo.eu/veranstaltungen/deutsch-niederlaendischer-themensprechtag-familienleistungen-2026-06-10-0945/</a></p>
</div></div></div><div class="fusion-layout-column fusion_builder_column fusion-builder-column-1 fusion_builder_column_1_3 1_3 fusion-flex-column" style="--awb-bg-size:cover;--awb-width-large:33.333333333333%;--awb-margin-top-large:0px;--awb-spacing-right-large:5.76%;--awb-margin-bottom-large:32px;--awb-spacing-left-large:5.76%;--awb-width-medium:100%;--awb-order-medium:0;--awb-spacing-right-medium:1.92%;--awb-spacing-left-medium:1.92%;--awb-width-small:100%;--awb-order-small:0;--awb-spacing-right-small:1.92%;--awb-spacing-left-small:1.92%;"><div class="fusion-column-wrapper fusion-column-has-shadow fusion-flex-justify-content-flex-start fusion-content-layout-column"><div class="fusion-image-element " style="--awb-caption-title-font-family:var(--h2_typography-font-family);--awb-caption-title-font-weight:var(--h2_typography-font-weight);--awb-caption-title-font-style:var(--h2_typography-font-style);--awb-caption-title-size:var(--h2_typography-font-size);--awb-caption-title-transform:var(--h2_typography-text-transform);--awb-caption-title-line-height:var(--h2_typography-line-height);--awb-caption-title-letter-spacing:var(--h2_typography-letter-spacing);"><span class=" fusion-imageframe imageframe-none imageframe-1 hover-type-none"><img decoding="async" width="1623" height="1080" title="Beratung" src="https://www.euregio.eu/wp-content/uploads/2023/11/Beratung.jpg" alt class="img-responsive wp-image-9487" srcset="https://www.euregio.eu/wp-content/uploads/2023/11/Beratung-200x133.jpg 200w, https://www.euregio.eu/wp-content/uploads/2023/11/Beratung-400x266.jpg 400w, https://www.euregio.eu/wp-content/uploads/2023/11/Beratung-600x399.jpg 600w, https://www.euregio.eu/wp-content/uploads/2023/11/Beratung-800x532.jpg 800w, https://www.euregio.eu/wp-content/uploads/2023/11/Beratung-1200x799.jpg 1200w, https://www.euregio.eu/wp-content/uploads/2023/11/Beratung.jpg 1623w" sizes="(max-width: 1024px) 100vw, (max-width: 640px) 100vw, 400px" /></span></div></div></div></div></div>

<!-- This site is optimized with the Yoast SEO plugin v26.4 - https://yoast.com/wordpress/plugins/seo/ -->
<title>Digitaler deutsch-niederländischer Themensprechtag zu Familienleistungen - EUREGIO</title>
<meta name="robots" content="index, follow, max-snippet:-1, max-image-preview:large, max-video-preview:-1" />
<link rel="canonical" href="https://www.euregio.eu/de/agenda/digitaler-deutsch-niederlaendischer-themensprechtag-zu-familienleistungen/" />
<meta property="og:locale" content="de_DE" />
<meta property="og:type" content="article" />
<meta property="og:title" content="Digitaler deutsch-niederländischer Themensprechtag zu Familienleistungen - EUREGIO" />
<meta property="og:url" content="https://www.euregio.eu/de/agenda/digitaler-deutsch-niederlaendischer-themensprechtag-zu-familienleistungen/" />
<meta property="og:site_name" content="EUREGIO" />
<meta name="twitter:card" content="summary_large_image" />
<meta name="twitter:label1" content="Geschätzte Lesezeit" />
	<meta name="twitter:data1" content="2 Minuten" />
<script type="application/ld+json" class="yoast-schema-graph">{"@context":"https://schema.org","@graph":[{"@type":"WebPage","@id":"https://www.euregio.eu/de/agenda/digitaler-deutsch-niederlaendischer-themensprechtag-zu-familienleistungen/","url":"https://www.euregio.eu/de/agenda/digitaler-deutsch-niederlaendischer-themensprechtag-zu-familienleistungen/","name":"Digitaler deutsch-niederländischer Themensprechtag zu Familienleistungen - EUREGIO","isPartOf":{"@id":"https://www.euregio.eu/de/#website"},"datePublished":"2026-04-16T10:38:11+00:00","breadcrumb":{"@id":"https://www.euregio.eu/de/agenda/digitaler-deutsch-niederlaendischer-themensprechtag-zu-familienleistungen/#breadcrumb"},"inLanguage":"de","potentialAction":[{"@type":"ReadAction","target":["https://www.euregio.eu/de/agenda/digitaler-deutsch-niederlaendischer-themensprechtag-zu-familienleistungen/"]}]},{"@type":"BreadcrumbList","@id":"https://www.euregio.eu/de/agenda/digitaler-deutsch-niederlaendischer-themensprechtag-zu-familienleistungen/#breadcrumb","itemListElement":[{"@type":"ListItem","position":1,"name":"Home","item":"https://www.euregio.eu/de/"},{"@type":"ListItem","position":2,"name":"Agenda","item":"https://www.euregio.eu/de/agenda/"},{"@type":"ListItem","position":3,"name":"Digitaler deutsch-niederländischer Themensprechtag zu Familienleistungen"}]},{"@type":"WebSite","@id":"https://www.euregio.eu/de/#website","url":"https://www.euregio.eu/de/","name":"EUREGIO","description":"","potentialAction":[{"@type":"SearchAction","target":{"@type":"EntryPoint","urlTemplate":"https://www.euregio.eu/de/?s={search_term_string}"},"query-input":{"@type":"PropertyValueSpecification","valueRequired":true,"valueName":"search_term_string"}}],"inLanguage":"de"}]}</script>
<!-- / Yoast SEO plugin. -->

Digitaler deutsch-niederländischer Themensprechtag zu Familienleistungen - EUREGIO
