{"id":15614,"date":"2026-03-16T14:44:32","date_gmt":"2026-03-16T13:44:32","guid":{"rendered":"https:\/\/www.euregio.eu\/?post_type=agenda&#038;p=15614"},"modified":"2026-03-16T14:44:32","modified_gmt":"2026-03-16T13:44:32","slug":"5-rollender-verkehrstag","status":"publish","type":"agenda","link":"https:\/\/www.euregio.eu\/de\/agenda\/5-rollender-verkehrstag\/","title":{"rendered":"5. &#8222;Rollender Verkehrstag&#8220;"},"content":{"rendered":"<div class=\"fusion-fullwidth fullwidth-box fusion-builder-row-1 fusion-flex-container has-pattern-background has-mask-background nonhundred-percent-fullwidth non-hundred-percent-height-scrolling\" style=\"--awb-border-radius-top-left:0px;--awb-border-radius-top-right:0px;--awb-border-radius-bottom-right:0px;--awb-border-radius-bottom-left:0px;--awb-flex-wrap:wrap;\" ><div class=\"fusion-builder-row fusion-row fusion-flex-align-items-flex-start fusion-flex-content-wrap\" style=\"max-width:1248px;margin-left: calc(-4% \/ 2 );margin-right: calc(-4% \/ 2 );\"><div class=\"fusion-layout-column fusion_builder_column fusion-builder-column-0 fusion_builder_column_2_3 2_3 fusion-flex-column\" style=\"--awb-bg-size:cover;--awb-width-large:66.666666666667%;--awb-margin-top-large:0px;--awb-spacing-right-large:2.88%;--awb-margin-bottom-large:32px;--awb-spacing-left-large:2.88%;--awb-width-medium:100%;--awb-order-medium:0;--awb-spacing-right-medium:1.92%;--awb-spacing-left-medium:1.92%;--awb-width-small:100%;--awb-order-small:0;--awb-spacing-right-small:1.92%;--awb-spacing-left-small:1.92%;\"><div class=\"fusion-column-wrapper fusion-column-has-shadow fusion-flex-justify-content-flex-start fusion-content-layout-column\"><div class=\"fusion-text fusion-text-1\"><p><strong>Passend zum Beginn der Fahrrad-Saison veranstaltet die Ordnungspartnerschaft \u201eSicher durch M\u00fcnster\u201c am 21. M\u00e4rz 2026 ihren 5. \u201eRollenden Verkehrstag\u201c mit einer Fahrrad-Ralley f\u00fcr die ganze Familie. In der Zeit von 10:00 Uhr bis 16:00 Uhr k\u00f6nnen im Stadtgebiet von M\u00fcnster verschiedene Angebote rund um die Themen Fahrrad und Verkehrssicherheit angefahren werden.\u00a0<\/strong><\/p>\n<p>Neben vielen weiteren Angeboten informieren an einer Station Verkehrssicherheitsberaterinnen und Berater der Polizei M\u00fcnster mit Unterst\u00fctzung ihrer Kolleginnen und Kollegen aus den Niederlanden zu Verkehrssicherheit. Die Veranstaltung wird von der EUREGIO \u00fcber den Interreg-Kleinprojektefonds unterst\u00fctzt.<\/p>\n<p>Programm und weitere Informationen: \u00fcber die Website von <a href=\"http:\/\/www.sicher-durch-muenster.de\/5-rollender-verkehrstag-21-maerz-2026-2\/\" target=\"_blank\" rel=\"noopener\">&#8222;Sicher durch M\u00fcnster&#8220;<\/a><\/p>\n<\/div><\/div><\/div><div class=\"fusion-layout-column fusion_builder_column fusion-builder-column-1 fusion_builder_column_1_3 1_3 fusion-flex-column\" style=\"--awb-bg-size:cover;--awb-width-large:33.333333333333%;--awb-margin-top-large:0px;--awb-spacing-right-large:5.76%;--awb-margin-bottom-large:32px;--awb-spacing-left-large:5.76%;--awb-width-medium:100%;--awb-order-medium:0;--awb-spacing-right-medium:1.92%;--awb-spacing-left-medium:1.92%;--awb-width-small:100%;--awb-order-small:0;--awb-spacing-right-small:1.92%;--awb-spacing-left-small:1.92%;\"><div class=\"fusion-column-wrapper fusion-column-has-shadow fusion-flex-justify-content-flex-start fusion-content-layout-column\"><\/div><\/div><\/div><\/div>\n","protected":false},"template":"","agenda-category":[],"class_list":["post-15614","agenda","type-agenda","status-publish","hentry"],"yoast_head":"<!-- This site is optimized with the Yoast SEO plugin v26.4 - https:\/\/yoast.com\/wordpress\/plugins\/seo\/ -->\n<title>5. &quot;Rollender Verkehrstag&quot; - EUREGIO<\/title>\n<meta name=\"robots\" content=\"index, follow, max-snippet:-1, max-image-preview:large, max-video-preview:-1\" \/>\n<link rel=\"canonical\" href=\"https:\/\/www.euregio.eu\/de\/agenda\/5-rollender-verkehrstag\/\" \/>\n<meta property=\"og:locale\" content=\"de_DE\" \/>\n<meta property=\"og:type\" content=\"article\" \/>\n<meta property=\"og:title\" content=\"5. &quot;Rollender Verkehrstag&quot; - EUREGIO\" \/>\n<meta property=\"og:url\" content=\"https:\/\/www.euregio.eu\/de\/agenda\/5-rollender-verkehrstag\/\" \/>\n<meta property=\"og:site_name\" content=\"EUREGIO\" \/>\n<meta name=\"twitter:card\" content=\"summary_large_image\" \/>\n<meta name=\"twitter:label1\" content=\"Gesch\u00e4tzte Lesezeit\" \/>\n\t<meta name=\"twitter:data1\" content=\"1\u00a0Minute\" \/>\n<script type=\"application\/ld+json\" class=\"yoast-schema-graph\">{\"@context\":\"https:\/\/schema.org\",\"@graph\":[{\"@type\":\"WebPage\",\"@id\":\"https:\/\/www.euregio.eu\/de\/agenda\/5-rollender-verkehrstag\/\",\"url\":\"https:\/\/www.euregio.eu\/de\/agenda\/5-rollender-verkehrstag\/\",\"name\":\"5. \\\"Rollender Verkehrstag\\\" - EUREGIO\",\"isPartOf\":{\"@id\":\"https:\/\/www.euregio.eu\/de\/#website\"},\"datePublished\":\"2026-03-16T13:44:32+00:00\",\"breadcrumb\":{\"@id\":\"https:\/\/www.euregio.eu\/de\/agenda\/5-rollender-verkehrstag\/#breadcrumb\"},\"inLanguage\":\"de\",\"potentialAction\":[{\"@type\":\"ReadAction\",\"target\":[\"https:\/\/www.euregio.eu\/de\/agenda\/5-rollender-verkehrstag\/\"]}]},{\"@type\":\"BreadcrumbList\",\"@id\":\"https:\/\/www.euregio.eu\/de\/agenda\/5-rollender-verkehrstag\/#breadcrumb\",\"itemListElement\":[{\"@type\":\"ListItem\",\"position\":1,\"name\":\"Home\",\"item\":\"https:\/\/www.euregio.eu\/de\/\"},{\"@type\":\"ListItem\",\"position\":2,\"name\":\"Agenda\",\"item\":\"https:\/\/www.euregio.eu\/de\/agenda\/\"},{\"@type\":\"ListItem\",\"position\":3,\"name\":\"5. &#8222;Rollender Verkehrstag&#8220;\"}]},{\"@type\":\"WebSite\",\"@id\":\"https:\/\/www.euregio.eu\/de\/#website\",\"url\":\"https:\/\/www.euregio.eu\/de\/\",\"name\":\"EUREGIO\",\"description\":\"\",\"potentialAction\":[{\"@type\":\"SearchAction\",\"target\":{\"@type\":\"EntryPoint\",\"urlTemplate\":\"https:\/\/www.euregio.eu\/de\/?s={search_term_string}\"},\"query-input\":{\"@type\":\"PropertyValueSpecification\",\"valueRequired\":true,\"valueName\":\"search_term_string\"}}],\"inLanguage\":\"de\"}]}<\/script>\n<!-- \/ Yoast SEO plugin. -->","yoast_head_json":{"title":"5. \"Rollender Verkehrstag\" - EUREGIO","robots":{"index":"index","follow":"follow","max-snippet":"max-snippet:-1","max-image-preview":"max-image-preview:large","max-video-preview":"max-video-preview:-1"},"canonical":"https:\/\/www.euregio.eu\/de\/agenda\/5-rollender-verkehrstag\/","og_locale":"de_DE","og_type":"article","og_title":"5. \"Rollender Verkehrstag\" - EUREGIO","og_url":"https:\/\/www.euregio.eu\/de\/agenda\/5-rollender-verkehrstag\/","og_site_name":"EUREGIO","twitter_card":"summary_large_image","twitter_misc":{"Gesch\u00e4tzte Lesezeit":"1\u00a0Minute"},"schema":{"@context":"https:\/\/schema.org","@graph":[{"@type":"WebPage","@id":"https:\/\/www.euregio.eu\/de\/agenda\/5-rollender-verkehrstag\/","url":"https:\/\/www.euregio.eu\/de\/agenda\/5-rollender-verkehrstag\/","name":"5. \"Rollender Verkehrstag\" - EUREGIO","isPartOf":{"@id":"https:\/\/www.euregio.eu\/de\/#website"},"datePublished":"2026-03-16T13:44:32+00:00","breadcrumb":{"@id":"https:\/\/www.euregio.eu\/de\/agenda\/5-rollender-verkehrstag\/#breadcrumb"},"inLanguage":"de","potentialAction":[{"@type":"ReadAction","target":["https:\/\/www.euregio.eu\/de\/agenda\/5-rollender-verkehrstag\/"]}]},{"@type":"BreadcrumbList","@id":"https:\/\/www.euregio.eu\/de\/agenda\/5-rollender-verkehrstag\/#breadcrumb","itemListElement":[{"@type":"ListItem","position":1,"name":"Home","item":"https:\/\/www.euregio.eu\/de\/"},{"@type":"ListItem","position":2,"name":"Agenda","item":"https:\/\/www.euregio.eu\/de\/agenda\/"},{"@type":"ListItem","position":3,"name":"5. &#8222;Rollender Verkehrstag&#8220;"}]},{"@type":"WebSite","@id":"https:\/\/www.euregio.eu\/de\/#website","url":"https:\/\/www.euregio.eu\/de\/","name":"EUREGIO","description":"","potentialAction":[{"@type":"SearchAction","target":{"@type":"EntryPoint","urlTemplate":"https:\/\/www.euregio.eu\/de\/?s={search_term_string}"},"query-input":{"@type":"PropertyValueSpecification","valueRequired":true,"valueName":"search_term_string"}}],"inLanguage":"de"}]}},"_links":{"self":[{"href":"https:\/\/www.euregio.eu\/de\/wp-json\/wp\/v2\/agenda\/15614","targetHints":{"allow":["GET"]}}],"collection":[{"href":"https:\/\/www.euregio.eu\/de\/wp-json\/wp\/v2\/agenda"}],"about":[{"href":"https:\/\/www.euregio.eu\/de\/wp-json\/wp\/v2\/types\/agenda"}],"wp:attachment":[{"href":"https:\/\/www.euregio.eu\/de\/wp-json\/wp\/v2\/media?parent=15614"}],"wp:term":[{"taxonomy":"agenda-category","embeddable":true,"href":"https:\/\/www.euregio.eu\/de\/wp-json\/wp\/v2\/agenda-category?post=15614"}],"curies":[{"name":"wp","href":"https:\/\/api.w.org\/{rel}","templated":true}]}}

<div class="fusion-fullwidth fullwidth-box fusion-builder-row-1 fusion-flex-container has-pattern-background has-mask-background nonhundred-percent-fullwidth non-hundred-percent-height-scrolling" style="--awb-border-radius-top-left:0px;--awb-border-radius-top-right:0px;--awb-border-radius-bottom-right:0px;--awb-border-radius-bottom-left:0px;--awb-flex-wrap:wrap;" ><div class="fusion-builder-row fusion-row fusion-flex-align-items-flex-start fusion-flex-content-wrap" style="max-width:1248px;margin-left: calc(-4% / 2 );margin-right: calc(-4% / 2 );"><div class="fusion-layout-column fusion_builder_column fusion-builder-column-0 fusion_builder_column_2_3 2_3 fusion-flex-column" style="--awb-bg-size:cover;--awb-width-large:66.666666666667%;--awb-margin-top-large:0px;--awb-spacing-right-large:2.88%;--awb-margin-bottom-large:32px;--awb-spacing-left-large:2.88%;--awb-width-medium:100%;--awb-order-medium:0;--awb-spacing-right-medium:1.92%;--awb-spacing-left-medium:1.92%;--awb-width-small:100%;--awb-order-small:0;--awb-spacing-right-small:1.92%;--awb-spacing-left-small:1.92%;"><div class="fusion-column-wrapper fusion-column-has-shadow fusion-flex-justify-content-flex-start fusion-content-layout-column"><div class="fusion-text fusion-text-1"><p><strong>Passend zum Beginn der Fahrrad-Saison veranstaltet die Ordnungspartnerschaft „Sicher durch Münster“ am 21. März 2026 ihren 5. „Rollenden Verkehrstag“ mit einer Fahrrad-Ralley für die ganze Familie. In der Zeit von 10:00 Uhr bis 16:00 Uhr können im Stadtgebiet von Münster verschiedene Angebote rund um die Themen Fahrrad und Verkehrssicherheit angefahren werden. </strong></p>
<p>Neben vielen weiteren Angeboten informieren an einer Station Verkehrssicherheitsberaterinnen und Berater der Polizei Münster mit Unterstützung ihrer Kolleginnen und Kollegen aus den Niederlanden zu Verkehrssicherheit. Die Veranstaltung wird von der EUREGIO über den Interreg-Kleinprojektefonds unterstützt.</p>
<p>Programm und weitere Informationen: über die Website von <a href="http://www.sicher-durch-muenster.de/5-rollender-verkehrstag-21-maerz-2026-2/" target="_blank" rel="noopener">&#8222;Sicher durch Münster&#8220;</a></p>
</div></div></div><div class="fusion-layout-column fusion_builder_column fusion-builder-column-1 fusion_builder_column_1_3 1_3 fusion-flex-column" style="--awb-bg-size:cover;--awb-width-large:33.333333333333%;--awb-margin-top-large:0px;--awb-spacing-right-large:5.76%;--awb-margin-bottom-large:32px;--awb-spacing-left-large:5.76%;--awb-width-medium:100%;--awb-order-medium:0;--awb-spacing-right-medium:1.92%;--awb-spacing-left-medium:1.92%;--awb-width-small:100%;--awb-order-small:0;--awb-spacing-right-small:1.92%;--awb-spacing-left-small:1.92%;"><div class="fusion-column-wrapper fusion-column-has-shadow fusion-flex-justify-content-flex-start fusion-content-layout-column"></div></div></div></div>

<!-- This site is optimized with the Yoast SEO plugin v26.4 - https://yoast.com/wordpress/plugins/seo/ -->
<title>5. &quot;Rollender Verkehrstag&quot; - EUREGIO</title>
<meta name="robots" content="index, follow, max-snippet:-1, max-image-preview:large, max-video-preview:-1" />
<link rel="canonical" href="https://www.euregio.eu/de/agenda/5-rollender-verkehrstag/" />
<meta property="og:locale" content="de_DE" />
<meta property="og:type" content="article" />
<meta property="og:title" content="5. &quot;Rollender Verkehrstag&quot; - EUREGIO" />
<meta property="og:url" content="https://www.euregio.eu/de/agenda/5-rollender-verkehrstag/" />
<meta property="og:site_name" content="EUREGIO" />
<meta name="twitter:card" content="summary_large_image" />
<meta name="twitter:label1" content="Geschätzte Lesezeit" />
	<meta name="twitter:data1" content="1 Minute" />
<script type="application/ld+json" class="yoast-schema-graph">{"@context":"https://schema.org","@graph":[{"@type":"WebPage","@id":"https://www.euregio.eu/de/agenda/5-rollender-verkehrstag/","url":"https://www.euregio.eu/de/agenda/5-rollender-verkehrstag/","name":"5. \"Rollender Verkehrstag\" - EUREGIO","isPartOf":{"@id":"https://www.euregio.eu/de/#website"},"datePublished":"2026-03-16T13:44:32+00:00","breadcrumb":{"@id":"https://www.euregio.eu/de/agenda/5-rollender-verkehrstag/#breadcrumb"},"inLanguage":"de","potentialAction":[{"@type":"ReadAction","target":["https://www.euregio.eu/de/agenda/5-rollender-verkehrstag/"]}]},{"@type":"BreadcrumbList","@id":"https://www.euregio.eu/de/agenda/5-rollender-verkehrstag/#breadcrumb","itemListElement":[{"@type":"ListItem","position":1,"name":"Home","item":"https://www.euregio.eu/de/"},{"@type":"ListItem","position":2,"name":"Agenda","item":"https://www.euregio.eu/de/agenda/"},{"@type":"ListItem","position":3,"name":"5. &#8222;Rollender Verkehrstag&#8220;"}]},{"@type":"WebSite","@id":"https://www.euregio.eu/de/#website","url":"https://www.euregio.eu/de/","name":"EUREGIO","description":"","potentialAction":[{"@type":"SearchAction","target":{"@type":"EntryPoint","urlTemplate":"https://www.euregio.eu/de/?s={search_term_string}"},"query-input":{"@type":"PropertyValueSpecification","valueRequired":true,"valueName":"search_term_string"}}],"inLanguage":"de"}]}</script>
<!-- / Yoast SEO plugin. -->
