{"id":15029,"date":"2026-01-07T10:24:41","date_gmt":"2026-01-07T09:24:41","guid":{"rendered":"https:\/\/www.euregio.eu\/?post_type=agenda&#038;p=15029"},"modified":"2026-01-07T10:25:11","modified_gmt":"2026-01-07T09:25:11","slug":"euregio-supports-the-tech-land-xperience","status":"publish","type":"agenda","link":"https:\/\/www.euregio.eu\/de\/agenda\/euregio-supports-the-tech-land-xperience\/","title":{"rendered":"EUREGIO supports the TECH.Land Xperience"},"content":{"rendered":"<div class=\"fusion-fullwidth fullwidth-box fusion-builder-row-1 fusion-flex-container has-pattern-background has-mask-background nonhundred-percent-fullwidth non-hundred-percent-height-scrolling\" style=\"--awb-border-radius-top-left:0px;--awb-border-radius-top-right:0px;--awb-border-radius-bottom-right:0px;--awb-border-radius-bottom-left:0px;--awb-flex-wrap:wrap;\" ><div class=\"fusion-builder-row fusion-row fusion-flex-align-items-flex-start fusion-flex-content-wrap\" style=\"max-width:1248px;margin-left: calc(-4% \/ 2 );margin-right: calc(-4% \/ 2 );\"><div class=\"fusion-layout-column fusion_builder_column fusion-builder-column-0 fusion_builder_column_2_3 2_3 fusion-flex-column\" style=\"--awb-bg-size:cover;--awb-width-large:66.666666666667%;--awb-margin-top-large:0px;--awb-spacing-right-large:2.88%;--awb-margin-bottom-large:32px;--awb-spacing-left-large:2.88%;--awb-width-medium:100%;--awb-order-medium:0;--awb-spacing-right-medium:1.92%;--awb-spacing-left-medium:1.92%;--awb-width-small:100%;--awb-order-small:0;--awb-spacing-right-small:1.92%;--awb-spacing-left-small:1.92%;\"><div class=\"fusion-column-wrapper fusion-column-has-shadow fusion-flex-justify-content-flex-start fusion-content-layout-column\"><div class=\"fusion-text fusion-text-1\"><p>On <strong>12 March 2026<\/strong>, the Messe &amp; Congress Centrum Halle M\u00fcnsterland in M\u00fcnster will open its doors for the premiere of the <strong>TECH.LAND Xperience \u2013 the Dutch-German Cross-Border Innovation Festival <\/strong>and successor to the former Digital Summit Euregio.<\/p>\n<p>As EUREGIO we are backing this event as a supporting partner.<\/p>\n<p><strong>TECH.LAND <\/strong>is a program in which private and public stakeholders from M\u00fcnsterland, the Emscher-Lippe region, and the provinces of Overijssel and Gelderland work across borders on innovations and technical solutions.<\/p>\n<p>Experience a full day of inspiration, networking, and future-shaping ideas at this international showcase in the four regions of the Dutch-German TECH.LAND program. Discover keynotes, panels, workshops, and exhibitions in a vibrant festival atmosphere.<\/p>\n<p>The initiators of the event announce that TECH.LAND Xperience makes international collaboration visible and tangible, showcases regional strengths, and connects key players from business, science, and policy. Innovations are to be explored primarily on the following topics:<\/p>\n<ul>\n<li>Batteries<\/li>\n<li>Hydrogen<\/li>\n<li>Health &amp; MedTech<\/li>\n<li>Advanced Manufacturing &amp; Robotics<\/li>\n<li>Circular Economy<\/li>\n<\/ul>\n<p>Further cross-cutting themes such as Defense, Chip-Technology and Talents will be focused on.<\/p>\n<p>The organizers expect that approximately 600 to 800 participants from Germany, the Netherlands, and beyond will come together\u2014from business leaders and researchers to start-ups, young professionals, and tech enthusiasts.<\/p>\n<p><a href=\"https:\/\/xperience.techland.org\/\" target=\"_blank\" rel=\"noopener\"><strong>FURTHER INFORMATION &amp; TICKETS<\/strong><\/a><\/p>\n<p>The event is organized by a strong partner and cluster network including IHK Nord Westfalen, Wirtschaftsf\u00f6rderung M\u00fcnster, Twente Board, and Oost NL, together with\u00a0<a href=\"https:\/\/www.techland.org\/about-us\/network\/\" target=\"_blank\" rel=\"noopener\">numerous partners <\/a>from both Germany and the Netherlands, including the Wirtschaftsf\u00f6rderungen from M\u00fcnsterland, the Dutch-German EUREGIO and the M\u00fcnsterland e. V.<\/p>\n<\/div><\/div><\/div><div class=\"fusion-layout-column fusion_builder_column fusion-builder-column-1 fusion_builder_column_1_3 1_3 fusion-flex-column\" style=\"--awb-bg-size:cover;--awb-width-large:33.333333333333%;--awb-margin-top-large:0px;--awb-spacing-right-large:5.76%;--awb-margin-bottom-large:32px;--awb-spacing-left-large:5.76%;--awb-width-medium:100%;--awb-order-medium:0;--awb-spacing-right-medium:1.92%;--awb-spacing-left-medium:1.92%;--awb-width-small:100%;--awb-order-small:0;--awb-spacing-right-small:1.92%;--awb-spacing-left-small:1.92%;\"><div class=\"fusion-column-wrapper fusion-column-has-shadow fusion-flex-justify-content-flex-start fusion-content-layout-column\"><div class=\"fusion-image-element \" style=\"--awb-caption-title-font-family:var(--h2_typography-font-family);--awb-caption-title-font-weight:var(--h2_typography-font-weight);--awb-caption-title-font-style:var(--h2_typography-font-style);--awb-caption-title-size:var(--h2_typography-font-size);--awb-caption-title-transform:var(--h2_typography-text-transform);--awb-caption-title-line-height:var(--h2_typography-line-height);--awb-caption-title-letter-spacing:var(--h2_typography-letter-spacing);\"><span class=\" fusion-imageframe imageframe-none imageframe-1 hover-type-none\"><img decoding=\"async\" width=\"994\" height=\"630\" title=\"TECH.LAND Xperience \u2013 the Dutch-German Cross-Border Innovation Festival\" src=\"https:\/\/www.euregio.eu\/wp-content\/uploads\/2026\/01\/TECH.LAND-Xperience-\u2013-the-Dutch-German-Cross-Border-Innovation-Festival.png\" alt class=\"img-responsive wp-image-15028\" srcset=\"https:\/\/www.euregio.eu\/wp-content\/uploads\/2026\/01\/TECH.LAND-Xperience-\u2013-the-Dutch-German-Cross-Border-Innovation-Festival-200x127.png 200w, https:\/\/www.euregio.eu\/wp-content\/uploads\/2026\/01\/TECH.LAND-Xperience-\u2013-the-Dutch-German-Cross-Border-Innovation-Festival-400x254.png 400w, https:\/\/www.euregio.eu\/wp-content\/uploads\/2026\/01\/TECH.LAND-Xperience-\u2013-the-Dutch-German-Cross-Border-Innovation-Festival-600x380.png 600w, https:\/\/www.euregio.eu\/wp-content\/uploads\/2026\/01\/TECH.LAND-Xperience-\u2013-the-Dutch-German-Cross-Border-Innovation-Festival-800x507.png 800w, https:\/\/www.euregio.eu\/wp-content\/uploads\/2026\/01\/TECH.LAND-Xperience-\u2013-the-Dutch-German-Cross-Border-Innovation-Festival.png 994w\" sizes=\"(max-width: 1024px) 100vw, (max-width: 640px) 100vw, 400px\" \/><\/span><\/div><\/div><\/div><\/div><\/div>\n","protected":false},"template":"","agenda-category":[],"class_list":["post-15029","agenda","type-agenda","status-publish","hentry"],"yoast_head":"<!-- This site is optimized with the Yoast SEO plugin v26.4 - https:\/\/yoast.com\/wordpress\/plugins\/seo\/ -->\n<title>EUREGIO supports the TECH.Land Xperience - EUREGIO<\/title>\n<meta name=\"robots\" content=\"index, follow, max-snippet:-1, max-image-preview:large, max-video-preview:-1\" \/>\n<link rel=\"canonical\" href=\"https:\/\/www.euregio.eu\/de\/agenda\/euregio-supports-the-tech-land-xperience\/\" \/>\n<meta property=\"og:locale\" content=\"de_DE\" \/>\n<meta property=\"og:type\" content=\"article\" \/>\n<meta property=\"og:title\" content=\"EUREGIO supports the TECH.Land Xperience - EUREGIO\" \/>\n<meta property=\"og:url\" content=\"https:\/\/www.euregio.eu\/de\/agenda\/euregio-supports-the-tech-land-xperience\/\" \/>\n<meta property=\"og:site_name\" content=\"EUREGIO\" \/>\n<meta property=\"article:modified_time\" content=\"2026-01-07T09:25:11+00:00\" \/>\n<meta name=\"twitter:card\" content=\"summary_large_image\" \/>\n<meta name=\"twitter:label1\" content=\"Gesch\u00e4tzte Lesezeit\" \/>\n\t<meta name=\"twitter:data1\" content=\"2\u00a0Minuten\" \/>\n<script type=\"application\/ld+json\" class=\"yoast-schema-graph\">{\"@context\":\"https:\/\/schema.org\",\"@graph\":[{\"@type\":\"WebPage\",\"@id\":\"https:\/\/www.euregio.eu\/de\/agenda\/euregio-supports-the-tech-land-xperience\/\",\"url\":\"https:\/\/www.euregio.eu\/de\/agenda\/euregio-supports-the-tech-land-xperience\/\",\"name\":\"EUREGIO supports the TECH.Land Xperience - EUREGIO\",\"isPartOf\":{\"@id\":\"https:\/\/www.euregio.eu\/de\/#website\"},\"datePublished\":\"2026-01-07T09:24:41+00:00\",\"dateModified\":\"2026-01-07T09:25:11+00:00\",\"breadcrumb\":{\"@id\":\"https:\/\/www.euregio.eu\/de\/agenda\/euregio-supports-the-tech-land-xperience\/#breadcrumb\"},\"inLanguage\":\"de\",\"potentialAction\":[{\"@type\":\"ReadAction\",\"target\":[\"https:\/\/www.euregio.eu\/de\/agenda\/euregio-supports-the-tech-land-xperience\/\"]}]},{\"@type\":\"BreadcrumbList\",\"@id\":\"https:\/\/www.euregio.eu\/de\/agenda\/euregio-supports-the-tech-land-xperience\/#breadcrumb\",\"itemListElement\":[{\"@type\":\"ListItem\",\"position\":1,\"name\":\"Home\",\"item\":\"https:\/\/www.euregio.eu\/de\/\"},{\"@type\":\"ListItem\",\"position\":2,\"name\":\"Agenda\",\"item\":\"https:\/\/www.euregio.eu\/de\/agenda\/\"},{\"@type\":\"ListItem\",\"position\":3,\"name\":\"EUREGIO supports the TECH.Land Xperience\"}]},{\"@type\":\"WebSite\",\"@id\":\"https:\/\/www.euregio.eu\/de\/#website\",\"url\":\"https:\/\/www.euregio.eu\/de\/\",\"name\":\"EUREGIO\",\"description\":\"\",\"potentialAction\":[{\"@type\":\"SearchAction\",\"target\":{\"@type\":\"EntryPoint\",\"urlTemplate\":\"https:\/\/www.euregio.eu\/de\/?s={search_term_string}\"},\"query-input\":{\"@type\":\"PropertyValueSpecification\",\"valueRequired\":true,\"valueName\":\"search_term_string\"}}],\"inLanguage\":\"de\"}]}<\/script>\n<!-- \/ Yoast SEO plugin. -->","yoast_head_json":{"title":"EUREGIO supports the TECH.Land Xperience - EUREGIO","robots":{"index":"index","follow":"follow","max-snippet":"max-snippet:-1","max-image-preview":"max-image-preview:large","max-video-preview":"max-video-preview:-1"},"canonical":"https:\/\/www.euregio.eu\/de\/agenda\/euregio-supports-the-tech-land-xperience\/","og_locale":"de_DE","og_type":"article","og_title":"EUREGIO supports the TECH.Land Xperience - EUREGIO","og_url":"https:\/\/www.euregio.eu\/de\/agenda\/euregio-supports-the-tech-land-xperience\/","og_site_name":"EUREGIO","article_modified_time":"2026-01-07T09:25:11+00:00","twitter_card":"summary_large_image","twitter_misc":{"Gesch\u00e4tzte Lesezeit":"2\u00a0Minuten"},"schema":{"@context":"https:\/\/schema.org","@graph":[{"@type":"WebPage","@id":"https:\/\/www.euregio.eu\/de\/agenda\/euregio-supports-the-tech-land-xperience\/","url":"https:\/\/www.euregio.eu\/de\/agenda\/euregio-supports-the-tech-land-xperience\/","name":"EUREGIO supports the TECH.Land Xperience - EUREGIO","isPartOf":{"@id":"https:\/\/www.euregio.eu\/de\/#website"},"datePublished":"2026-01-07T09:24:41+00:00","dateModified":"2026-01-07T09:25:11+00:00","breadcrumb":{"@id":"https:\/\/www.euregio.eu\/de\/agenda\/euregio-supports-the-tech-land-xperience\/#breadcrumb"},"inLanguage":"de","potentialAction":[{"@type":"ReadAction","target":["https:\/\/www.euregio.eu\/de\/agenda\/euregio-supports-the-tech-land-xperience\/"]}]},{"@type":"BreadcrumbList","@id":"https:\/\/www.euregio.eu\/de\/agenda\/euregio-supports-the-tech-land-xperience\/#breadcrumb","itemListElement":[{"@type":"ListItem","position":1,"name":"Home","item":"https:\/\/www.euregio.eu\/de\/"},{"@type":"ListItem","position":2,"name":"Agenda","item":"https:\/\/www.euregio.eu\/de\/agenda\/"},{"@type":"ListItem","position":3,"name":"EUREGIO supports the TECH.Land Xperience"}]},{"@type":"WebSite","@id":"https:\/\/www.euregio.eu\/de\/#website","url":"https:\/\/www.euregio.eu\/de\/","name":"EUREGIO","description":"","potentialAction":[{"@type":"SearchAction","target":{"@type":"EntryPoint","urlTemplate":"https:\/\/www.euregio.eu\/de\/?s={search_term_string}"},"query-input":{"@type":"PropertyValueSpecification","valueRequired":true,"valueName":"search_term_string"}}],"inLanguage":"de"}]}},"_links":{"self":[{"href":"https:\/\/www.euregio.eu\/de\/wp-json\/wp\/v2\/agenda\/15029","targetHints":{"allow":["GET"]}}],"collection":[{"href":"https:\/\/www.euregio.eu\/de\/wp-json\/wp\/v2\/agenda"}],"about":[{"href":"https:\/\/www.euregio.eu\/de\/wp-json\/wp\/v2\/types\/agenda"}],"wp:attachment":[{"href":"https:\/\/www.euregio.eu\/de\/wp-json\/wp\/v2\/media?parent=15029"}],"wp:term":[{"taxonomy":"agenda-category","embeddable":true,"href":"https:\/\/www.euregio.eu\/de\/wp-json\/wp\/v2\/agenda-category?post=15029"}],"curies":[{"name":"wp","href":"https:\/\/api.w.org\/{rel}","templated":true}]}}

<div class="fusion-fullwidth fullwidth-box fusion-builder-row-1 fusion-flex-container has-pattern-background has-mask-background nonhundred-percent-fullwidth non-hundred-percent-height-scrolling" style="--awb-border-radius-top-left:0px;--awb-border-radius-top-right:0px;--awb-border-radius-bottom-right:0px;--awb-border-radius-bottom-left:0px;--awb-flex-wrap:wrap;" ><div class="fusion-builder-row fusion-row fusion-flex-align-items-flex-start fusion-flex-content-wrap" style="max-width:1248px;margin-left: calc(-4% / 2 );margin-right: calc(-4% / 2 );"><div class="fusion-layout-column fusion_builder_column fusion-builder-column-0 fusion_builder_column_2_3 2_3 fusion-flex-column" style="--awb-bg-size:cover;--awb-width-large:66.666666666667%;--awb-margin-top-large:0px;--awb-spacing-right-large:2.88%;--awb-margin-bottom-large:32px;--awb-spacing-left-large:2.88%;--awb-width-medium:100%;--awb-order-medium:0;--awb-spacing-right-medium:1.92%;--awb-spacing-left-medium:1.92%;--awb-width-small:100%;--awb-order-small:0;--awb-spacing-right-small:1.92%;--awb-spacing-left-small:1.92%;"><div class="fusion-column-wrapper fusion-column-has-shadow fusion-flex-justify-content-flex-start fusion-content-layout-column"><div class="fusion-text fusion-text-1"><p>On <strong>12 March 2026</strong>, the Messe &amp; Congress Centrum Halle Münsterland in Münster will open its doors for the premiere of the <strong>TECH.LAND Xperience – the Dutch-German Cross-Border Innovation Festival </strong>and successor to the former Digital Summit Euregio.</p>
<p>As EUREGIO we are backing this event as a supporting partner.</p>
<p><strong>TECH.LAND </strong>is a program in which private and public stakeholders from Münsterland, the Emscher-Lippe region, and the provinces of Overijssel and Gelderland work across borders on innovations and technical solutions.</p>
<p>Experience a full day of inspiration, networking, and future-shaping ideas at this international showcase in the four regions of the Dutch-German TECH.LAND program. Discover keynotes, panels, workshops, and exhibitions in a vibrant festival atmosphere.</p>
<p>The initiators of the event announce that TECH.LAND Xperience makes international collaboration visible and tangible, showcases regional strengths, and connects key players from business, science, and policy. Innovations are to be explored primarily on the following topics:</p>
<ul>
<li>Batteries</li>
<li>Hydrogen</li>
<li>Health &amp; MedTech</li>
<li>Advanced Manufacturing &amp; Robotics</li>
<li>Circular Economy</li>
</ul>
<p>Further cross-cutting themes such as Defense, Chip-Technology and Talents will be focused on.</p>
<p>The organizers expect that approximately 600 to 800 participants from Germany, the Netherlands, and beyond will come together—from business leaders and researchers to start-ups, young professionals, and tech enthusiasts.</p>
<p><a href="https://xperience.techland.org/" target="_blank" rel="noopener"><strong>FURTHER INFORMATION &amp; TICKETS</strong></a></p>
<p>The event is organized by a strong partner and cluster network including IHK Nord Westfalen, Wirtschaftsförderung Münster, Twente Board, and Oost NL, together with <a href="https://www.techland.org/about-us/network/" target="_blank" rel="noopener">numerous partners </a>from both Germany and the Netherlands, including the Wirtschaftsförderungen from Münsterland, the Dutch-German EUREGIO and the Münsterland e. V.</p>
</div></div></div><div class="fusion-layout-column fusion_builder_column fusion-builder-column-1 fusion_builder_column_1_3 1_3 fusion-flex-column" style="--awb-bg-size:cover;--awb-width-large:33.333333333333%;--awb-margin-top-large:0px;--awb-spacing-right-large:5.76%;--awb-margin-bottom-large:32px;--awb-spacing-left-large:5.76%;--awb-width-medium:100%;--awb-order-medium:0;--awb-spacing-right-medium:1.92%;--awb-spacing-left-medium:1.92%;--awb-width-small:100%;--awb-order-small:0;--awb-spacing-right-small:1.92%;--awb-spacing-left-small:1.92%;"><div class="fusion-column-wrapper fusion-column-has-shadow fusion-flex-justify-content-flex-start fusion-content-layout-column"><div class="fusion-image-element " style="--awb-caption-title-font-family:var(--h2_typography-font-family);--awb-caption-title-font-weight:var(--h2_typography-font-weight);--awb-caption-title-font-style:var(--h2_typography-font-style);--awb-caption-title-size:var(--h2_typography-font-size);--awb-caption-title-transform:var(--h2_typography-text-transform);--awb-caption-title-line-height:var(--h2_typography-line-height);--awb-caption-title-letter-spacing:var(--h2_typography-letter-spacing);"><span class=" fusion-imageframe imageframe-none imageframe-1 hover-type-none"><img decoding="async" width="994" height="630" title="TECH.LAND Xperience – the Dutch-German Cross-Border Innovation Festival" src="https://www.euregio.eu/wp-content/uploads/2026/01/TECH.LAND-Xperience-–-the-Dutch-German-Cross-Border-Innovation-Festival.png" alt class="img-responsive wp-image-15028" srcset="https://www.euregio.eu/wp-content/uploads/2026/01/TECH.LAND-Xperience-–-the-Dutch-German-Cross-Border-Innovation-Festival-200x127.png 200w, https://www.euregio.eu/wp-content/uploads/2026/01/TECH.LAND-Xperience-–-the-Dutch-German-Cross-Border-Innovation-Festival-400x254.png 400w, https://www.euregio.eu/wp-content/uploads/2026/01/TECH.LAND-Xperience-–-the-Dutch-German-Cross-Border-Innovation-Festival-600x380.png 600w, https://www.euregio.eu/wp-content/uploads/2026/01/TECH.LAND-Xperience-–-the-Dutch-German-Cross-Border-Innovation-Festival-800x507.png 800w, https://www.euregio.eu/wp-content/uploads/2026/01/TECH.LAND-Xperience-–-the-Dutch-German-Cross-Border-Innovation-Festival.png 994w" sizes="(max-width: 1024px) 100vw, (max-width: 640px) 100vw, 400px" /></span></div></div></div></div></div>

<!-- This site is optimized with the Yoast SEO plugin v26.4 - https://yoast.com/wordpress/plugins/seo/ -->
<title>EUREGIO supports the TECH.Land Xperience - EUREGIO</title>
<meta name="robots" content="index, follow, max-snippet:-1, max-image-preview:large, max-video-preview:-1" />
<link rel="canonical" href="https://www.euregio.eu/de/agenda/euregio-supports-the-tech-land-xperience/" />
<meta property="og:locale" content="de_DE" />
<meta property="og:type" content="article" />
<meta property="og:title" content="EUREGIO supports the TECH.Land Xperience - EUREGIO" />
<meta property="og:url" content="https://www.euregio.eu/de/agenda/euregio-supports-the-tech-land-xperience/" />
<meta property="og:site_name" content="EUREGIO" />
<meta property="article:modified_time" content="2026-01-07T09:25:11+00:00" />
<meta name="twitter:card" content="summary_large_image" />
<meta name="twitter:label1" content="Geschätzte Lesezeit" />
	<meta name="twitter:data1" content="2 Minuten" />
<script type="application/ld+json" class="yoast-schema-graph">{"@context":"https://schema.org","@graph":[{"@type":"WebPage","@id":"https://www.euregio.eu/de/agenda/euregio-supports-the-tech-land-xperience/","url":"https://www.euregio.eu/de/agenda/euregio-supports-the-tech-land-xperience/","name":"EUREGIO supports the TECH.Land Xperience - EUREGIO","isPartOf":{"@id":"https://www.euregio.eu/de/#website"},"datePublished":"2026-01-07T09:24:41+00:00","dateModified":"2026-01-07T09:25:11+00:00","breadcrumb":{"@id":"https://www.euregio.eu/de/agenda/euregio-supports-the-tech-land-xperience/#breadcrumb"},"inLanguage":"de","potentialAction":[{"@type":"ReadAction","target":["https://www.euregio.eu/de/agenda/euregio-supports-the-tech-land-xperience/"]}]},{"@type":"BreadcrumbList","@id":"https://www.euregio.eu/de/agenda/euregio-supports-the-tech-land-xperience/#breadcrumb","itemListElement":[{"@type":"ListItem","position":1,"name":"Home","item":"https://www.euregio.eu/de/"},{"@type":"ListItem","position":2,"name":"Agenda","item":"https://www.euregio.eu/de/agenda/"},{"@type":"ListItem","position":3,"name":"EUREGIO supports the TECH.Land Xperience"}]},{"@type":"WebSite","@id":"https://www.euregio.eu/de/#website","url":"https://www.euregio.eu/de/","name":"EUREGIO","description":"","potentialAction":[{"@type":"SearchAction","target":{"@type":"EntryPoint","urlTemplate":"https://www.euregio.eu/de/?s={search_term_string}"},"query-input":{"@type":"PropertyValueSpecification","valueRequired":true,"valueName":"search_term_string"}}],"inLanguage":"de"}]}</script>
<!-- / Yoast SEO plugin. -->
