{"id":14724,"date":"2025-12-01T11:23:21","date_gmt":"2025-12-01T10:23:21","guid":{"rendered":"https:\/\/www.euregio.eu\/?post_type=agenda&#038;p=14724"},"modified":"2025-12-01T11:23:21","modified_gmt":"2025-12-01T10:23:21","slug":"wissenscafe-rueckblick-europa-im-jahr-2025","status":"publish","type":"agenda","link":"https:\/\/www.euregio.eu\/de\/agenda\/wissenscafe-rueckblick-europa-im-jahr-2025\/","title":{"rendered":"Wissenscaf\u00e9: R\u00fcckblick \u2013 Europa im Jahr 2025"},"content":{"rendered":"<div class=\"fusion-fullwidth fullwidth-box fusion-builder-row-1 fusion-flex-container has-pattern-background has-mask-background nonhundred-percent-fullwidth non-hundred-percent-height-scrolling\" style=\"--awb-border-radius-top-left:0px;--awb-border-radius-top-right:0px;--awb-border-radius-bottom-right:0px;--awb-border-radius-bottom-left:0px;--awb-flex-wrap:wrap;\" ><div class=\"fusion-builder-row fusion-row fusion-flex-align-items-flex-start fusion-flex-content-wrap\" style=\"max-width:1248px;margin-left: calc(-4% \/ 2 );margin-right: calc(-4% \/ 2 );\"><div class=\"fusion-layout-column fusion_builder_column fusion-builder-column-0 fusion_builder_column_1_1 1_1 fusion-flex-column\" style=\"--awb-bg-size:cover;--awb-width-large:100%;--awb-margin-top-large:0px;--awb-spacing-right-large:1.92%;--awb-margin-bottom-large:32px;--awb-spacing-left-large:1.92%;--awb-width-medium:100%;--awb-order-medium:0;--awb-spacing-right-medium:1.92%;--awb-spacing-left-medium:1.92%;--awb-width-small:100%;--awb-order-small:0;--awb-spacing-right-small:1.92%;--awb-spacing-left-small:1.92%;\"><div class=\"fusion-column-wrapper fusion-column-has-shadow fusion-flex-justify-content-flex-start fusion-content-layout-column\"><div class=\"fusion-text fusion-text-1\"><p data-start=\"157\" data-end=\"344\"><strong data-start=\"157\" data-end=\"342\">Am Freitag, den 12. Dezember 2025, veranstaltet die Koppelkerk in Zusammenarbeit mit den Gemeinden Aalten und Bocholt das Wissenscaf\u00e9: Deutsch-Niederl\u00e4ndischer Jahresr\u00fcckblick 2025.<\/strong><\/p>\n<p data-start=\"346\" data-end=\"656\">Mehrere Europa-Expertinnen und -Experten blicken auf das vergangene politische Jahr zur\u00fcck und diskutieren die Herausforderungen, vor denen Europa im Jahr 2026 steht. Im Mittelpunkt steht die Frage, ob die aktuelle Weltlage die europ\u00e4ischen L\u00e4nder auseinanderdriften l\u00e4sst \u2013 oder ob sie enger zusammenr\u00fccken.<\/p>\n<p data-start=\"658\" data-end=\"916\">Das Jahr, das fast hinter uns liegt, war ereignisreich. In den Niederlanden fanden im Herbst Parlamentswahlen statt \u2013 ein Moment, in dem ganz Europa den Atem anhielt: Wird die Niederlande ein offenes Land bleiben, das laut und deutlich \u201eJA\u201c zu Europa sagt?<\/p>\n<p data-start=\"658\" data-end=\"916\"><strong>Wann?<\/strong><\/p>\n<p data-start=\"658\" data-end=\"916\"><strong data-start=\"940\" data-end=\"950\">Datum:<\/strong> 12. Dezember 2025<br data-start=\"968\" data-end=\"971\" \/><strong data-start=\"971\" data-end=\"983\">Uhrzeit:<\/strong> 20:00 \u2013 22:00 Uhr<br data-start=\"1001\" data-end=\"1004\" \/><strong data-start=\"1004\" data-end=\"1016\">Einlass:<\/strong> ab 19:30 Uhr<\/p>\n<p data-start=\"1038\" data-end=\"1052\"><strong data-start=\"1045\" data-end=\"1052\">Wo?<\/strong><\/p>\n<p data-start=\"1053\" data-end=\"1134\"><strong data-start=\"1053\" data-end=\"1080\">Koppelkerk \u2013 Boekencaf\u00e9<\/strong><br data-start=\"1080\" data-end=\"1083\" \/>Koppelstraat 35<br data-start=\"1098\" data-end=\"1101\" \/>7126 AG Bredevoort, Niederlande<\/p>\n<p data-start=\"1053\" data-end=\"1134\">Weitere Informationen: <strong><a href=\"https:\/\/koppelkerk.nl\/agenda\/2025\/12\/12\/terugblik-europa-in-2025\/\" target=\"_blank\" rel=\"noopener\">www.koppelkerk.nl<\/a><\/strong><\/p>\n<\/div><\/div><\/div><\/div><\/div>\n","protected":false},"template":"","agenda-category":[],"class_list":["post-14724","agenda","type-agenda","status-publish","hentry"],"yoast_head":"<!-- This site is optimized with the Yoast SEO plugin v26.4 - https:\/\/yoast.com\/wordpress\/plugins\/seo\/ -->\n<title>Wissenscaf\u00e9: R\u00fcckblick \u2013 Europa im Jahr 2025 - EUREGIO<\/title>\n<meta name=\"description\" content=\"Am 12. Dezember 2025 in der Koppelkerk Bredevoort: Europa-Expert:innen diskutieren beim Wissenscaf\u00e9 \u00fcber Politik, Zusammenarbeit und die Zukunft Europas.\" \/>\n<meta name=\"robots\" content=\"index, follow, max-snippet:-1, max-image-preview:large, max-video-preview:-1\" \/>\n<link rel=\"canonical\" href=\"https:\/\/www.euregio.eu\/de\/agenda\/wissenscafe-rueckblick-europa-im-jahr-2025\/\" \/>\n<meta property=\"og:locale\" content=\"de_DE\" \/>\n<meta property=\"og:type\" content=\"article\" \/>\n<meta property=\"og:title\" content=\"Wissenscaf\u00e9: R\u00fcckblick \u2013 Europa im Jahr 2025 - EUREGIO\" \/>\n<meta property=\"og:description\" content=\"Am 12. Dezember 2025 in der Koppelkerk Bredevoort: Europa-Expert:innen diskutieren beim Wissenscaf\u00e9 \u00fcber Politik, Zusammenarbeit und die Zukunft Europas.\" \/>\n<meta property=\"og:url\" content=\"https:\/\/www.euregio.eu\/de\/agenda\/wissenscafe-rueckblick-europa-im-jahr-2025\/\" \/>\n<meta property=\"og:site_name\" content=\"EUREGIO\" \/>\n<meta name=\"twitter:card\" content=\"summary_large_image\" \/>\n<meta name=\"twitter:label1\" content=\"Gesch\u00e4tzte Lesezeit\" \/>\n\t<meta name=\"twitter:data1\" content=\"1\u00a0Minute\" \/>\n<script type=\"application\/ld+json\" class=\"yoast-schema-graph\">{\"@context\":\"https:\/\/schema.org\",\"@graph\":[{\"@type\":\"WebPage\",\"@id\":\"https:\/\/www.euregio.eu\/de\/agenda\/wissenscafe-rueckblick-europa-im-jahr-2025\/\",\"url\":\"https:\/\/www.euregio.eu\/de\/agenda\/wissenscafe-rueckblick-europa-im-jahr-2025\/\",\"name\":\"Wissenscaf\u00e9: R\u00fcckblick \u2013 Europa im Jahr 2025 - EUREGIO\",\"isPartOf\":{\"@id\":\"https:\/\/www.euregio.eu\/de\/#website\"},\"datePublished\":\"2025-12-01T10:23:21+00:00\",\"description\":\"Am 12. Dezember 2025 in der Koppelkerk Bredevoort: Europa-Expert:innen diskutieren beim Wissenscaf\u00e9 \u00fcber Politik, Zusammenarbeit und die Zukunft Europas.\",\"breadcrumb\":{\"@id\":\"https:\/\/www.euregio.eu\/de\/agenda\/wissenscafe-rueckblick-europa-im-jahr-2025\/#breadcrumb\"},\"inLanguage\":\"de\",\"potentialAction\":[{\"@type\":\"ReadAction\",\"target\":[\"https:\/\/www.euregio.eu\/de\/agenda\/wissenscafe-rueckblick-europa-im-jahr-2025\/\"]}]},{\"@type\":\"BreadcrumbList\",\"@id\":\"https:\/\/www.euregio.eu\/de\/agenda\/wissenscafe-rueckblick-europa-im-jahr-2025\/#breadcrumb\",\"itemListElement\":[{\"@type\":\"ListItem\",\"position\":1,\"name\":\"Home\",\"item\":\"https:\/\/www.euregio.eu\/de\/\"},{\"@type\":\"ListItem\",\"position\":2,\"name\":\"Agenda\",\"item\":\"https:\/\/www.euregio.eu\/de\/agenda\/\"},{\"@type\":\"ListItem\",\"position\":3,\"name\":\"Wissenscaf\u00e9: R\u00fcckblick \u2013 Europa im Jahr 2025\"}]},{\"@type\":\"WebSite\",\"@id\":\"https:\/\/www.euregio.eu\/de\/#website\",\"url\":\"https:\/\/www.euregio.eu\/de\/\",\"name\":\"EUREGIO\",\"description\":\"\",\"potentialAction\":[{\"@type\":\"SearchAction\",\"target\":{\"@type\":\"EntryPoint\",\"urlTemplate\":\"https:\/\/www.euregio.eu\/de\/?s={search_term_string}\"},\"query-input\":{\"@type\":\"PropertyValueSpecification\",\"valueRequired\":true,\"valueName\":\"search_term_string\"}}],\"inLanguage\":\"de\"}]}<\/script>\n<!-- \/ Yoast SEO plugin. -->","yoast_head_json":{"title":"Wissenscaf\u00e9: R\u00fcckblick \u2013 Europa im Jahr 2025 - EUREGIO","description":"Am 12. Dezember 2025 in der Koppelkerk Bredevoort: Europa-Expert:innen diskutieren beim Wissenscaf\u00e9 \u00fcber Politik, Zusammenarbeit und die Zukunft Europas.","robots":{"index":"index","follow":"follow","max-snippet":"max-snippet:-1","max-image-preview":"max-image-preview:large","max-video-preview":"max-video-preview:-1"},"canonical":"https:\/\/www.euregio.eu\/de\/agenda\/wissenscafe-rueckblick-europa-im-jahr-2025\/","og_locale":"de_DE","og_type":"article","og_title":"Wissenscaf\u00e9: R\u00fcckblick \u2013 Europa im Jahr 2025 - EUREGIO","og_description":"Am 12. Dezember 2025 in der Koppelkerk Bredevoort: Europa-Expert:innen diskutieren beim Wissenscaf\u00e9 \u00fcber Politik, Zusammenarbeit und die Zukunft Europas.","og_url":"https:\/\/www.euregio.eu\/de\/agenda\/wissenscafe-rueckblick-europa-im-jahr-2025\/","og_site_name":"EUREGIO","twitter_card":"summary_large_image","twitter_misc":{"Gesch\u00e4tzte Lesezeit":"1\u00a0Minute"},"schema":{"@context":"https:\/\/schema.org","@graph":[{"@type":"WebPage","@id":"https:\/\/www.euregio.eu\/de\/agenda\/wissenscafe-rueckblick-europa-im-jahr-2025\/","url":"https:\/\/www.euregio.eu\/de\/agenda\/wissenscafe-rueckblick-europa-im-jahr-2025\/","name":"Wissenscaf\u00e9: R\u00fcckblick \u2013 Europa im Jahr 2025 - EUREGIO","isPartOf":{"@id":"https:\/\/www.euregio.eu\/de\/#website"},"datePublished":"2025-12-01T10:23:21+00:00","description":"Am 12. Dezember 2025 in der Koppelkerk Bredevoort: Europa-Expert:innen diskutieren beim Wissenscaf\u00e9 \u00fcber Politik, Zusammenarbeit und die Zukunft Europas.","breadcrumb":{"@id":"https:\/\/www.euregio.eu\/de\/agenda\/wissenscafe-rueckblick-europa-im-jahr-2025\/#breadcrumb"},"inLanguage":"de","potentialAction":[{"@type":"ReadAction","target":["https:\/\/www.euregio.eu\/de\/agenda\/wissenscafe-rueckblick-europa-im-jahr-2025\/"]}]},{"@type":"BreadcrumbList","@id":"https:\/\/www.euregio.eu\/de\/agenda\/wissenscafe-rueckblick-europa-im-jahr-2025\/#breadcrumb","itemListElement":[{"@type":"ListItem","position":1,"name":"Home","item":"https:\/\/www.euregio.eu\/de\/"},{"@type":"ListItem","position":2,"name":"Agenda","item":"https:\/\/www.euregio.eu\/de\/agenda\/"},{"@type":"ListItem","position":3,"name":"Wissenscaf\u00e9: R\u00fcckblick \u2013 Europa im Jahr 2025"}]},{"@type":"WebSite","@id":"https:\/\/www.euregio.eu\/de\/#website","url":"https:\/\/www.euregio.eu\/de\/","name":"EUREGIO","description":"","potentialAction":[{"@type":"SearchAction","target":{"@type":"EntryPoint","urlTemplate":"https:\/\/www.euregio.eu\/de\/?s={search_term_string}"},"query-input":{"@type":"PropertyValueSpecification","valueRequired":true,"valueName":"search_term_string"}}],"inLanguage":"de"}]}},"_links":{"self":[{"href":"https:\/\/www.euregio.eu\/de\/wp-json\/wp\/v2\/agenda\/14724","targetHints":{"allow":["GET"]}}],"collection":[{"href":"https:\/\/www.euregio.eu\/de\/wp-json\/wp\/v2\/agenda"}],"about":[{"href":"https:\/\/www.euregio.eu\/de\/wp-json\/wp\/v2\/types\/agenda"}],"wp:attachment":[{"href":"https:\/\/www.euregio.eu\/de\/wp-json\/wp\/v2\/media?parent=14724"}],"wp:term":[{"taxonomy":"agenda-category","embeddable":true,"href":"https:\/\/www.euregio.eu\/de\/wp-json\/wp\/v2\/agenda-category?post=14724"}],"curies":[{"name":"wp","href":"https:\/\/api.w.org\/{rel}","templated":true}]}}

Wissenscafé: Rückblick – Europa im Jahr 2025

<div class="fusion-fullwidth fullwidth-box fusion-builder-row-1 fusion-flex-container has-pattern-background has-mask-background nonhundred-percent-fullwidth non-hundred-percent-height-scrolling" style="--awb-border-radius-top-left:0px;--awb-border-radius-top-right:0px;--awb-border-radius-bottom-right:0px;--awb-border-radius-bottom-left:0px;--awb-flex-wrap:wrap;" ><div class="fusion-builder-row fusion-row fusion-flex-align-items-flex-start fusion-flex-content-wrap" style="max-width:1248px;margin-left: calc(-4% / 2 );margin-right: calc(-4% / 2 );"><div class="fusion-layout-column fusion_builder_column fusion-builder-column-0 fusion_builder_column_1_1 1_1 fusion-flex-column" style="--awb-bg-size:cover;--awb-width-large:100%;--awb-margin-top-large:0px;--awb-spacing-right-large:1.92%;--awb-margin-bottom-large:32px;--awb-spacing-left-large:1.92%;--awb-width-medium:100%;--awb-order-medium:0;--awb-spacing-right-medium:1.92%;--awb-spacing-left-medium:1.92%;--awb-width-small:100%;--awb-order-small:0;--awb-spacing-right-small:1.92%;--awb-spacing-left-small:1.92%;"><div class="fusion-column-wrapper fusion-column-has-shadow fusion-flex-justify-content-flex-start fusion-content-layout-column"><div class="fusion-text fusion-text-1"><p data-start="157" data-end="344"><strong data-start="157" data-end="342">Am Freitag, den 12. Dezember 2025, veranstaltet die Koppelkerk in Zusammenarbeit mit den Gemeinden Aalten und Bocholt das Wissenscafé: Deutsch-Niederländischer Jahresrückblick 2025.</strong></p>
<p data-start="346" data-end="656">Mehrere Europa-Expertinnen und -Experten blicken auf das vergangene politische Jahr zurück und diskutieren die Herausforderungen, vor denen Europa im Jahr 2026 steht. Im Mittelpunkt steht die Frage, ob die aktuelle Weltlage die europäischen Länder auseinanderdriften lässt – oder ob sie enger zusammenrücken.</p>
<p data-start="658" data-end="916">Das Jahr, das fast hinter uns liegt, war ereignisreich. In den Niederlanden fanden im Herbst Parlamentswahlen statt – ein Moment, in dem ganz Europa den Atem anhielt: Wird die Niederlande ein offenes Land bleiben, das laut und deutlich „JA“ zu Europa sagt?</p>
<p data-start="658" data-end="916"><strong>Wann?</strong></p>
<p data-start="658" data-end="916"><strong data-start="940" data-end="950">Datum:</strong> 12. Dezember 2025<br data-start="968" data-end="971" /><strong data-start="971" data-end="983">Uhrzeit:</strong> 20:00 – 22:00 Uhr<br data-start="1001" data-end="1004" /><strong data-start="1004" data-end="1016">Einlass:</strong> ab 19:30 Uhr</p>
<p data-start="1038" data-end="1052"><strong data-start="1045" data-end="1052">Wo?</strong></p>
<p data-start="1053" data-end="1134"><strong data-start="1053" data-end="1080">Koppelkerk – Boekencafé</strong><br data-start="1080" data-end="1083" />Koppelstraat 35<br data-start="1098" data-end="1101" />7126 AG Bredevoort, Niederlande</p>
<p data-start="1053" data-end="1134">Weitere Informationen: <strong><a href="https://koppelkerk.nl/agenda/2025/12/12/terugblik-europa-in-2025/" target="_blank" rel="noopener">www.koppelkerk.nl</a></strong></p>
</div></div></div></div></div>

<!-- This site is optimized with the Yoast SEO plugin v26.4 - https://yoast.com/wordpress/plugins/seo/ -->
<title>Wissenscafé: Rückblick – Europa im Jahr 2025 - EUREGIO</title>
<meta name="description" content="Am 12. Dezember 2025 in der Koppelkerk Bredevoort: Europa-Expert:innen diskutieren beim Wissenscafé über Politik, Zusammenarbeit und die Zukunft Europas." />
<meta name="robots" content="index, follow, max-snippet:-1, max-image-preview:large, max-video-preview:-1" />
<link rel="canonical" href="https://www.euregio.eu/de/agenda/wissenscafe-rueckblick-europa-im-jahr-2025/" />
<meta property="og:locale" content="de_DE" />
<meta property="og:type" content="article" />
<meta property="og:title" content="Wissenscafé: Rückblick – Europa im Jahr 2025 - EUREGIO" />
<meta property="og:description" content="Am 12. Dezember 2025 in der Koppelkerk Bredevoort: Europa-Expert:innen diskutieren beim Wissenscafé über Politik, Zusammenarbeit und die Zukunft Europas." />
<meta property="og:url" content="https://www.euregio.eu/de/agenda/wissenscafe-rueckblick-europa-im-jahr-2025/" />
<meta property="og:site_name" content="EUREGIO" />
<meta name="twitter:card" content="summary_large_image" />
<meta name="twitter:label1" content="Geschätzte Lesezeit" />
	<meta name="twitter:data1" content="1 Minute" />
<script type="application/ld+json" class="yoast-schema-graph">{"@context":"https://schema.org","@graph":[{"@type":"WebPage","@id":"https://www.euregio.eu/de/agenda/wissenscafe-rueckblick-europa-im-jahr-2025/","url":"https://www.euregio.eu/de/agenda/wissenscafe-rueckblick-europa-im-jahr-2025/","name":"Wissenscafé: Rückblick – Europa im Jahr 2025 - EUREGIO","isPartOf":{"@id":"https://www.euregio.eu/de/#website"},"datePublished":"2025-12-01T10:23:21+00:00","description":"Am 12. Dezember 2025 in der Koppelkerk Bredevoort: Europa-Expert:innen diskutieren beim Wissenscafé über Politik, Zusammenarbeit und die Zukunft Europas.","breadcrumb":{"@id":"https://www.euregio.eu/de/agenda/wissenscafe-rueckblick-europa-im-jahr-2025/#breadcrumb"},"inLanguage":"de","potentialAction":[{"@type":"ReadAction","target":["https://www.euregio.eu/de/agenda/wissenscafe-rueckblick-europa-im-jahr-2025/"]}]},{"@type":"BreadcrumbList","@id":"https://www.euregio.eu/de/agenda/wissenscafe-rueckblick-europa-im-jahr-2025/#breadcrumb","itemListElement":[{"@type":"ListItem","position":1,"name":"Home","item":"https://www.euregio.eu/de/"},{"@type":"ListItem","position":2,"name":"Agenda","item":"https://www.euregio.eu/de/agenda/"},{"@type":"ListItem","position":3,"name":"Wissenscafé: Rückblick – Europa im Jahr 2025"}]},{"@type":"WebSite","@id":"https://www.euregio.eu/de/#website","url":"https://www.euregio.eu/de/","name":"EUREGIO","description":"","potentialAction":[{"@type":"SearchAction","target":{"@type":"EntryPoint","urlTemplate":"https://www.euregio.eu/de/?s={search_term_string}"},"query-input":{"@type":"PropertyValueSpecification","valueRequired":true,"valueName":"search_term_string"}}],"inLanguage":"de"}]}</script>
<!-- / Yoast SEO plugin. -->

Wissenscafé: Rückblick – Europa im Jahr 2025 - EUREGIO

Am 12. Dezember 2025 in der Koppelkerk Bredevoort: Europa-Expert:innen diskutieren beim Wissenscafé über Politik, Zusammenarbeit und die Zukunft Europas.
