{"id":14699,"date":"2025-11-06T12:10:18","date_gmt":"2025-11-06T11:10:18","guid":{"rendered":"https:\/\/www.euregio.eu\/?post_type=agenda&#038;p=14699"},"modified":"2025-11-06T12:10:18","modified_gmt":"2025-11-06T11:10:18","slug":"youth-congress-2025","status":"publish","type":"agenda","link":"https:\/\/www.euregio.eu\/de\/agenda\/youth-congress-2025\/","title":{"rendered":"Youth Congress 2025"},"content":{"rendered":"<div class=\"fusion-fullwidth fullwidth-box fusion-builder-row-1 fusion-flex-container has-pattern-background has-mask-background nonhundred-percent-fullwidth non-hundred-percent-height-scrolling\" style=\"--awb-border-radius-top-left:0px;--awb-border-radius-top-right:0px;--awb-border-radius-bottom-right:0px;--awb-border-radius-bottom-left:0px;--awb-flex-wrap:wrap;\" ><div class=\"fusion-builder-row fusion-row fusion-flex-align-items-flex-start fusion-flex-content-wrap\" style=\"max-width:1248px;margin-left: calc(-4% \/ 2 );margin-right: calc(-4% \/ 2 );\"><div class=\"fusion-layout-column fusion_builder_column fusion-builder-column-0 fusion_builder_column_2_3 2_3 fusion-flex-column\" style=\"--awb-bg-size:cover;--awb-width-large:66.666666666667%;--awb-margin-top-large:0px;--awb-spacing-right-large:2.88%;--awb-margin-bottom-large:32px;--awb-spacing-left-large:2.88%;--awb-width-medium:100%;--awb-order-medium:0;--awb-spacing-right-medium:1.92%;--awb-spacing-left-medium:1.92%;--awb-width-small:100%;--awb-order-small:0;--awb-spacing-right-small:1.92%;--awb-spacing-left-small:1.92%;\"><div class=\"fusion-column-wrapper fusion-column-has-shadow fusion-flex-justify-content-flex-start fusion-content-layout-column\"><div class=\"fusion-text fusion-text-1\"><p data-start=\"175\" data-end=\"427\"><strong>Am 27. November 2025 organisiert EUREGIO Youth in Zusammenarbeit mit dem B\u00fcro Internationales der Stadt M\u00fcnster und dem F\u00f6rderkreis DNJW das Kongress <em data-start=\"341\" data-end=\"424\">\u201eDie Vision der Jugend zu Einheit in Vielfalt: die EUREGIO der Zukunft gestalten\u201c<\/em>.<\/strong><\/p>\n<p data-start=\"429\" data-end=\"649\">Das Youth-Kongress wird als eint\u00e4giger Austausch von und f\u00fcr junge Menschen durchgef\u00fchrt. Ziel ist es, eine Reihe von Empfehlungen zu entwickeln, um die deutsch-niederl\u00e4ndische Jugendbeteiligung zu st\u00e4rken. Das Kongress m\u00f6chte Jugendliche aus der EUREGIO aktiv in die Gestaltung der grenz\u00fcberschreitenden Zusammenarbeit einbeziehen, das Bewusstsein f\u00fcr Europa und europ\u00e4ische Politik f\u00f6rdern und innovative Ans\u00e4tze zur Verbesserung der Jugendpartizipation in der gesamten Grenzregion entwickeln.<\/p>\n<\/div><\/div><\/div><div class=\"fusion-layout-column fusion_builder_column fusion-builder-column-1 fusion_builder_column_1_3 1_3 fusion-flex-column\" style=\"--awb-bg-size:cover;--awb-width-large:33.333333333333%;--awb-margin-top-large:0px;--awb-spacing-right-large:5.76%;--awb-margin-bottom-large:32px;--awb-spacing-left-large:5.76%;--awb-width-medium:100%;--awb-order-medium:0;--awb-spacing-right-medium:1.92%;--awb-spacing-left-medium:1.92%;--awb-width-small:100%;--awb-order-small:0;--awb-spacing-right-small:1.92%;--awb-spacing-left-small:1.92%;\"><div class=\"fusion-column-wrapper fusion-column-has-shadow fusion-flex-justify-content-flex-start fusion-content-layout-column\"><div class=\"fusion-image-element \" style=\"--awb-caption-title-font-family:var(--h2_typography-font-family);--awb-caption-title-font-weight:var(--h2_typography-font-weight);--awb-caption-title-font-style:var(--h2_typography-font-style);--awb-caption-title-size:var(--h2_typography-font-size);--awb-caption-title-transform:var(--h2_typography-text-transform);--awb-caption-title-line-height:var(--h2_typography-line-height);--awb-caption-title-letter-spacing:var(--h2_typography-letter-spacing);\"><span class=\" fusion-imageframe imageframe-none imageframe-1 hover-type-none\"><img decoding=\"async\" width=\"1600\" height=\"900\" title=\"EUREGIO YOUTH CONGRESS 2025 2\" src=\"https:\/\/www.euregio.eu\/wp-content\/uploads\/2025\/11\/EUREGIO-YOUTH-CONGRESS-2025-2.png\" alt class=\"img-responsive wp-image-14697\" srcset=\"https:\/\/www.euregio.eu\/wp-content\/uploads\/2025\/11\/EUREGIO-YOUTH-CONGRESS-2025-2-200x113.png 200w, https:\/\/www.euregio.eu\/wp-content\/uploads\/2025\/11\/EUREGIO-YOUTH-CONGRESS-2025-2-400x225.png 400w, https:\/\/www.euregio.eu\/wp-content\/uploads\/2025\/11\/EUREGIO-YOUTH-CONGRESS-2025-2-600x338.png 600w, https:\/\/www.euregio.eu\/wp-content\/uploads\/2025\/11\/EUREGIO-YOUTH-CONGRESS-2025-2-800x450.png 800w, https:\/\/www.euregio.eu\/wp-content\/uploads\/2025\/11\/EUREGIO-YOUTH-CONGRESS-2025-2-1200x675.png 1200w, https:\/\/www.euregio.eu\/wp-content\/uploads\/2025\/11\/EUREGIO-YOUTH-CONGRESS-2025-2.png 1600w\" sizes=\"(max-width: 1024px) 100vw, (max-width: 640px) 100vw, 400px\" \/><\/span><\/div><\/div><\/div><\/div><\/div>\n","protected":false},"template":"","agenda-category":[],"class_list":["post-14699","agenda","type-agenda","status-publish","hentry"],"yoast_head":"<!-- This site is optimized with the Yoast SEO plugin v26.4 - https:\/\/yoast.com\/wordpress\/plugins\/seo\/ -->\n<title>Youth Congress 2025 - EUREGIO<\/title>\n<meta name=\"description\" content=\"Am 27. November 2025 findet in M\u00fcnster das EUREGIO Youth Kongress statt \u2013 Jugendliche entwickeln Ideen f\u00fcr die Zukunft der deutsch-niederl\u00e4ndischen Zusammenarbeit.\" \/>\n<meta name=\"robots\" content=\"index, follow, max-snippet:-1, max-image-preview:large, max-video-preview:-1\" \/>\n<link rel=\"canonical\" href=\"https:\/\/www.euregio.eu\/de\/agenda\/youth-congress-2025\/\" \/>\n<meta property=\"og:locale\" content=\"de_DE\" \/>\n<meta property=\"og:type\" content=\"article\" \/>\n<meta property=\"og:title\" content=\"Youth Congress 2025 - EUREGIO\" \/>\n<meta property=\"og:description\" content=\"Am 27. November 2025 findet in M\u00fcnster das EUREGIO Youth Kongress statt \u2013 Jugendliche entwickeln Ideen f\u00fcr die Zukunft der deutsch-niederl\u00e4ndischen Zusammenarbeit.\" \/>\n<meta property=\"og:url\" content=\"https:\/\/www.euregio.eu\/de\/agenda\/youth-congress-2025\/\" \/>\n<meta property=\"og:site_name\" content=\"EUREGIO\" \/>\n<meta name=\"twitter:card\" content=\"summary_large_image\" \/>\n<meta name=\"twitter:label1\" content=\"Gesch\u00e4tzte Lesezeit\" \/>\n\t<meta name=\"twitter:data1\" content=\"1\u00a0Minute\" \/>\n<script type=\"application\/ld+json\" class=\"yoast-schema-graph\">{\"@context\":\"https:\/\/schema.org\",\"@graph\":[{\"@type\":\"WebPage\",\"@id\":\"https:\/\/www.euregio.eu\/de\/agenda\/youth-congress-2025\/\",\"url\":\"https:\/\/www.euregio.eu\/de\/agenda\/youth-congress-2025\/\",\"name\":\"Youth Congress 2025 - EUREGIO\",\"isPartOf\":{\"@id\":\"https:\/\/www.euregio.eu\/de\/#website\"},\"datePublished\":\"2025-11-06T11:10:18+00:00\",\"description\":\"Am 27. November 2025 findet in M\u00fcnster das EUREGIO Youth Kongress statt \u2013 Jugendliche entwickeln Ideen f\u00fcr die Zukunft der deutsch-niederl\u00e4ndischen Zusammenarbeit.\",\"breadcrumb\":{\"@id\":\"https:\/\/www.euregio.eu\/de\/agenda\/youth-congress-2025\/#breadcrumb\"},\"inLanguage\":\"de\",\"potentialAction\":[{\"@type\":\"ReadAction\",\"target\":[\"https:\/\/www.euregio.eu\/de\/agenda\/youth-congress-2025\/\"]}]},{\"@type\":\"BreadcrumbList\",\"@id\":\"https:\/\/www.euregio.eu\/de\/agenda\/youth-congress-2025\/#breadcrumb\",\"itemListElement\":[{\"@type\":\"ListItem\",\"position\":1,\"name\":\"Home\",\"item\":\"https:\/\/www.euregio.eu\/de\/\"},{\"@type\":\"ListItem\",\"position\":2,\"name\":\"Agenda\",\"item\":\"https:\/\/www.euregio.eu\/de\/agenda\/\"},{\"@type\":\"ListItem\",\"position\":3,\"name\":\"Youth Congress 2025\"}]},{\"@type\":\"WebSite\",\"@id\":\"https:\/\/www.euregio.eu\/de\/#website\",\"url\":\"https:\/\/www.euregio.eu\/de\/\",\"name\":\"EUREGIO\",\"description\":\"\",\"potentialAction\":[{\"@type\":\"SearchAction\",\"target\":{\"@type\":\"EntryPoint\",\"urlTemplate\":\"https:\/\/www.euregio.eu\/de\/?s={search_term_string}\"},\"query-input\":{\"@type\":\"PropertyValueSpecification\",\"valueRequired\":true,\"valueName\":\"search_term_string\"}}],\"inLanguage\":\"de\"}]}<\/script>\n<!-- \/ Yoast SEO plugin. -->","yoast_head_json":{"title":"Youth Congress 2025 - EUREGIO","description":"Am 27. November 2025 findet in M\u00fcnster das EUREGIO Youth Kongress statt \u2013 Jugendliche entwickeln Ideen f\u00fcr die Zukunft der deutsch-niederl\u00e4ndischen Zusammenarbeit.","robots":{"index":"index","follow":"follow","max-snippet":"max-snippet:-1","max-image-preview":"max-image-preview:large","max-video-preview":"max-video-preview:-1"},"canonical":"https:\/\/www.euregio.eu\/de\/agenda\/youth-congress-2025\/","og_locale":"de_DE","og_type":"article","og_title":"Youth Congress 2025 - EUREGIO","og_description":"Am 27. November 2025 findet in M\u00fcnster das EUREGIO Youth Kongress statt \u2013 Jugendliche entwickeln Ideen f\u00fcr die Zukunft der deutsch-niederl\u00e4ndischen Zusammenarbeit.","og_url":"https:\/\/www.euregio.eu\/de\/agenda\/youth-congress-2025\/","og_site_name":"EUREGIO","twitter_card":"summary_large_image","twitter_misc":{"Gesch\u00e4tzte Lesezeit":"1\u00a0Minute"},"schema":{"@context":"https:\/\/schema.org","@graph":[{"@type":"WebPage","@id":"https:\/\/www.euregio.eu\/de\/agenda\/youth-congress-2025\/","url":"https:\/\/www.euregio.eu\/de\/agenda\/youth-congress-2025\/","name":"Youth Congress 2025 - EUREGIO","isPartOf":{"@id":"https:\/\/www.euregio.eu\/de\/#website"},"datePublished":"2025-11-06T11:10:18+00:00","description":"Am 27. November 2025 findet in M\u00fcnster das EUREGIO Youth Kongress statt \u2013 Jugendliche entwickeln Ideen f\u00fcr die Zukunft der deutsch-niederl\u00e4ndischen Zusammenarbeit.","breadcrumb":{"@id":"https:\/\/www.euregio.eu\/de\/agenda\/youth-congress-2025\/#breadcrumb"},"inLanguage":"de","potentialAction":[{"@type":"ReadAction","target":["https:\/\/www.euregio.eu\/de\/agenda\/youth-congress-2025\/"]}]},{"@type":"BreadcrumbList","@id":"https:\/\/www.euregio.eu\/de\/agenda\/youth-congress-2025\/#breadcrumb","itemListElement":[{"@type":"ListItem","position":1,"name":"Home","item":"https:\/\/www.euregio.eu\/de\/"},{"@type":"ListItem","position":2,"name":"Agenda","item":"https:\/\/www.euregio.eu\/de\/agenda\/"},{"@type":"ListItem","position":3,"name":"Youth Congress 2025"}]},{"@type":"WebSite","@id":"https:\/\/www.euregio.eu\/de\/#website","url":"https:\/\/www.euregio.eu\/de\/","name":"EUREGIO","description":"","potentialAction":[{"@type":"SearchAction","target":{"@type":"EntryPoint","urlTemplate":"https:\/\/www.euregio.eu\/de\/?s={search_term_string}"},"query-input":{"@type":"PropertyValueSpecification","valueRequired":true,"valueName":"search_term_string"}}],"inLanguage":"de"}]}},"_links":{"self":[{"href":"https:\/\/www.euregio.eu\/de\/wp-json\/wp\/v2\/agenda\/14699","targetHints":{"allow":["GET"]}}],"collection":[{"href":"https:\/\/www.euregio.eu\/de\/wp-json\/wp\/v2\/agenda"}],"about":[{"href":"https:\/\/www.euregio.eu\/de\/wp-json\/wp\/v2\/types\/agenda"}],"wp:attachment":[{"href":"https:\/\/www.euregio.eu\/de\/wp-json\/wp\/v2\/media?parent=14699"}],"wp:term":[{"taxonomy":"agenda-category","embeddable":true,"href":"https:\/\/www.euregio.eu\/de\/wp-json\/wp\/v2\/agenda-category?post=14699"}],"curies":[{"name":"wp","href":"https:\/\/api.w.org\/{rel}","templated":true}]}}

<div class="fusion-fullwidth fullwidth-box fusion-builder-row-1 fusion-flex-container has-pattern-background has-mask-background nonhundred-percent-fullwidth non-hundred-percent-height-scrolling" style="--awb-border-radius-top-left:0px;--awb-border-radius-top-right:0px;--awb-border-radius-bottom-right:0px;--awb-border-radius-bottom-left:0px;--awb-flex-wrap:wrap;" ><div class="fusion-builder-row fusion-row fusion-flex-align-items-flex-start fusion-flex-content-wrap" style="max-width:1248px;margin-left: calc(-4% / 2 );margin-right: calc(-4% / 2 );"><div class="fusion-layout-column fusion_builder_column fusion-builder-column-0 fusion_builder_column_2_3 2_3 fusion-flex-column" style="--awb-bg-size:cover;--awb-width-large:66.666666666667%;--awb-margin-top-large:0px;--awb-spacing-right-large:2.88%;--awb-margin-bottom-large:32px;--awb-spacing-left-large:2.88%;--awb-width-medium:100%;--awb-order-medium:0;--awb-spacing-right-medium:1.92%;--awb-spacing-left-medium:1.92%;--awb-width-small:100%;--awb-order-small:0;--awb-spacing-right-small:1.92%;--awb-spacing-left-small:1.92%;"><div class="fusion-column-wrapper fusion-column-has-shadow fusion-flex-justify-content-flex-start fusion-content-layout-column"><div class="fusion-text fusion-text-1"><p data-start="175" data-end="427"><strong>Am 27. November 2025 organisiert EUREGIO Youth in Zusammenarbeit mit dem Büro Internationales der Stadt Münster und dem Förderkreis DNJW das Kongress <em data-start="341" data-end="424">„Die Vision der Jugend zu Einheit in Vielfalt: die EUREGIO der Zukunft gestalten“</em>.</strong></p>
<p data-start="429" data-end="649">Das Youth-Kongress wird als eintägiger Austausch von und für junge Menschen durchgeführt. Ziel ist es, eine Reihe von Empfehlungen zu entwickeln, um die deutsch-niederländische Jugendbeteiligung zu stärken. Das Kongress möchte Jugendliche aus der EUREGIO aktiv in die Gestaltung der grenzüberschreitenden Zusammenarbeit einbeziehen, das Bewusstsein für Europa und europäische Politik fördern und innovative Ansätze zur Verbesserung der Jugendpartizipation in der gesamten Grenzregion entwickeln.</p>
</div></div></div><div class="fusion-layout-column fusion_builder_column fusion-builder-column-1 fusion_builder_column_1_3 1_3 fusion-flex-column" style="--awb-bg-size:cover;--awb-width-large:33.333333333333%;--awb-margin-top-large:0px;--awb-spacing-right-large:5.76%;--awb-margin-bottom-large:32px;--awb-spacing-left-large:5.76%;--awb-width-medium:100%;--awb-order-medium:0;--awb-spacing-right-medium:1.92%;--awb-spacing-left-medium:1.92%;--awb-width-small:100%;--awb-order-small:0;--awb-spacing-right-small:1.92%;--awb-spacing-left-small:1.92%;"><div class="fusion-column-wrapper fusion-column-has-shadow fusion-flex-justify-content-flex-start fusion-content-layout-column"><div class="fusion-image-element " style="--awb-caption-title-font-family:var(--h2_typography-font-family);--awb-caption-title-font-weight:var(--h2_typography-font-weight);--awb-caption-title-font-style:var(--h2_typography-font-style);--awb-caption-title-size:var(--h2_typography-font-size);--awb-caption-title-transform:var(--h2_typography-text-transform);--awb-caption-title-line-height:var(--h2_typography-line-height);--awb-caption-title-letter-spacing:var(--h2_typography-letter-spacing);"><span class=" fusion-imageframe imageframe-none imageframe-1 hover-type-none"><img decoding="async" width="1600" height="900" title="EUREGIO YOUTH CONGRESS 2025 2" src="https://www.euregio.eu/wp-content/uploads/2025/11/EUREGIO-YOUTH-CONGRESS-2025-2.png" alt class="img-responsive wp-image-14697" srcset="https://www.euregio.eu/wp-content/uploads/2025/11/EUREGIO-YOUTH-CONGRESS-2025-2-200x113.png 200w, https://www.euregio.eu/wp-content/uploads/2025/11/EUREGIO-YOUTH-CONGRESS-2025-2-400x225.png 400w, https://www.euregio.eu/wp-content/uploads/2025/11/EUREGIO-YOUTH-CONGRESS-2025-2-600x338.png 600w, https://www.euregio.eu/wp-content/uploads/2025/11/EUREGIO-YOUTH-CONGRESS-2025-2-800x450.png 800w, https://www.euregio.eu/wp-content/uploads/2025/11/EUREGIO-YOUTH-CONGRESS-2025-2-1200x675.png 1200w, https://www.euregio.eu/wp-content/uploads/2025/11/EUREGIO-YOUTH-CONGRESS-2025-2.png 1600w" sizes="(max-width: 1024px) 100vw, (max-width: 640px) 100vw, 400px" /></span></div></div></div></div></div>

<!-- This site is optimized with the Yoast SEO plugin v26.4 - https://yoast.com/wordpress/plugins/seo/ -->
<title>Youth Congress 2025 - EUREGIO</title>
<meta name="description" content="Am 27. November 2025 findet in Münster das EUREGIO Youth Kongress statt – Jugendliche entwickeln Ideen für die Zukunft der deutsch-niederländischen Zusammenarbeit." />
<meta name="robots" content="index, follow, max-snippet:-1, max-image-preview:large, max-video-preview:-1" />
<link rel="canonical" href="https://www.euregio.eu/de/agenda/youth-congress-2025/" />
<meta property="og:locale" content="de_DE" />
<meta property="og:type" content="article" />
<meta property="og:title" content="Youth Congress 2025 - EUREGIO" />
<meta property="og:description" content="Am 27. November 2025 findet in Münster das EUREGIO Youth Kongress statt – Jugendliche entwickeln Ideen für die Zukunft der deutsch-niederländischen Zusammenarbeit." />
<meta property="og:url" content="https://www.euregio.eu/de/agenda/youth-congress-2025/" />
<meta property="og:site_name" content="EUREGIO" />
<meta name="twitter:card" content="summary_large_image" />
<meta name="twitter:label1" content="Geschätzte Lesezeit" />
	<meta name="twitter:data1" content="1 Minute" />
<script type="application/ld+json" class="yoast-schema-graph">{"@context":"https://schema.org","@graph":[{"@type":"WebPage","@id":"https://www.euregio.eu/de/agenda/youth-congress-2025/","url":"https://www.euregio.eu/de/agenda/youth-congress-2025/","name":"Youth Congress 2025 - EUREGIO","isPartOf":{"@id":"https://www.euregio.eu/de/#website"},"datePublished":"2025-11-06T11:10:18+00:00","description":"Am 27. November 2025 findet in Münster das EUREGIO Youth Kongress statt – Jugendliche entwickeln Ideen für die Zukunft der deutsch-niederländischen Zusammenarbeit.","breadcrumb":{"@id":"https://www.euregio.eu/de/agenda/youth-congress-2025/#breadcrumb"},"inLanguage":"de","potentialAction":[{"@type":"ReadAction","target":["https://www.euregio.eu/de/agenda/youth-congress-2025/"]}]},{"@type":"BreadcrumbList","@id":"https://www.euregio.eu/de/agenda/youth-congress-2025/#breadcrumb","itemListElement":[{"@type":"ListItem","position":1,"name":"Home","item":"https://www.euregio.eu/de/"},{"@type":"ListItem","position":2,"name":"Agenda","item":"https://www.euregio.eu/de/agenda/"},{"@type":"ListItem","position":3,"name":"Youth Congress 2025"}]},{"@type":"WebSite","@id":"https://www.euregio.eu/de/#website","url":"https://www.euregio.eu/de/","name":"EUREGIO","description":"","potentialAction":[{"@type":"SearchAction","target":{"@type":"EntryPoint","urlTemplate":"https://www.euregio.eu/de/?s={search_term_string}"},"query-input":{"@type":"PropertyValueSpecification","valueRequired":true,"valueName":"search_term_string"}}],"inLanguage":"de"}]}</script>
<!-- / Yoast SEO plugin. -->

Am 27. November 2025 findet in Münster das EUREGIO Youth Kongress statt – Jugendliche entwickeln Ideen für die Zukunft der deutsch-niederländischen Zusammenarbeit.
