{"id":14694,"date":"2025-11-06T11:52:30","date_gmt":"2025-11-06T10:52:30","guid":{"rendered":"https:\/\/www.euregio.eu\/?post_type=agenda&#038;p=14694"},"modified":"2025-11-06T11:52:30","modified_gmt":"2025-11-06T10:52:30","slug":"youth-battle-2025","status":"publish","type":"agenda","link":"https:\/\/www.euregio.eu\/de\/agenda\/youth-battle-2025\/","title":{"rendered":"Youth Battle 2025"},"content":{"rendered":"<div class=\"fusion-fullwidth fullwidth-box fusion-builder-row-1 fusion-flex-container has-pattern-background has-mask-background nonhundred-percent-fullwidth non-hundred-percent-height-scrolling\" style=\"--awb-border-radius-top-left:0px;--awb-border-radius-top-right:0px;--awb-border-radius-bottom-right:0px;--awb-border-radius-bottom-left:0px;--awb-flex-wrap:wrap;\" ><div class=\"fusion-builder-row fusion-row fusion-flex-align-items-flex-start fusion-flex-content-wrap\" style=\"max-width:1248px;margin-left: calc(-4% \/ 2 );margin-right: calc(-4% \/ 2 );\"><div class=\"fusion-layout-column fusion_builder_column fusion-builder-column-0 fusion_builder_column_2_3 2_3 fusion-flex-column\" style=\"--awb-bg-size:cover;--awb-width-large:66.666666666667%;--awb-margin-top-large:0px;--awb-spacing-right-large:2.88%;--awb-margin-bottom-large:32px;--awb-spacing-left-large:2.88%;--awb-width-medium:100%;--awb-order-medium:0;--awb-spacing-right-medium:1.92%;--awb-spacing-left-medium:1.92%;--awb-width-small:100%;--awb-order-small:0;--awb-spacing-right-small:1.92%;--awb-spacing-left-small:1.92%;\"><div class=\"fusion-column-wrapper fusion-column-has-shadow fusion-flex-justify-content-flex-start fusion-content-layout-column\"><div class=\"fusion-text fusion-text-1\"><p data-start=\"177\" data-end=\"554\"><strong data-start=\"177\" data-end=\"325\">Am 12. November findet erneut die Youth Battle statt, an der in diesem Jahr vier Schulen aus Haaksbergen, Enschede, Gronau und Ahaus teilnehmen.<\/strong><\/p>\n<p data-start=\"177\" data-end=\"554\">Jede Schule entsendet eine Delegation von zehn Sch\u00fcler*innen zur Battle. Gemeinsam entwickeln sie L\u00f6sungen f\u00fcr allt\u00e4gliche Herausforderungen in der Grenzregion. Dabei orientieren sie sich an der Vision von EUREGIO Youth.<\/p>\n<p data-start=\"556\" data-end=\"832\">Die siegreichen Battle-Ideen werden im Februar 2026 w\u00e4hrend der Projekttage des Werner-von-Siemens-Gymnasiums in Gronau zu konkreten Projekten weiterentwickelt und k\u00f6nnen in Abstimmung mit dem Youth Council m\u00f6glicherweise in ein neues Youth Lab \u00fcberf\u00fchrt werden.<\/p>\n<\/div><\/div><\/div><div class=\"fusion-layout-column fusion_builder_column fusion-builder-column-1 fusion_builder_column_1_3 1_3 fusion-flex-column\" style=\"--awb-bg-size:cover;--awb-width-large:33.333333333333%;--awb-margin-top-large:0px;--awb-spacing-right-large:5.76%;--awb-margin-bottom-large:32px;--awb-spacing-left-large:5.76%;--awb-width-medium:100%;--awb-order-medium:0;--awb-spacing-right-medium:1.92%;--awb-spacing-left-medium:1.92%;--awb-width-small:100%;--awb-order-small:0;--awb-spacing-right-small:1.92%;--awb-spacing-left-small:1.92%;\"><div class=\"fusion-column-wrapper fusion-column-has-shadow fusion-flex-justify-content-flex-start fusion-content-layout-column\"><div class=\"fusion-image-element \" style=\"--awb-caption-title-font-family:var(--h2_typography-font-family);--awb-caption-title-font-weight:var(--h2_typography-font-weight);--awb-caption-title-font-style:var(--h2_typography-font-style);--awb-caption-title-size:var(--h2_typography-font-size);--awb-caption-title-transform:var(--h2_typography-text-transform);--awb-caption-title-line-height:var(--h2_typography-line-height);--awb-caption-title-letter-spacing:var(--h2_typography-letter-spacing);\"><span class=\" fusion-imageframe imageframe-none imageframe-1 hover-type-none\"><img decoding=\"async\" width=\"1440\" height=\"1080\" alt=\"Gewinneridee EUREGIO Youth Battle 2021: \u2019t Groene Grens Huus\" title=\"Winnaar EUREGIO Youth Battle 2021 \u2019t Groene Grens Huus\" src=\"https:\/\/www.euregio.eu\/wp-content\/uploads\/2021\/12\/Winnaar-EUREGIO-Youth-Battle-2021-t-Groene-Grens-Huus.jpeg\" class=\"img-responsive wp-image-5865\" srcset=\"https:\/\/www.euregio.eu\/wp-content\/uploads\/2021\/12\/Winnaar-EUREGIO-Youth-Battle-2021-t-Groene-Grens-Huus-200x150.jpeg 200w, https:\/\/www.euregio.eu\/wp-content\/uploads\/2021\/12\/Winnaar-EUREGIO-Youth-Battle-2021-t-Groene-Grens-Huus-400x300.jpeg 400w, https:\/\/www.euregio.eu\/wp-content\/uploads\/2021\/12\/Winnaar-EUREGIO-Youth-Battle-2021-t-Groene-Grens-Huus-600x450.jpeg 600w, https:\/\/www.euregio.eu\/wp-content\/uploads\/2021\/12\/Winnaar-EUREGIO-Youth-Battle-2021-t-Groene-Grens-Huus-800x600.jpeg 800w, https:\/\/www.euregio.eu\/wp-content\/uploads\/2021\/12\/Winnaar-EUREGIO-Youth-Battle-2021-t-Groene-Grens-Huus-1200x900.jpeg 1200w, https:\/\/www.euregio.eu\/wp-content\/uploads\/2021\/12\/Winnaar-EUREGIO-Youth-Battle-2021-t-Groene-Grens-Huus.jpeg 1440w\" sizes=\"(max-width: 1024px) 100vw, (max-width: 640px) 100vw, 400px\" \/><\/span><\/div><\/div><\/div><\/div><\/div>\n","protected":false},"template":"","agenda-category":[],"class_list":["post-14694","agenda","type-agenda","status-publish","hentry"],"yoast_head":"<!-- This site is optimized with the Yoast SEO plugin v26.4 - https:\/\/yoast.com\/wordpress\/plugins\/seo\/ -->\n<title>Youth Battle 2025 - EUREGIO<\/title>\n<meta name=\"description\" content=\"Vier Schulen aus Haaksbergen, Enschede, Gronau und Ahaus nehmen an der Youth Battle 2025 teil und entwickeln Ideen f\u00fcr die Euregio-Zukunft.\" \/>\n<meta name=\"robots\" content=\"index, follow, max-snippet:-1, max-image-preview:large, max-video-preview:-1\" \/>\n<link rel=\"canonical\" href=\"https:\/\/www.euregio.eu\/de\/agenda\/youth-battle-2025\/\" \/>\n<meta property=\"og:locale\" content=\"de_DE\" \/>\n<meta property=\"og:type\" content=\"article\" \/>\n<meta property=\"og:title\" content=\"Youth Battle 2025 - EUREGIO\" \/>\n<meta property=\"og:description\" content=\"Vier Schulen aus Haaksbergen, Enschede, Gronau und Ahaus nehmen an der Youth Battle 2025 teil und entwickeln Ideen f\u00fcr die Euregio-Zukunft.\" \/>\n<meta property=\"og:url\" content=\"https:\/\/www.euregio.eu\/de\/agenda\/youth-battle-2025\/\" \/>\n<meta property=\"og:site_name\" content=\"EUREGIO\" \/>\n<meta name=\"twitter:card\" content=\"summary_large_image\" \/>\n<meta name=\"twitter:label1\" content=\"Gesch\u00e4tzte Lesezeit\" \/>\n\t<meta name=\"twitter:data1\" content=\"1\u00a0Minute\" \/>\n<script type=\"application\/ld+json\" class=\"yoast-schema-graph\">{\"@context\":\"https:\/\/schema.org\",\"@graph\":[{\"@type\":\"WebPage\",\"@id\":\"https:\/\/www.euregio.eu\/de\/agenda\/youth-battle-2025\/\",\"url\":\"https:\/\/www.euregio.eu\/de\/agenda\/youth-battle-2025\/\",\"name\":\"Youth Battle 2025 - EUREGIO\",\"isPartOf\":{\"@id\":\"https:\/\/www.euregio.eu\/de\/#website\"},\"datePublished\":\"2025-11-06T10:52:30+00:00\",\"description\":\"Vier Schulen aus Haaksbergen, Enschede, Gronau und Ahaus nehmen an der Youth Battle 2025 teil und entwickeln Ideen f\u00fcr die Euregio-Zukunft.\",\"breadcrumb\":{\"@id\":\"https:\/\/www.euregio.eu\/de\/agenda\/youth-battle-2025\/#breadcrumb\"},\"inLanguage\":\"de\",\"potentialAction\":[{\"@type\":\"ReadAction\",\"target\":[\"https:\/\/www.euregio.eu\/de\/agenda\/youth-battle-2025\/\"]}]},{\"@type\":\"BreadcrumbList\",\"@id\":\"https:\/\/www.euregio.eu\/de\/agenda\/youth-battle-2025\/#breadcrumb\",\"itemListElement\":[{\"@type\":\"ListItem\",\"position\":1,\"name\":\"Home\",\"item\":\"https:\/\/www.euregio.eu\/de\/\"},{\"@type\":\"ListItem\",\"position\":2,\"name\":\"Agenda\",\"item\":\"https:\/\/www.euregio.eu\/de\/agenda\/\"},{\"@type\":\"ListItem\",\"position\":3,\"name\":\"Youth Battle 2025\"}]},{\"@type\":\"WebSite\",\"@id\":\"https:\/\/www.euregio.eu\/de\/#website\",\"url\":\"https:\/\/www.euregio.eu\/de\/\",\"name\":\"EUREGIO\",\"description\":\"\",\"potentialAction\":[{\"@type\":\"SearchAction\",\"target\":{\"@type\":\"EntryPoint\",\"urlTemplate\":\"https:\/\/www.euregio.eu\/de\/?s={search_term_string}\"},\"query-input\":{\"@type\":\"PropertyValueSpecification\",\"valueRequired\":true,\"valueName\":\"search_term_string\"}}],\"inLanguage\":\"de\"}]}<\/script>\n<!-- \/ Yoast SEO plugin. -->","yoast_head_json":{"title":"Youth Battle 2025 - EUREGIO","description":"Vier Schulen aus Haaksbergen, Enschede, Gronau und Ahaus nehmen an der Youth Battle 2025 teil und entwickeln Ideen f\u00fcr die Euregio-Zukunft.","robots":{"index":"index","follow":"follow","max-snippet":"max-snippet:-1","max-image-preview":"max-image-preview:large","max-video-preview":"max-video-preview:-1"},"canonical":"https:\/\/www.euregio.eu\/de\/agenda\/youth-battle-2025\/","og_locale":"de_DE","og_type":"article","og_title":"Youth Battle 2025 - EUREGIO","og_description":"Vier Schulen aus Haaksbergen, Enschede, Gronau und Ahaus nehmen an der Youth Battle 2025 teil und entwickeln Ideen f\u00fcr die Euregio-Zukunft.","og_url":"https:\/\/www.euregio.eu\/de\/agenda\/youth-battle-2025\/","og_site_name":"EUREGIO","twitter_card":"summary_large_image","twitter_misc":{"Gesch\u00e4tzte Lesezeit":"1\u00a0Minute"},"schema":{"@context":"https:\/\/schema.org","@graph":[{"@type":"WebPage","@id":"https:\/\/www.euregio.eu\/de\/agenda\/youth-battle-2025\/","url":"https:\/\/www.euregio.eu\/de\/agenda\/youth-battle-2025\/","name":"Youth Battle 2025 - EUREGIO","isPartOf":{"@id":"https:\/\/www.euregio.eu\/de\/#website"},"datePublished":"2025-11-06T10:52:30+00:00","description":"Vier Schulen aus Haaksbergen, Enschede, Gronau und Ahaus nehmen an der Youth Battle 2025 teil und entwickeln Ideen f\u00fcr die Euregio-Zukunft.","breadcrumb":{"@id":"https:\/\/www.euregio.eu\/de\/agenda\/youth-battle-2025\/#breadcrumb"},"inLanguage":"de","potentialAction":[{"@type":"ReadAction","target":["https:\/\/www.euregio.eu\/de\/agenda\/youth-battle-2025\/"]}]},{"@type":"BreadcrumbList","@id":"https:\/\/www.euregio.eu\/de\/agenda\/youth-battle-2025\/#breadcrumb","itemListElement":[{"@type":"ListItem","position":1,"name":"Home","item":"https:\/\/www.euregio.eu\/de\/"},{"@type":"ListItem","position":2,"name":"Agenda","item":"https:\/\/www.euregio.eu\/de\/agenda\/"},{"@type":"ListItem","position":3,"name":"Youth Battle 2025"}]},{"@type":"WebSite","@id":"https:\/\/www.euregio.eu\/de\/#website","url":"https:\/\/www.euregio.eu\/de\/","name":"EUREGIO","description":"","potentialAction":[{"@type":"SearchAction","target":{"@type":"EntryPoint","urlTemplate":"https:\/\/www.euregio.eu\/de\/?s={search_term_string}"},"query-input":{"@type":"PropertyValueSpecification","valueRequired":true,"valueName":"search_term_string"}}],"inLanguage":"de"}]}},"_links":{"self":[{"href":"https:\/\/www.euregio.eu\/de\/wp-json\/wp\/v2\/agenda\/14694","targetHints":{"allow":["GET"]}}],"collection":[{"href":"https:\/\/www.euregio.eu\/de\/wp-json\/wp\/v2\/agenda"}],"about":[{"href":"https:\/\/www.euregio.eu\/de\/wp-json\/wp\/v2\/types\/agenda"}],"wp:attachment":[{"href":"https:\/\/www.euregio.eu\/de\/wp-json\/wp\/v2\/media?parent=14694"}],"wp:term":[{"taxonomy":"agenda-category","embeddable":true,"href":"https:\/\/www.euregio.eu\/de\/wp-json\/wp\/v2\/agenda-category?post=14694"}],"curies":[{"name":"wp","href":"https:\/\/api.w.org\/{rel}","templated":true}]}}

<div class="fusion-fullwidth fullwidth-box fusion-builder-row-1 fusion-flex-container has-pattern-background has-mask-background nonhundred-percent-fullwidth non-hundred-percent-height-scrolling" style="--awb-border-radius-top-left:0px;--awb-border-radius-top-right:0px;--awb-border-radius-bottom-right:0px;--awb-border-radius-bottom-left:0px;--awb-flex-wrap:wrap;" ><div class="fusion-builder-row fusion-row fusion-flex-align-items-flex-start fusion-flex-content-wrap" style="max-width:1248px;margin-left: calc(-4% / 2 );margin-right: calc(-4% / 2 );"><div class="fusion-layout-column fusion_builder_column fusion-builder-column-0 fusion_builder_column_2_3 2_3 fusion-flex-column" style="--awb-bg-size:cover;--awb-width-large:66.666666666667%;--awb-margin-top-large:0px;--awb-spacing-right-large:2.88%;--awb-margin-bottom-large:32px;--awb-spacing-left-large:2.88%;--awb-width-medium:100%;--awb-order-medium:0;--awb-spacing-right-medium:1.92%;--awb-spacing-left-medium:1.92%;--awb-width-small:100%;--awb-order-small:0;--awb-spacing-right-small:1.92%;--awb-spacing-left-small:1.92%;"><div class="fusion-column-wrapper fusion-column-has-shadow fusion-flex-justify-content-flex-start fusion-content-layout-column"><div class="fusion-text fusion-text-1"><p data-start="177" data-end="554"><strong data-start="177" data-end="325">Am 12. November findet erneut die Youth Battle statt, an der in diesem Jahr vier Schulen aus Haaksbergen, Enschede, Gronau und Ahaus teilnehmen.</strong></p>
<p data-start="177" data-end="554">Jede Schule entsendet eine Delegation von zehn Schüler*innen zur Battle. Gemeinsam entwickeln sie Lösungen für alltägliche Herausforderungen in der Grenzregion. Dabei orientieren sie sich an der Vision von EUREGIO Youth.</p>
<p data-start="556" data-end="832">Die siegreichen Battle-Ideen werden im Februar 2026 während der Projekttage des Werner-von-Siemens-Gymnasiums in Gronau zu konkreten Projekten weiterentwickelt und können in Abstimmung mit dem Youth Council möglicherweise in ein neues Youth Lab überführt werden.</p>
</div></div></div><div class="fusion-layout-column fusion_builder_column fusion-builder-column-1 fusion_builder_column_1_3 1_3 fusion-flex-column" style="--awb-bg-size:cover;--awb-width-large:33.333333333333%;--awb-margin-top-large:0px;--awb-spacing-right-large:5.76%;--awb-margin-bottom-large:32px;--awb-spacing-left-large:5.76%;--awb-width-medium:100%;--awb-order-medium:0;--awb-spacing-right-medium:1.92%;--awb-spacing-left-medium:1.92%;--awb-width-small:100%;--awb-order-small:0;--awb-spacing-right-small:1.92%;--awb-spacing-left-small:1.92%;"><div class="fusion-column-wrapper fusion-column-has-shadow fusion-flex-justify-content-flex-start fusion-content-layout-column"><div class="fusion-image-element " style="--awb-caption-title-font-family:var(--h2_typography-font-family);--awb-caption-title-font-weight:var(--h2_typography-font-weight);--awb-caption-title-font-style:var(--h2_typography-font-style);--awb-caption-title-size:var(--h2_typography-font-size);--awb-caption-title-transform:var(--h2_typography-text-transform);--awb-caption-title-line-height:var(--h2_typography-line-height);--awb-caption-title-letter-spacing:var(--h2_typography-letter-spacing);"><span class=" fusion-imageframe imageframe-none imageframe-1 hover-type-none"><img decoding="async" width="1440" height="1080" alt="Gewinneridee EUREGIO Youth Battle 2021: ’t Groene Grens Huus" title="Winnaar EUREGIO Youth Battle 2021 ’t Groene Grens Huus" src="https://www.euregio.eu/wp-content/uploads/2021/12/Winnaar-EUREGIO-Youth-Battle-2021-t-Groene-Grens-Huus.jpeg" class="img-responsive wp-image-5865" srcset="https://www.euregio.eu/wp-content/uploads/2021/12/Winnaar-EUREGIO-Youth-Battle-2021-t-Groene-Grens-Huus-200x150.jpeg 200w, https://www.euregio.eu/wp-content/uploads/2021/12/Winnaar-EUREGIO-Youth-Battle-2021-t-Groene-Grens-Huus-400x300.jpeg 400w, https://www.euregio.eu/wp-content/uploads/2021/12/Winnaar-EUREGIO-Youth-Battle-2021-t-Groene-Grens-Huus-600x450.jpeg 600w, https://www.euregio.eu/wp-content/uploads/2021/12/Winnaar-EUREGIO-Youth-Battle-2021-t-Groene-Grens-Huus-800x600.jpeg 800w, https://www.euregio.eu/wp-content/uploads/2021/12/Winnaar-EUREGIO-Youth-Battle-2021-t-Groene-Grens-Huus-1200x900.jpeg 1200w, https://www.euregio.eu/wp-content/uploads/2021/12/Winnaar-EUREGIO-Youth-Battle-2021-t-Groene-Grens-Huus.jpeg 1440w" sizes="(max-width: 1024px) 100vw, (max-width: 640px) 100vw, 400px" /></span></div></div></div></div></div>

<!-- This site is optimized with the Yoast SEO plugin v26.4 - https://yoast.com/wordpress/plugins/seo/ -->
<title>Youth Battle 2025 - EUREGIO</title>
<meta name="description" content="Vier Schulen aus Haaksbergen, Enschede, Gronau und Ahaus nehmen an der Youth Battle 2025 teil und entwickeln Ideen für die Euregio-Zukunft." />
<meta name="robots" content="index, follow, max-snippet:-1, max-image-preview:large, max-video-preview:-1" />
<link rel="canonical" href="https://www.euregio.eu/de/agenda/youth-battle-2025/" />
<meta property="og:locale" content="de_DE" />
<meta property="og:type" content="article" />
<meta property="og:title" content="Youth Battle 2025 - EUREGIO" />
<meta property="og:description" content="Vier Schulen aus Haaksbergen, Enschede, Gronau und Ahaus nehmen an der Youth Battle 2025 teil und entwickeln Ideen für die Euregio-Zukunft." />
<meta property="og:url" content="https://www.euregio.eu/de/agenda/youth-battle-2025/" />
<meta property="og:site_name" content="EUREGIO" />
<meta name="twitter:card" content="summary_large_image" />
<meta name="twitter:label1" content="Geschätzte Lesezeit" />
	<meta name="twitter:data1" content="1 Minute" />
<script type="application/ld+json" class="yoast-schema-graph">{"@context":"https://schema.org","@graph":[{"@type":"WebPage","@id":"https://www.euregio.eu/de/agenda/youth-battle-2025/","url":"https://www.euregio.eu/de/agenda/youth-battle-2025/","name":"Youth Battle 2025 - EUREGIO","isPartOf":{"@id":"https://www.euregio.eu/de/#website"},"datePublished":"2025-11-06T10:52:30+00:00","description":"Vier Schulen aus Haaksbergen, Enschede, Gronau und Ahaus nehmen an der Youth Battle 2025 teil und entwickeln Ideen für die Euregio-Zukunft.","breadcrumb":{"@id":"https://www.euregio.eu/de/agenda/youth-battle-2025/#breadcrumb"},"inLanguage":"de","potentialAction":[{"@type":"ReadAction","target":["https://www.euregio.eu/de/agenda/youth-battle-2025/"]}]},{"@type":"BreadcrumbList","@id":"https://www.euregio.eu/de/agenda/youth-battle-2025/#breadcrumb","itemListElement":[{"@type":"ListItem","position":1,"name":"Home","item":"https://www.euregio.eu/de/"},{"@type":"ListItem","position":2,"name":"Agenda","item":"https://www.euregio.eu/de/agenda/"},{"@type":"ListItem","position":3,"name":"Youth Battle 2025"}]},{"@type":"WebSite","@id":"https://www.euregio.eu/de/#website","url":"https://www.euregio.eu/de/","name":"EUREGIO","description":"","potentialAction":[{"@type":"SearchAction","target":{"@type":"EntryPoint","urlTemplate":"https://www.euregio.eu/de/?s={search_term_string}"},"query-input":{"@type":"PropertyValueSpecification","valueRequired":true,"valueName":"search_term_string"}}],"inLanguage":"de"}]}</script>
<!-- / Yoast SEO plugin. -->

Vier Schulen aus Haaksbergen, Enschede, Gronau und Ahaus nehmen an der Youth Battle 2025 teil und entwickeln Ideen für die Euregio-Zukunft.
