{"id":14250,"date":"2025-09-10T10:24:16","date_gmt":"2025-09-10T09:24:16","guid":{"rendered":"https:\/\/www.euregio.eu\/?post_type=agenda&#038;p=14250"},"modified":"2025-09-10T10:24:16","modified_gmt":"2025-09-10T09:24:16","slug":"grenzgenuss-bauernmarkt-in-gronau-2","status":"publish","type":"agenda","link":"https:\/\/www.euregio.eu\/de\/agenda\/grenzgenuss-bauernmarkt-in-gronau-2\/","title":{"rendered":"GrenzGenuss Bauernmarkt in Gronau"},"content":{"rendered":"<div class=\"fusion-fullwidth fullwidth-box fusion-builder-row-1 fusion-flex-container has-pattern-background has-mask-background nonhundred-percent-fullwidth non-hundred-percent-height-scrolling\" style=\"--awb-border-radius-top-left:0px;--awb-border-radius-top-right:0px;--awb-border-radius-bottom-right:0px;--awb-border-radius-bottom-left:0px;--awb-flex-wrap:wrap;\" ><div class=\"fusion-builder-row fusion-row fusion-flex-align-items-flex-start fusion-flex-content-wrap\" style=\"max-width:1248px;margin-left: calc(-4% \/ 2 );margin-right: calc(-4% \/ 2 );\"><div class=\"fusion-layout-column fusion_builder_column fusion-builder-column-0 fusion_builder_column_2_3 2_3 fusion-flex-column\" style=\"--awb-bg-size:cover;--awb-width-large:66.666666666667%;--awb-margin-top-large:0px;--awb-spacing-right-large:2.88%;--awb-margin-bottom-large:32px;--awb-spacing-left-large:2.88%;--awb-width-medium:100%;--awb-order-medium:0;--awb-spacing-right-medium:1.92%;--awb-spacing-left-medium:1.92%;--awb-width-small:100%;--awb-order-small:0;--awb-spacing-right-small:1.92%;--awb-spacing-left-small:1.92%;\"><div class=\"fusion-column-wrapper fusion-column-has-shadow fusion-flex-justify-content-flex-start fusion-content-layout-column\"><div class=\"fusion-text fusion-text-1\"><p><strong>Jeden 1. Donnerstag im Monat | 14\u201319 Uhr | Kurt-Schumacher-Platz, Gronau<\/strong><\/p>\n<p>Am Donnerstag, den 6. November 2025, steht der Kurt-Schumacher-Platz in Gronau ganz im Zeichen des Themas \u201eAus der Region\u201c. Bei dieser Ausgabe des GrenzGenuss-Bauernmarkts dreht sich alles um faire, lokale Produkte und die Menschen, die dahinter stehen.<\/p>\n<p>Mit Unterst\u00fctzung des <a href=\"https:\/\/www.euregio.eu\/subsidie\/tot-25000-euro\/\" target=\"_blank\" rel=\"noopener\">Interreg VI Kleinprojektefonds<\/a> wird erneut ein Marktplatz geschaffen, auf dem Besucher die Vielfalt der EUREGIO entdecken k\u00f6nnen. Besucher k\u00f6nnen regionale Produkte kennenlernen, Geschichten von lokalen Bauern und Handwerksunternehmern h\u00f6ren und nat\u00fcrlich reichlich probieren.<\/p>\n<p>Wie jeden Monat gibt es ein spezielles Thema mit Aktionen, besonderen Ausstellern und Aktivit\u00e4ten f\u00fcr Jung und Alt. Dieses Mal liegt der Schwerpunkt auf der Feier der regionalen Identit\u00e4t und der F\u00f6rderung kurzer Lieferketten \u2013 direkt vom Erzeuger zum Verbraucher.<\/p>\n<p>Kommen Sie vorbei, lernen Sie die Hersteller aus n\u00e4chster N\u00e4he kennen und erleben Sie den Geschmack und den Stolz unserer Grenzregion auf dem GrenzGenuss Bauernmarkt!<\/p>\n<p><strong>Weitere Informationen:<\/strong> <a href=\"https:\/\/gronau-inside.de\/nl\/veranstaltung\/grenzgenuss-boerenmarkt-bij-kurti-gronau\/2025-09-04\" target=\"_blank\" rel=\"noopener\"><strong>www.gronau-inside.de<\/strong><\/a><\/p>\n<\/div><\/div><\/div><div class=\"fusion-layout-column fusion_builder_column fusion-builder-column-1 fusion_builder_column_1_3 1_3 fusion-flex-column\" style=\"--awb-bg-size:cover;--awb-width-large:33.333333333333%;--awb-margin-top-large:0px;--awb-spacing-right-large:5.76%;--awb-margin-bottom-large:32px;--awb-spacing-left-large:5.76%;--awb-width-medium:100%;--awb-order-medium:0;--awb-spacing-right-medium:1.92%;--awb-spacing-left-medium:1.92%;--awb-width-small:100%;--awb-order-small:0;--awb-spacing-right-small:1.92%;--awb-spacing-left-small:1.92%;\"><div class=\"fusion-column-wrapper fusion-column-has-shadow fusion-flex-justify-content-flex-start fusion-content-layout-column\"><div class=\"fusion-image-element \" style=\"--awb-caption-title-font-family:var(--h2_typography-font-family);--awb-caption-title-font-weight:var(--h2_typography-font-weight);--awb-caption-title-font-style:var(--h2_typography-font-style);--awb-caption-title-size:var(--h2_typography-font-size);--awb-caption-title-transform:var(--h2_typography-text-transform);--awb-caption-title-line-height:var(--h2_typography-line-height);--awb-caption-title-letter-spacing:var(--h2_typography-letter-spacing);\"><span class=\" fusion-imageframe imageframe-none imageframe-1 hover-type-none\"><img decoding=\"async\" title=\"Allgemeines-Poster-Bauernmarkt-A2-Querformat-scaled.png\" src=\"https:\/\/www.euregio.eu\/wp-content\/uploads\/2025\/09\/Allgemeines-Poster-Bauernmarkt-A2-Querformat-scaled.png.avif\" alt class=\"img-responsive wp-image-14159\"\/><\/span><\/div><\/div><\/div><\/div><\/div>\n","protected":false},"template":"","agenda-category":[],"class_list":["post-14250","agenda","type-agenda","status-publish","hentry"],"yoast_head":"<!-- This site is optimized with the Yoast SEO plugin v26.4 - https:\/\/yoast.com\/wordpress\/plugins\/seo\/ -->\n<title>GrenzGenuss Bauernmarkt in Gronau - EUREGIO<\/title>\n<meta name=\"robots\" content=\"index, follow, max-snippet:-1, max-image-preview:large, max-video-preview:-1\" \/>\n<link rel=\"canonical\" href=\"https:\/\/www.euregio.eu\/de\/agenda\/grenzgenuss-bauernmarkt-in-gronau-2\/\" \/>\n<meta property=\"og:locale\" content=\"de_DE\" \/>\n<meta property=\"og:type\" content=\"article\" \/>\n<meta property=\"og:title\" content=\"GrenzGenuss Bauernmarkt in Gronau - EUREGIO\" \/>\n<meta property=\"og:url\" content=\"https:\/\/www.euregio.eu\/de\/agenda\/grenzgenuss-bauernmarkt-in-gronau-2\/\" \/>\n<meta property=\"og:site_name\" content=\"EUREGIO\" \/>\n<meta name=\"twitter:card\" content=\"summary_large_image\" \/>\n<meta name=\"twitter:label1\" content=\"Gesch\u00e4tzte Lesezeit\" \/>\n\t<meta name=\"twitter:data1\" content=\"2\u00a0Minuten\" \/>\n<script type=\"application\/ld+json\" class=\"yoast-schema-graph\">{\"@context\":\"https:\/\/schema.org\",\"@graph\":[{\"@type\":\"WebPage\",\"@id\":\"https:\/\/www.euregio.eu\/de\/agenda\/grenzgenuss-bauernmarkt-in-gronau-2\/\",\"url\":\"https:\/\/www.euregio.eu\/de\/agenda\/grenzgenuss-bauernmarkt-in-gronau-2\/\",\"name\":\"GrenzGenuss Bauernmarkt in Gronau - EUREGIO\",\"isPartOf\":{\"@id\":\"https:\/\/www.euregio.eu\/de\/#website\"},\"datePublished\":\"2025-09-10T09:24:16+00:00\",\"breadcrumb\":{\"@id\":\"https:\/\/www.euregio.eu\/de\/agenda\/grenzgenuss-bauernmarkt-in-gronau-2\/#breadcrumb\"},\"inLanguage\":\"de\",\"potentialAction\":[{\"@type\":\"ReadAction\",\"target\":[\"https:\/\/www.euregio.eu\/de\/agenda\/grenzgenuss-bauernmarkt-in-gronau-2\/\"]}]},{\"@type\":\"BreadcrumbList\",\"@id\":\"https:\/\/www.euregio.eu\/de\/agenda\/grenzgenuss-bauernmarkt-in-gronau-2\/#breadcrumb\",\"itemListElement\":[{\"@type\":\"ListItem\",\"position\":1,\"name\":\"Home\",\"item\":\"https:\/\/www.euregio.eu\/de\/\"},{\"@type\":\"ListItem\",\"position\":2,\"name\":\"Agenda\",\"item\":\"https:\/\/www.euregio.eu\/de\/agenda\/\"},{\"@type\":\"ListItem\",\"position\":3,\"name\":\"GrenzGenuss Bauernmarkt in Gronau\"}]},{\"@type\":\"WebSite\",\"@id\":\"https:\/\/www.euregio.eu\/de\/#website\",\"url\":\"https:\/\/www.euregio.eu\/de\/\",\"name\":\"EUREGIO\",\"description\":\"\",\"potentialAction\":[{\"@type\":\"SearchAction\",\"target\":{\"@type\":\"EntryPoint\",\"urlTemplate\":\"https:\/\/www.euregio.eu\/de\/?s={search_term_string}\"},\"query-input\":{\"@type\":\"PropertyValueSpecification\",\"valueRequired\":true,\"valueName\":\"search_term_string\"}}],\"inLanguage\":\"de\"}]}<\/script>\n<!-- \/ Yoast SEO plugin. -->","yoast_head_json":{"title":"GrenzGenuss Bauernmarkt in Gronau - EUREGIO","robots":{"index":"index","follow":"follow","max-snippet":"max-snippet:-1","max-image-preview":"max-image-preview:large","max-video-preview":"max-video-preview:-1"},"canonical":"https:\/\/www.euregio.eu\/de\/agenda\/grenzgenuss-bauernmarkt-in-gronau-2\/","og_locale":"de_DE","og_type":"article","og_title":"GrenzGenuss Bauernmarkt in Gronau - EUREGIO","og_url":"https:\/\/www.euregio.eu\/de\/agenda\/grenzgenuss-bauernmarkt-in-gronau-2\/","og_site_name":"EUREGIO","twitter_card":"summary_large_image","twitter_misc":{"Gesch\u00e4tzte Lesezeit":"2\u00a0Minuten"},"schema":{"@context":"https:\/\/schema.org","@graph":[{"@type":"WebPage","@id":"https:\/\/www.euregio.eu\/de\/agenda\/grenzgenuss-bauernmarkt-in-gronau-2\/","url":"https:\/\/www.euregio.eu\/de\/agenda\/grenzgenuss-bauernmarkt-in-gronau-2\/","name":"GrenzGenuss Bauernmarkt in Gronau - EUREGIO","isPartOf":{"@id":"https:\/\/www.euregio.eu\/de\/#website"},"datePublished":"2025-09-10T09:24:16+00:00","breadcrumb":{"@id":"https:\/\/www.euregio.eu\/de\/agenda\/grenzgenuss-bauernmarkt-in-gronau-2\/#breadcrumb"},"inLanguage":"de","potentialAction":[{"@type":"ReadAction","target":["https:\/\/www.euregio.eu\/de\/agenda\/grenzgenuss-bauernmarkt-in-gronau-2\/"]}]},{"@type":"BreadcrumbList","@id":"https:\/\/www.euregio.eu\/de\/agenda\/grenzgenuss-bauernmarkt-in-gronau-2\/#breadcrumb","itemListElement":[{"@type":"ListItem","position":1,"name":"Home","item":"https:\/\/www.euregio.eu\/de\/"},{"@type":"ListItem","position":2,"name":"Agenda","item":"https:\/\/www.euregio.eu\/de\/agenda\/"},{"@type":"ListItem","position":3,"name":"GrenzGenuss Bauernmarkt in Gronau"}]},{"@type":"WebSite","@id":"https:\/\/www.euregio.eu\/de\/#website","url":"https:\/\/www.euregio.eu\/de\/","name":"EUREGIO","description":"","potentialAction":[{"@type":"SearchAction","target":{"@type":"EntryPoint","urlTemplate":"https:\/\/www.euregio.eu\/de\/?s={search_term_string}"},"query-input":{"@type":"PropertyValueSpecification","valueRequired":true,"valueName":"search_term_string"}}],"inLanguage":"de"}]}},"_links":{"self":[{"href":"https:\/\/www.euregio.eu\/de\/wp-json\/wp\/v2\/agenda\/14250","targetHints":{"allow":["GET"]}}],"collection":[{"href":"https:\/\/www.euregio.eu\/de\/wp-json\/wp\/v2\/agenda"}],"about":[{"href":"https:\/\/www.euregio.eu\/de\/wp-json\/wp\/v2\/types\/agenda"}],"wp:attachment":[{"href":"https:\/\/www.euregio.eu\/de\/wp-json\/wp\/v2\/media?parent=14250"}],"wp:term":[{"taxonomy":"agenda-category","embeddable":true,"href":"https:\/\/www.euregio.eu\/de\/wp-json\/wp\/v2\/agenda-category?post=14250"}],"curies":[{"name":"wp","href":"https:\/\/api.w.org\/{rel}","templated":true}]}}

<div class="fusion-fullwidth fullwidth-box fusion-builder-row-1 fusion-flex-container has-pattern-background has-mask-background nonhundred-percent-fullwidth non-hundred-percent-height-scrolling" style="--awb-border-radius-top-left:0px;--awb-border-radius-top-right:0px;--awb-border-radius-bottom-right:0px;--awb-border-radius-bottom-left:0px;--awb-flex-wrap:wrap;" ><div class="fusion-builder-row fusion-row fusion-flex-align-items-flex-start fusion-flex-content-wrap" style="max-width:1248px;margin-left: calc(-4% / 2 );margin-right: calc(-4% / 2 );"><div class="fusion-layout-column fusion_builder_column fusion-builder-column-0 fusion_builder_column_2_3 2_3 fusion-flex-column" style="--awb-bg-size:cover;--awb-width-large:66.666666666667%;--awb-margin-top-large:0px;--awb-spacing-right-large:2.88%;--awb-margin-bottom-large:32px;--awb-spacing-left-large:2.88%;--awb-width-medium:100%;--awb-order-medium:0;--awb-spacing-right-medium:1.92%;--awb-spacing-left-medium:1.92%;--awb-width-small:100%;--awb-order-small:0;--awb-spacing-right-small:1.92%;--awb-spacing-left-small:1.92%;"><div class="fusion-column-wrapper fusion-column-has-shadow fusion-flex-justify-content-flex-start fusion-content-layout-column"><div class="fusion-text fusion-text-1"><p><strong>Jeden 1. Donnerstag im Monat | 14–19 Uhr | Kurt-Schumacher-Platz, Gronau</strong></p>
<p>Am Donnerstag, den 6. November 2025, steht der Kurt-Schumacher-Platz in Gronau ganz im Zeichen des Themas „Aus der Region“. Bei dieser Ausgabe des GrenzGenuss-Bauernmarkts dreht sich alles um faire, lokale Produkte und die Menschen, die dahinter stehen.</p>
<p>Mit Unterstützung des <a href="https://www.euregio.eu/subsidie/tot-25000-euro/" target="_blank" rel="noopener">Interreg VI Kleinprojektefonds</a> wird erneut ein Marktplatz geschaffen, auf dem Besucher die Vielfalt der EUREGIO entdecken können. Besucher können regionale Produkte kennenlernen, Geschichten von lokalen Bauern und Handwerksunternehmern hören und natürlich reichlich probieren.</p>
<p>Wie jeden Monat gibt es ein spezielles Thema mit Aktionen, besonderen Ausstellern und Aktivitäten für Jung und Alt. Dieses Mal liegt der Schwerpunkt auf der Feier der regionalen Identität und der Förderung kurzer Lieferketten – direkt vom Erzeuger zum Verbraucher.</p>
<p>Kommen Sie vorbei, lernen Sie die Hersteller aus nächster Nähe kennen und erleben Sie den Geschmack und den Stolz unserer Grenzregion auf dem GrenzGenuss Bauernmarkt!</p>
<p><strong>Weitere Informationen:</strong> <a href="https://gronau-inside.de/nl/veranstaltung/grenzgenuss-boerenmarkt-bij-kurti-gronau/2025-09-04" target="_blank" rel="noopener"><strong>www.gronau-inside.de</strong></a></p>
</div></div></div><div class="fusion-layout-column fusion_builder_column fusion-builder-column-1 fusion_builder_column_1_3 1_3 fusion-flex-column" style="--awb-bg-size:cover;--awb-width-large:33.333333333333%;--awb-margin-top-large:0px;--awb-spacing-right-large:5.76%;--awb-margin-bottom-large:32px;--awb-spacing-left-large:5.76%;--awb-width-medium:100%;--awb-order-medium:0;--awb-spacing-right-medium:1.92%;--awb-spacing-left-medium:1.92%;--awb-width-small:100%;--awb-order-small:0;--awb-spacing-right-small:1.92%;--awb-spacing-left-small:1.92%;"><div class="fusion-column-wrapper fusion-column-has-shadow fusion-flex-justify-content-flex-start fusion-content-layout-column"><div class="fusion-image-element " style="--awb-caption-title-font-family:var(--h2_typography-font-family);--awb-caption-title-font-weight:var(--h2_typography-font-weight);--awb-caption-title-font-style:var(--h2_typography-font-style);--awb-caption-title-size:var(--h2_typography-font-size);--awb-caption-title-transform:var(--h2_typography-text-transform);--awb-caption-title-line-height:var(--h2_typography-line-height);--awb-caption-title-letter-spacing:var(--h2_typography-letter-spacing);"><span class=" fusion-imageframe imageframe-none imageframe-1 hover-type-none"><img decoding="async" title="Allgemeines-Poster-Bauernmarkt-A2-Querformat-scaled.png" src="https://www.euregio.eu/wp-content/uploads/2025/09/Allgemeines-Poster-Bauernmarkt-A2-Querformat-scaled.png.avif" alt class="img-responsive wp-image-14159"/></span></div></div></div></div></div>

<!-- This site is optimized with the Yoast SEO plugin v26.4 - https://yoast.com/wordpress/plugins/seo/ -->
<title>GrenzGenuss Bauernmarkt in Gronau - EUREGIO</title>
<meta name="robots" content="index, follow, max-snippet:-1, max-image-preview:large, max-video-preview:-1" />
<link rel="canonical" href="https://www.euregio.eu/de/agenda/grenzgenuss-bauernmarkt-in-gronau-2/" />
<meta property="og:locale" content="de_DE" />
<meta property="og:type" content="article" />
<meta property="og:title" content="GrenzGenuss Bauernmarkt in Gronau - EUREGIO" />
<meta property="og:url" content="https://www.euregio.eu/de/agenda/grenzgenuss-bauernmarkt-in-gronau-2/" />
<meta property="og:site_name" content="EUREGIO" />
<meta name="twitter:card" content="summary_large_image" />
<meta name="twitter:label1" content="Geschätzte Lesezeit" />
	<meta name="twitter:data1" content="2 Minuten" />
<script type="application/ld+json" class="yoast-schema-graph">{"@context":"https://schema.org","@graph":[{"@type":"WebPage","@id":"https://www.euregio.eu/de/agenda/grenzgenuss-bauernmarkt-in-gronau-2/","url":"https://www.euregio.eu/de/agenda/grenzgenuss-bauernmarkt-in-gronau-2/","name":"GrenzGenuss Bauernmarkt in Gronau - EUREGIO","isPartOf":{"@id":"https://www.euregio.eu/de/#website"},"datePublished":"2025-09-10T09:24:16+00:00","breadcrumb":{"@id":"https://www.euregio.eu/de/agenda/grenzgenuss-bauernmarkt-in-gronau-2/#breadcrumb"},"inLanguage":"de","potentialAction":[{"@type":"ReadAction","target":["https://www.euregio.eu/de/agenda/grenzgenuss-bauernmarkt-in-gronau-2/"]}]},{"@type":"BreadcrumbList","@id":"https://www.euregio.eu/de/agenda/grenzgenuss-bauernmarkt-in-gronau-2/#breadcrumb","itemListElement":[{"@type":"ListItem","position":1,"name":"Home","item":"https://www.euregio.eu/de/"},{"@type":"ListItem","position":2,"name":"Agenda","item":"https://www.euregio.eu/de/agenda/"},{"@type":"ListItem","position":3,"name":"GrenzGenuss Bauernmarkt in Gronau"}]},{"@type":"WebSite","@id":"https://www.euregio.eu/de/#website","url":"https://www.euregio.eu/de/","name":"EUREGIO","description":"","potentialAction":[{"@type":"SearchAction","target":{"@type":"EntryPoint","urlTemplate":"https://www.euregio.eu/de/?s={search_term_string}"},"query-input":{"@type":"PropertyValueSpecification","valueRequired":true,"valueName":"search_term_string"}}],"inLanguage":"de"}]}</script>
<!-- / Yoast SEO plugin. -->
