{"id":14160,"date":"2025-09-01T16:51:56","date_gmt":"2025-09-01T15:51:56","guid":{"rendered":"https:\/\/www.euregio.eu\/?post_type=agenda&#038;p=14160"},"modified":"2025-09-01T16:51:56","modified_gmt":"2025-09-01T15:51:56","slug":"grenzgenuss-bauernmarkt-in-gronau","status":"publish","type":"agenda","link":"https:\/\/www.euregio.eu\/de\/agenda\/grenzgenuss-bauernmarkt-in-gronau\/","title":{"rendered":"GrenzGenuss Bauernmarkt in Gronau"},"content":{"rendered":"<div class=\"fusion-fullwidth fullwidth-box fusion-builder-row-1 fusion-flex-container has-pattern-background has-mask-background nonhundred-percent-fullwidth non-hundred-percent-height-scrolling\" style=\"--awb-border-radius-top-left:0px;--awb-border-radius-top-right:0px;--awb-border-radius-bottom-right:0px;--awb-border-radius-bottom-left:0px;--awb-flex-wrap:wrap;\" ><div class=\"fusion-builder-row fusion-row fusion-flex-align-items-flex-start fusion-flex-content-wrap\" style=\"max-width:1248px;margin-left: calc(-4% \/ 2 );margin-right: calc(-4% \/ 2 );\"><div class=\"fusion-layout-column fusion_builder_column fusion-builder-column-0 fusion_builder_column_2_3 2_3 fusion-flex-column\" style=\"--awb-bg-size:cover;--awb-width-large:66.666666666667%;--awb-margin-top-large:0px;--awb-spacing-right-large:2.88%;--awb-margin-bottom-large:32px;--awb-spacing-left-large:2.88%;--awb-width-medium:100%;--awb-order-medium:0;--awb-spacing-right-medium:1.92%;--awb-spacing-left-medium:1.92%;--awb-width-small:100%;--awb-order-small:0;--awb-spacing-right-small:1.92%;--awb-spacing-left-small:1.92%;\"><div class=\"fusion-column-wrapper fusion-column-has-shadow fusion-flex-justify-content-flex-start fusion-content-layout-column\"><div class=\"fusion-text fusion-text-1\"><p><strong>Jeden 1. Donnerstag im Monat | 14\u201319 Uhr | Kurt-Schumacher-Platz, Gronau<\/strong><\/p>\n<p>Am kommenden Donnerstag, 4. September, um 17:00 Uhr wird B\u00fcrgermeister Doetkotte auf dem Kurt-Schumacher-Platz den ersten \u201eGrenzGenuss Bauernmarkt\u201c in Gronau feierlich er\u00f6ffnen. Im Rahmen der offiziellen Er\u00f6ffnung wird Dr. Gerd Reuter als Vertreter der EUREGIO ein Gru\u00dfwort sprechen.<\/p>\n<p>Das neue Projekt, das aus Mitteln des <a href=\"https:\/\/www.euregio.eu\/de\/foerderungen\/bis-25000-euro\/\"><strong>Interreg VI-Kleinprojektefonds<\/strong><\/a> gef\u00f6rdert wird, hat das Ziel, regionale Produkte aus Deutschland und den Niederlanden im Herzen von Gronau durch verschiedene regionale Anbieter anzubieten. Auf die Besucherinnen und Besucher warten frische, saisonale Produkte, regionale Spezialit\u00e4ten und ein echtes Markterlebnis direkt vor der Haust\u00fcr.<\/p>\n<p>Jeden Monat sorgt ein wechselndes Motto f\u00fcr Abwechslung mit speziellen Aktionen, besonderen Ausstellern und vielen \u00dcberraschungen \u2013 ein Highlight f\u00fcr die ganze Familie!<\/p>\n<p>Kommen Sie vorbei, genie\u00dfen Sie die grenz\u00fcberschreitende Vielfalt und entdecken Sie Neues beim GrenzGenuss Bauernmarkt!<\/p>\n<p><strong>Weitere Informationen:<\/strong> <a href=\"https:\/\/gronau-inside.de\/veranstaltung\/grenzgenuss-bauernmarkt-am-kurti-gronau\/2025-09-04\" target=\"_blank\" rel=\"noopener\"><strong>www.gronau-inside.de<\/strong><\/a><\/p>\n<\/div><\/div><\/div><div class=\"fusion-layout-column fusion_builder_column fusion-builder-column-1 fusion_builder_column_1_3 1_3 fusion-flex-column\" style=\"--awb-bg-size:cover;--awb-width-large:33.333333333333%;--awb-margin-top-large:0px;--awb-spacing-right-large:5.76%;--awb-margin-bottom-large:32px;--awb-spacing-left-large:5.76%;--awb-width-medium:100%;--awb-order-medium:0;--awb-spacing-right-medium:1.92%;--awb-spacing-left-medium:1.92%;--awb-width-small:100%;--awb-order-small:0;--awb-spacing-right-small:1.92%;--awb-spacing-left-small:1.92%;\"><div class=\"fusion-column-wrapper fusion-column-has-shadow fusion-flex-justify-content-flex-start fusion-content-layout-column\"><div class=\"fusion-image-element \" style=\"--awb-caption-title-font-family:var(--h2_typography-font-family);--awb-caption-title-font-weight:var(--h2_typography-font-weight);--awb-caption-title-font-style:var(--h2_typography-font-style);--awb-caption-title-size:var(--h2_typography-font-size);--awb-caption-title-transform:var(--h2_typography-text-transform);--awb-caption-title-line-height:var(--h2_typography-line-height);--awb-caption-title-letter-spacing:var(--h2_typography-letter-spacing);\"><span class=\" fusion-imageframe imageframe-none imageframe-1 hover-type-none\"><img decoding=\"async\" title=\"Allgemeines-Poster-Bauernmarkt-A2-Querformat-scaled.png\" src=\"https:\/\/www.euregio.eu\/wp-content\/uploads\/2025\/09\/Allgemeines-Poster-Bauernmarkt-A2-Querformat-scaled.png.avif\" alt class=\"img-responsive wp-image-14159\"\/><\/span><\/div><\/div><\/div><\/div><\/div>\n","protected":false},"template":"","agenda-category":[],"class_list":["post-14160","agenda","type-agenda","status-publish","hentry"],"yoast_head":"<!-- This site is optimized with the Yoast SEO plugin v26.4 - https:\/\/yoast.com\/wordpress\/plugins\/seo\/ -->\n<title>GrenzGenuss Bauernmarkt in Gronau - EUREGIO<\/title>\n<meta name=\"robots\" content=\"index, follow, max-snippet:-1, max-image-preview:large, max-video-preview:-1\" \/>\n<link rel=\"canonical\" href=\"https:\/\/www.euregio.eu\/de\/agenda\/grenzgenuss-bauernmarkt-in-gronau\/\" \/>\n<meta property=\"og:locale\" content=\"de_DE\" \/>\n<meta property=\"og:type\" content=\"article\" \/>\n<meta property=\"og:title\" content=\"GrenzGenuss Bauernmarkt in Gronau - EUREGIO\" \/>\n<meta property=\"og:url\" content=\"https:\/\/www.euregio.eu\/de\/agenda\/grenzgenuss-bauernmarkt-in-gronau\/\" \/>\n<meta property=\"og:site_name\" content=\"EUREGIO\" \/>\n<meta name=\"twitter:card\" content=\"summary_large_image\" \/>\n<script type=\"application\/ld+json\" class=\"yoast-schema-graph\">{\"@context\":\"https:\/\/schema.org\",\"@graph\":[{\"@type\":\"WebPage\",\"@id\":\"https:\/\/www.euregio.eu\/de\/agenda\/grenzgenuss-bauernmarkt-in-gronau\/\",\"url\":\"https:\/\/www.euregio.eu\/de\/agenda\/grenzgenuss-bauernmarkt-in-gronau\/\",\"name\":\"GrenzGenuss Bauernmarkt in Gronau - EUREGIO\",\"isPartOf\":{\"@id\":\"https:\/\/www.euregio.eu\/de\/#website\"},\"datePublished\":\"2025-09-01T15:51:56+00:00\",\"breadcrumb\":{\"@id\":\"https:\/\/www.euregio.eu\/de\/agenda\/grenzgenuss-bauernmarkt-in-gronau\/#breadcrumb\"},\"inLanguage\":\"de\",\"potentialAction\":[{\"@type\":\"ReadAction\",\"target\":[\"https:\/\/www.euregio.eu\/de\/agenda\/grenzgenuss-bauernmarkt-in-gronau\/\"]}]},{\"@type\":\"BreadcrumbList\",\"@id\":\"https:\/\/www.euregio.eu\/de\/agenda\/grenzgenuss-bauernmarkt-in-gronau\/#breadcrumb\",\"itemListElement\":[{\"@type\":\"ListItem\",\"position\":1,\"name\":\"Home\",\"item\":\"https:\/\/www.euregio.eu\/de\/\"},{\"@type\":\"ListItem\",\"position\":2,\"name\":\"Agenda\",\"item\":\"https:\/\/www.euregio.eu\/de\/agenda\/\"},{\"@type\":\"ListItem\",\"position\":3,\"name\":\"GrenzGenuss Bauernmarkt in Gronau\"}]},{\"@type\":\"WebSite\",\"@id\":\"https:\/\/www.euregio.eu\/de\/#website\",\"url\":\"https:\/\/www.euregio.eu\/de\/\",\"name\":\"EUREGIO\",\"description\":\"\",\"potentialAction\":[{\"@type\":\"SearchAction\",\"target\":{\"@type\":\"EntryPoint\",\"urlTemplate\":\"https:\/\/www.euregio.eu\/de\/?s={search_term_string}\"},\"query-input\":{\"@type\":\"PropertyValueSpecification\",\"valueRequired\":true,\"valueName\":\"search_term_string\"}}],\"inLanguage\":\"de\"}]}<\/script>\n<!-- \/ Yoast SEO plugin. -->","yoast_head_json":{"title":"GrenzGenuss Bauernmarkt in Gronau - EUREGIO","robots":{"index":"index","follow":"follow","max-snippet":"max-snippet:-1","max-image-preview":"max-image-preview:large","max-video-preview":"max-video-preview:-1"},"canonical":"https:\/\/www.euregio.eu\/de\/agenda\/grenzgenuss-bauernmarkt-in-gronau\/","og_locale":"de_DE","og_type":"article","og_title":"GrenzGenuss Bauernmarkt in Gronau - EUREGIO","og_url":"https:\/\/www.euregio.eu\/de\/agenda\/grenzgenuss-bauernmarkt-in-gronau\/","og_site_name":"EUREGIO","twitter_card":"summary_large_image","schema":{"@context":"https:\/\/schema.org","@graph":[{"@type":"WebPage","@id":"https:\/\/www.euregio.eu\/de\/agenda\/grenzgenuss-bauernmarkt-in-gronau\/","url":"https:\/\/www.euregio.eu\/de\/agenda\/grenzgenuss-bauernmarkt-in-gronau\/","name":"GrenzGenuss Bauernmarkt in Gronau - EUREGIO","isPartOf":{"@id":"https:\/\/www.euregio.eu\/de\/#website"},"datePublished":"2025-09-01T15:51:56+00:00","breadcrumb":{"@id":"https:\/\/www.euregio.eu\/de\/agenda\/grenzgenuss-bauernmarkt-in-gronau\/#breadcrumb"},"inLanguage":"de","potentialAction":[{"@type":"ReadAction","target":["https:\/\/www.euregio.eu\/de\/agenda\/grenzgenuss-bauernmarkt-in-gronau\/"]}]},{"@type":"BreadcrumbList","@id":"https:\/\/www.euregio.eu\/de\/agenda\/grenzgenuss-bauernmarkt-in-gronau\/#breadcrumb","itemListElement":[{"@type":"ListItem","position":1,"name":"Home","item":"https:\/\/www.euregio.eu\/de\/"},{"@type":"ListItem","position":2,"name":"Agenda","item":"https:\/\/www.euregio.eu\/de\/agenda\/"},{"@type":"ListItem","position":3,"name":"GrenzGenuss Bauernmarkt in Gronau"}]},{"@type":"WebSite","@id":"https:\/\/www.euregio.eu\/de\/#website","url":"https:\/\/www.euregio.eu\/de\/","name":"EUREGIO","description":"","potentialAction":[{"@type":"SearchAction","target":{"@type":"EntryPoint","urlTemplate":"https:\/\/www.euregio.eu\/de\/?s={search_term_string}"},"query-input":{"@type":"PropertyValueSpecification","valueRequired":true,"valueName":"search_term_string"}}],"inLanguage":"de"}]}},"_links":{"self":[{"href":"https:\/\/www.euregio.eu\/de\/wp-json\/wp\/v2\/agenda\/14160","targetHints":{"allow":["GET"]}}],"collection":[{"href":"https:\/\/www.euregio.eu\/de\/wp-json\/wp\/v2\/agenda"}],"about":[{"href":"https:\/\/www.euregio.eu\/de\/wp-json\/wp\/v2\/types\/agenda"}],"wp:attachment":[{"href":"https:\/\/www.euregio.eu\/de\/wp-json\/wp\/v2\/media?parent=14160"}],"wp:term":[{"taxonomy":"agenda-category","embeddable":true,"href":"https:\/\/www.euregio.eu\/de\/wp-json\/wp\/v2\/agenda-category?post=14160"}],"curies":[{"name":"wp","href":"https:\/\/api.w.org\/{rel}","templated":true}]}}

<div class="fusion-fullwidth fullwidth-box fusion-builder-row-1 fusion-flex-container has-pattern-background has-mask-background nonhundred-percent-fullwidth non-hundred-percent-height-scrolling" style="--awb-border-radius-top-left:0px;--awb-border-radius-top-right:0px;--awb-border-radius-bottom-right:0px;--awb-border-radius-bottom-left:0px;--awb-flex-wrap:wrap;" ><div class="fusion-builder-row fusion-row fusion-flex-align-items-flex-start fusion-flex-content-wrap" style="max-width:1248px;margin-left: calc(-4% / 2 );margin-right: calc(-4% / 2 );"><div class="fusion-layout-column fusion_builder_column fusion-builder-column-0 fusion_builder_column_2_3 2_3 fusion-flex-column" style="--awb-bg-size:cover;--awb-width-large:66.666666666667%;--awb-margin-top-large:0px;--awb-spacing-right-large:2.88%;--awb-margin-bottom-large:32px;--awb-spacing-left-large:2.88%;--awb-width-medium:100%;--awb-order-medium:0;--awb-spacing-right-medium:1.92%;--awb-spacing-left-medium:1.92%;--awb-width-small:100%;--awb-order-small:0;--awb-spacing-right-small:1.92%;--awb-spacing-left-small:1.92%;"><div class="fusion-column-wrapper fusion-column-has-shadow fusion-flex-justify-content-flex-start fusion-content-layout-column"><div class="fusion-text fusion-text-1"><p><strong>Jeden 1. Donnerstag im Monat | 14–19 Uhr | Kurt-Schumacher-Platz, Gronau</strong></p>
<p>Am kommenden Donnerstag, 4. September, um 17:00 Uhr wird Bürgermeister Doetkotte auf dem Kurt-Schumacher-Platz den ersten „GrenzGenuss Bauernmarkt“ in Gronau feierlich eröffnen. Im Rahmen der offiziellen Eröffnung wird Dr. Gerd Reuter als Vertreter der EUREGIO ein Grußwort sprechen.</p>
<p>Das neue Projekt, das aus Mitteln des <a href="https://www.euregio.eu/de/foerderungen/bis-25000-euro/"><strong>Interreg VI-Kleinprojektefonds</strong></a> gefördert wird, hat das Ziel, regionale Produkte aus Deutschland und den Niederlanden im Herzen von Gronau durch verschiedene regionale Anbieter anzubieten. Auf die Besucherinnen und Besucher warten frische, saisonale Produkte, regionale Spezialitäten und ein echtes Markterlebnis direkt vor der Haustür.</p>
<p>Jeden Monat sorgt ein wechselndes Motto für Abwechslung mit speziellen Aktionen, besonderen Ausstellern und vielen Überraschungen – ein Highlight für die ganze Familie!</p>
<p>Kommen Sie vorbei, genießen Sie die grenzüberschreitende Vielfalt und entdecken Sie Neues beim GrenzGenuss Bauernmarkt!</p>
<p><strong>Weitere Informationen:</strong> <a href="https://gronau-inside.de/veranstaltung/grenzgenuss-bauernmarkt-am-kurti-gronau/2025-09-04" target="_blank" rel="noopener"><strong>www.gronau-inside.de</strong></a></p>
</div></div></div><div class="fusion-layout-column fusion_builder_column fusion-builder-column-1 fusion_builder_column_1_3 1_3 fusion-flex-column" style="--awb-bg-size:cover;--awb-width-large:33.333333333333%;--awb-margin-top-large:0px;--awb-spacing-right-large:5.76%;--awb-margin-bottom-large:32px;--awb-spacing-left-large:5.76%;--awb-width-medium:100%;--awb-order-medium:0;--awb-spacing-right-medium:1.92%;--awb-spacing-left-medium:1.92%;--awb-width-small:100%;--awb-order-small:0;--awb-spacing-right-small:1.92%;--awb-spacing-left-small:1.92%;"><div class="fusion-column-wrapper fusion-column-has-shadow fusion-flex-justify-content-flex-start fusion-content-layout-column"><div class="fusion-image-element " style="--awb-caption-title-font-family:var(--h2_typography-font-family);--awb-caption-title-font-weight:var(--h2_typography-font-weight);--awb-caption-title-font-style:var(--h2_typography-font-style);--awb-caption-title-size:var(--h2_typography-font-size);--awb-caption-title-transform:var(--h2_typography-text-transform);--awb-caption-title-line-height:var(--h2_typography-line-height);--awb-caption-title-letter-spacing:var(--h2_typography-letter-spacing);"><span class=" fusion-imageframe imageframe-none imageframe-1 hover-type-none"><img decoding="async" title="Allgemeines-Poster-Bauernmarkt-A2-Querformat-scaled.png" src="https://www.euregio.eu/wp-content/uploads/2025/09/Allgemeines-Poster-Bauernmarkt-A2-Querformat-scaled.png.avif" alt class="img-responsive wp-image-14159"/></span></div></div></div></div></div>
