{"id":14139,"date":"2025-08-27T17:06:42","date_gmt":"2025-08-27T16:06:42","guid":{"rendered":"https:\/\/www.euregio.eu\/?post_type=agenda&#038;p=14139"},"modified":"2025-08-27T17:08:12","modified_gmt":"2025-08-27T16:08:12","slug":"tag-der-niedersachsen-die-euregio-ist-dabei","status":"publish","type":"agenda","link":"https:\/\/www.euregio.eu\/de\/agenda\/tag-der-niedersachsen-die-euregio-ist-dabei\/","title":{"rendered":"Tag der Niedersachsen \u2013 Die EUREGIO ist dabei!"},"content":{"rendered":"<div class=\"fusion-fullwidth fullwidth-box fusion-builder-row-1 fusion-flex-container has-pattern-background has-mask-background nonhundred-percent-fullwidth non-hundred-percent-height-scrolling\" style=\"--awb-border-radius-top-left:0px;--awb-border-radius-top-right:0px;--awb-border-radius-bottom-right:0px;--awb-border-radius-bottom-left:0px;--awb-flex-wrap:wrap;\" ><div class=\"fusion-builder-row fusion-row fusion-flex-align-items-flex-start fusion-flex-content-wrap\" style=\"max-width:1248px;margin-left: calc(-4% \/ 2 );margin-right: calc(-4% \/ 2 );\"><div class=\"fusion-layout-column fusion_builder_column fusion-builder-column-0 fusion_builder_column_2_3 2_3 fusion-flex-column\" style=\"--awb-bg-size:cover;--awb-width-large:66.666666666667%;--awb-margin-top-large:0px;--awb-spacing-right-large:2.88%;--awb-margin-bottom-large:32px;--awb-spacing-left-large:2.88%;--awb-width-medium:100%;--awb-order-medium:0;--awb-spacing-right-medium:1.92%;--awb-spacing-left-medium:1.92%;--awb-width-small:100%;--awb-order-small:0;--awb-spacing-right-small:1.92%;--awb-spacing-left-small:1.92%;\"><div class=\"fusion-column-wrapper fusion-column-has-shadow fusion-flex-justify-content-flex-start fusion-content-layout-column\"><div class=\"fusion-text fusion-text-1\"><p><strong>Unter dem Motto &#8222;Osnabr\u00fcck macht&#8217;s m\u00f6glich&#8220; findet vom 29. bis zum 31. August in der Osnabr\u00fccker Innenstadt die 38. Ausgabe des &#8222;Tags der Niedersachsen&#8220; statt. Auf zehn Themenmeilen und acht B\u00fchnen erwarten Sie ein festliches Wochenende voller Vielfalt, Kultur und Ehrenamt und ein abwechslungsreiches Programm rund um die kulturelle und wirtschaftliche Bedeutung unserer Region.<\/strong><\/p>\n<p>Und die EUREGIO ist auch dabei! Besuchen Sie uns am Stand des Europab\u00fcros des Landkreises Osnabr\u00fcck auf der Info- und Erlebnismeile in der Gro\u00dfen Stra\u00dfe 57.<\/p>\n<p><strong>\u00d6ffnungszeiten der Themenmeilen<\/strong><\/p>\n<ul>\n<li>Freitag, 29.08.2025 von 16:00 \u2014 20:00 Uhr<\/li>\n<li>Samstag, 30.08.2025 von 10:00 \u2014 20:00 Uhr<\/li>\n<li>Sonntag, 31.08.2025 von 11:00 \u2014 18:00 Uhr<\/li>\n<\/ul>\n<p>Wir freuen uns auf Sie!<\/p>\n<p>Mehr Information zum &#8222;Tag der Niedersachsen&#8220; finden Sie auf der <a href=\"https:\/\/erleben.osnabrueck.de\/de\/stadt-erleben\/tag-der-niedersachsen\/\" target=\"_blank\" rel=\"noopener\"><strong>Website der Stadt Osnabr\u00fcck<\/strong><\/a>.<\/p>\n<\/div><\/div><\/div><div class=\"fusion-layout-column fusion_builder_column fusion-builder-column-1 fusion_builder_column_1_3 1_3 fusion-flex-column\" style=\"--awb-bg-size:cover;--awb-width-large:33.333333333333%;--awb-margin-top-large:0px;--awb-spacing-right-large:5.76%;--awb-margin-bottom-large:32px;--awb-spacing-left-large:5.76%;--awb-width-medium:100%;--awb-order-medium:0;--awb-spacing-right-medium:1.92%;--awb-spacing-left-medium:1.92%;--awb-width-small:100%;--awb-order-small:0;--awb-spacing-right-small:1.92%;--awb-spacing-left-small:1.92%;\"><div class=\"fusion-column-wrapper fusion-column-has-shadow fusion-flex-justify-content-flex-start fusion-content-layout-column\"><div class=\"fusion-image-element \" style=\"--awb-caption-title-font-family:var(--h2_typography-font-family);--awb-caption-title-font-weight:var(--h2_typography-font-weight);--awb-caption-title-font-style:var(--h2_typography-font-style);--awb-caption-title-size:var(--h2_typography-font-size);--awb-caption-title-transform:var(--h2_typography-text-transform);--awb-caption-title-line-height:var(--h2_typography-line-height);--awb-caption-title-letter-spacing:var(--h2_typography-letter-spacing);\"><span class=\" fusion-imageframe imageframe-none imageframe-1 hover-type-none\"><a href=\"https:\/\/www.euregio.eu\/wp-content\/uploads\/2025\/08\/ED_TdN.jpg\" class=\"fusion-lightbox\" data-rel=\"iLightbox[9ee5afad5a3469a9d9c]\" data-title=\"Tag der Niedersachsen \u2013 De EUREGIO is erbij!\" title=\"Tag der Niedersachsen \u2013 De EUREGIO is erbij!\"><img decoding=\"async\" width=\"764\" height=\"1080\" src=\"https:\/\/www.euregio.eu\/wp-content\/uploads\/2025\/08\/ED_TdN.jpg\" alt class=\"img-responsive wp-image-14138\" srcset=\"https:\/\/www.euregio.eu\/wp-content\/uploads\/2025\/08\/ED_TdN-200x283.jpg 200w, https:\/\/www.euregio.eu\/wp-content\/uploads\/2025\/08\/ED_TdN-400x565.jpg 400w, https:\/\/www.euregio.eu\/wp-content\/uploads\/2025\/08\/ED_TdN-600x848.jpg 600w, https:\/\/www.euregio.eu\/wp-content\/uploads\/2025\/08\/ED_TdN.jpg 764w\" sizes=\"(max-width: 1024px) 100vw, (max-width: 640px) 100vw, 400px\" \/><\/a><\/span><\/div><\/div><\/div><\/div><\/div>\n","protected":false},"template":"","agenda-category":[],"class_list":["post-14139","agenda","type-agenda","status-publish","hentry"],"yoast_head":"<!-- This site is optimized with the Yoast SEO plugin v26.4 - https:\/\/yoast.com\/wordpress\/plugins\/seo\/ -->\n<title>Tag der Niedersachsen \u2013 Die EUREGIO ist dabei! - EUREGIO<\/title>\n<meta name=\"robots\" content=\"index, follow, max-snippet:-1, max-image-preview:large, max-video-preview:-1\" \/>\n<link rel=\"canonical\" href=\"https:\/\/www.euregio.eu\/de\/agenda\/tag-der-niedersachsen-die-euregio-ist-dabei\/\" \/>\n<meta property=\"og:locale\" content=\"de_DE\" \/>\n<meta property=\"og:type\" content=\"article\" \/>\n<meta property=\"og:title\" content=\"Tag der Niedersachsen \u2013 Die EUREGIO ist dabei! - EUREGIO\" \/>\n<meta property=\"og:url\" content=\"https:\/\/www.euregio.eu\/de\/agenda\/tag-der-niedersachsen-die-euregio-ist-dabei\/\" \/>\n<meta property=\"og:site_name\" content=\"EUREGIO\" \/>\n<meta property=\"article:modified_time\" content=\"2025-08-27T16:08:12+00:00\" \/>\n<meta name=\"twitter:card\" content=\"summary_large_image\" \/>\n<meta name=\"twitter:label1\" content=\"Gesch\u00e4tzte Lesezeit\" \/>\n\t<meta name=\"twitter:data1\" content=\"1\u00a0Minute\" \/>\n<script type=\"application\/ld+json\" class=\"yoast-schema-graph\">{\"@context\":\"https:\/\/schema.org\",\"@graph\":[{\"@type\":\"WebPage\",\"@id\":\"https:\/\/www.euregio.eu\/de\/agenda\/tag-der-niedersachsen-die-euregio-ist-dabei\/\",\"url\":\"https:\/\/www.euregio.eu\/de\/agenda\/tag-der-niedersachsen-die-euregio-ist-dabei\/\",\"name\":\"Tag der Niedersachsen \u2013 Die EUREGIO ist dabei! - EUREGIO\",\"isPartOf\":{\"@id\":\"https:\/\/www.euregio.eu\/de\/#website\"},\"datePublished\":\"2025-08-27T16:06:42+00:00\",\"dateModified\":\"2025-08-27T16:08:12+00:00\",\"breadcrumb\":{\"@id\":\"https:\/\/www.euregio.eu\/de\/agenda\/tag-der-niedersachsen-die-euregio-ist-dabei\/#breadcrumb\"},\"inLanguage\":\"de\",\"potentialAction\":[{\"@type\":\"ReadAction\",\"target\":[\"https:\/\/www.euregio.eu\/de\/agenda\/tag-der-niedersachsen-die-euregio-ist-dabei\/\"]}]},{\"@type\":\"BreadcrumbList\",\"@id\":\"https:\/\/www.euregio.eu\/de\/agenda\/tag-der-niedersachsen-die-euregio-ist-dabei\/#breadcrumb\",\"itemListElement\":[{\"@type\":\"ListItem\",\"position\":1,\"name\":\"Home\",\"item\":\"https:\/\/www.euregio.eu\/de\/\"},{\"@type\":\"ListItem\",\"position\":2,\"name\":\"Agenda\",\"item\":\"https:\/\/www.euregio.eu\/de\/agenda\/\"},{\"@type\":\"ListItem\",\"position\":3,\"name\":\"Tag der Niedersachsen \u2013 Die EUREGIO ist dabei!\"}]},{\"@type\":\"WebSite\",\"@id\":\"https:\/\/www.euregio.eu\/de\/#website\",\"url\":\"https:\/\/www.euregio.eu\/de\/\",\"name\":\"EUREGIO\",\"description\":\"\",\"potentialAction\":[{\"@type\":\"SearchAction\",\"target\":{\"@type\":\"EntryPoint\",\"urlTemplate\":\"https:\/\/www.euregio.eu\/de\/?s={search_term_string}\"},\"query-input\":{\"@type\":\"PropertyValueSpecification\",\"valueRequired\":true,\"valueName\":\"search_term_string\"}}],\"inLanguage\":\"de\"}]}<\/script>\n<!-- \/ Yoast SEO plugin. -->","yoast_head_json":{"title":"Tag der Niedersachsen \u2013 Die EUREGIO ist dabei! - EUREGIO","robots":{"index":"index","follow":"follow","max-snippet":"max-snippet:-1","max-image-preview":"max-image-preview:large","max-video-preview":"max-video-preview:-1"},"canonical":"https:\/\/www.euregio.eu\/de\/agenda\/tag-der-niedersachsen-die-euregio-ist-dabei\/","og_locale":"de_DE","og_type":"article","og_title":"Tag der Niedersachsen \u2013 Die EUREGIO ist dabei! - EUREGIO","og_url":"https:\/\/www.euregio.eu\/de\/agenda\/tag-der-niedersachsen-die-euregio-ist-dabei\/","og_site_name":"EUREGIO","article_modified_time":"2025-08-27T16:08:12+00:00","twitter_card":"summary_large_image","twitter_misc":{"Gesch\u00e4tzte Lesezeit":"1\u00a0Minute"},"schema":{"@context":"https:\/\/schema.org","@graph":[{"@type":"WebPage","@id":"https:\/\/www.euregio.eu\/de\/agenda\/tag-der-niedersachsen-die-euregio-ist-dabei\/","url":"https:\/\/www.euregio.eu\/de\/agenda\/tag-der-niedersachsen-die-euregio-ist-dabei\/","name":"Tag der Niedersachsen \u2013 Die EUREGIO ist dabei! - EUREGIO","isPartOf":{"@id":"https:\/\/www.euregio.eu\/de\/#website"},"datePublished":"2025-08-27T16:06:42+00:00","dateModified":"2025-08-27T16:08:12+00:00","breadcrumb":{"@id":"https:\/\/www.euregio.eu\/de\/agenda\/tag-der-niedersachsen-die-euregio-ist-dabei\/#breadcrumb"},"inLanguage":"de","potentialAction":[{"@type":"ReadAction","target":["https:\/\/www.euregio.eu\/de\/agenda\/tag-der-niedersachsen-die-euregio-ist-dabei\/"]}]},{"@type":"BreadcrumbList","@id":"https:\/\/www.euregio.eu\/de\/agenda\/tag-der-niedersachsen-die-euregio-ist-dabei\/#breadcrumb","itemListElement":[{"@type":"ListItem","position":1,"name":"Home","item":"https:\/\/www.euregio.eu\/de\/"},{"@type":"ListItem","position":2,"name":"Agenda","item":"https:\/\/www.euregio.eu\/de\/agenda\/"},{"@type":"ListItem","position":3,"name":"Tag der Niedersachsen \u2013 Die EUREGIO ist dabei!"}]},{"@type":"WebSite","@id":"https:\/\/www.euregio.eu\/de\/#website","url":"https:\/\/www.euregio.eu\/de\/","name":"EUREGIO","description":"","potentialAction":[{"@type":"SearchAction","target":{"@type":"EntryPoint","urlTemplate":"https:\/\/www.euregio.eu\/de\/?s={search_term_string}"},"query-input":{"@type":"PropertyValueSpecification","valueRequired":true,"valueName":"search_term_string"}}],"inLanguage":"de"}]}},"_links":{"self":[{"href":"https:\/\/www.euregio.eu\/de\/wp-json\/wp\/v2\/agenda\/14139","targetHints":{"allow":["GET"]}}],"collection":[{"href":"https:\/\/www.euregio.eu\/de\/wp-json\/wp\/v2\/agenda"}],"about":[{"href":"https:\/\/www.euregio.eu\/de\/wp-json\/wp\/v2\/types\/agenda"}],"wp:attachment":[{"href":"https:\/\/www.euregio.eu\/de\/wp-json\/wp\/v2\/media?parent=14139"}],"wp:term":[{"taxonomy":"agenda-category","embeddable":true,"href":"https:\/\/www.euregio.eu\/de\/wp-json\/wp\/v2\/agenda-category?post=14139"}],"curies":[{"name":"wp","href":"https:\/\/api.w.org\/{rel}","templated":true}]}}

<div class="fusion-fullwidth fullwidth-box fusion-builder-row-1 fusion-flex-container has-pattern-background has-mask-background nonhundred-percent-fullwidth non-hundred-percent-height-scrolling" style="--awb-border-radius-top-left:0px;--awb-border-radius-top-right:0px;--awb-border-radius-bottom-right:0px;--awb-border-radius-bottom-left:0px;--awb-flex-wrap:wrap;" ><div class="fusion-builder-row fusion-row fusion-flex-align-items-flex-start fusion-flex-content-wrap" style="max-width:1248px;margin-left: calc(-4% / 2 );margin-right: calc(-4% / 2 );"><div class="fusion-layout-column fusion_builder_column fusion-builder-column-0 fusion_builder_column_2_3 2_3 fusion-flex-column" style="--awb-bg-size:cover;--awb-width-large:66.666666666667%;--awb-margin-top-large:0px;--awb-spacing-right-large:2.88%;--awb-margin-bottom-large:32px;--awb-spacing-left-large:2.88%;--awb-width-medium:100%;--awb-order-medium:0;--awb-spacing-right-medium:1.92%;--awb-spacing-left-medium:1.92%;--awb-width-small:100%;--awb-order-small:0;--awb-spacing-right-small:1.92%;--awb-spacing-left-small:1.92%;"><div class="fusion-column-wrapper fusion-column-has-shadow fusion-flex-justify-content-flex-start fusion-content-layout-column"><div class="fusion-text fusion-text-1"><p><strong>Unter dem Motto &#8222;Osnabrück macht&#8217;s möglich&#8220; findet vom 29. bis zum 31. August in der Osnabrücker Innenstadt die 38. Ausgabe des &#8222;Tags der Niedersachsen&#8220; statt. Auf zehn Themenmeilen und acht Bühnen erwarten Sie ein festliches Wochenende voller Vielfalt, Kultur und Ehrenamt und ein abwechslungsreiches Programm rund um die kulturelle und wirtschaftliche Bedeutung unserer Region.</strong></p>
<p>Und die EUREGIO ist auch dabei! Besuchen Sie uns am Stand des Europabüros des Landkreises Osnabrück auf der Info- und Erlebnismeile in der Großen Straße 57.</p>
<p><strong>Öffnungszeiten der Themenmeilen</strong></p>
<ul>
<li>Freitag, 29.08.2025 von 16:00 — 20:00 Uhr</li>
<li>Samstag, 30.08.2025 von 10:00 — 20:00 Uhr</li>
<li>Sonntag, 31.08.2025 von 11:00 — 18:00 Uhr</li>
</ul>
<p>Wir freuen uns auf Sie!</p>
<p>Mehr Information zum &#8222;Tag der Niedersachsen&#8220; finden Sie auf der <a href="https://erleben.osnabrueck.de/de/stadt-erleben/tag-der-niedersachsen/" target="_blank" rel="noopener"><strong>Website der Stadt Osnabrück</strong></a>.</p>
</div></div></div><div class="fusion-layout-column fusion_builder_column fusion-builder-column-1 fusion_builder_column_1_3 1_3 fusion-flex-column" style="--awb-bg-size:cover;--awb-width-large:33.333333333333%;--awb-margin-top-large:0px;--awb-spacing-right-large:5.76%;--awb-margin-bottom-large:32px;--awb-spacing-left-large:5.76%;--awb-width-medium:100%;--awb-order-medium:0;--awb-spacing-right-medium:1.92%;--awb-spacing-left-medium:1.92%;--awb-width-small:100%;--awb-order-small:0;--awb-spacing-right-small:1.92%;--awb-spacing-left-small:1.92%;"><div class="fusion-column-wrapper fusion-column-has-shadow fusion-flex-justify-content-flex-start fusion-content-layout-column"><div class="fusion-image-element " style="--awb-caption-title-font-family:var(--h2_typography-font-family);--awb-caption-title-font-weight:var(--h2_typography-font-weight);--awb-caption-title-font-style:var(--h2_typography-font-style);--awb-caption-title-size:var(--h2_typography-font-size);--awb-caption-title-transform:var(--h2_typography-text-transform);--awb-caption-title-line-height:var(--h2_typography-line-height);--awb-caption-title-letter-spacing:var(--h2_typography-letter-spacing);"><span class=" fusion-imageframe imageframe-none imageframe-1 hover-type-none"><a href="https://www.euregio.eu/wp-content/uploads/2025/08/ED_TdN.jpg" class="fusion-lightbox" data-rel="iLightbox[9ee5afad5a3469a9d9c]" data-title="Tag der Niedersachsen – De EUREGIO is erbij!" title="Tag der Niedersachsen – De EUREGIO is erbij!"><img decoding="async" width="764" height="1080" src="https://www.euregio.eu/wp-content/uploads/2025/08/ED_TdN.jpg" alt class="img-responsive wp-image-14138" srcset="https://www.euregio.eu/wp-content/uploads/2025/08/ED_TdN-200x283.jpg 200w, https://www.euregio.eu/wp-content/uploads/2025/08/ED_TdN-400x565.jpg 400w, https://www.euregio.eu/wp-content/uploads/2025/08/ED_TdN-600x848.jpg 600w, https://www.euregio.eu/wp-content/uploads/2025/08/ED_TdN.jpg 764w" sizes="(max-width: 1024px) 100vw, (max-width: 640px) 100vw, 400px" /></a></span></div></div></div></div></div>

<!-- This site is optimized with the Yoast SEO plugin v26.4 - https://yoast.com/wordpress/plugins/seo/ -->
<title>Tag der Niedersachsen – Die EUREGIO ist dabei! - EUREGIO</title>
<meta name="robots" content="index, follow, max-snippet:-1, max-image-preview:large, max-video-preview:-1" />
<link rel="canonical" href="https://www.euregio.eu/de/agenda/tag-der-niedersachsen-die-euregio-ist-dabei/" />
<meta property="og:locale" content="de_DE" />
<meta property="og:type" content="article" />
<meta property="og:title" content="Tag der Niedersachsen – Die EUREGIO ist dabei! - EUREGIO" />
<meta property="og:url" content="https://www.euregio.eu/de/agenda/tag-der-niedersachsen-die-euregio-ist-dabei/" />
<meta property="og:site_name" content="EUREGIO" />
<meta property="article:modified_time" content="2025-08-27T16:08:12+00:00" />
<meta name="twitter:card" content="summary_large_image" />
<meta name="twitter:label1" content="Geschätzte Lesezeit" />
	<meta name="twitter:data1" content="1 Minute" />
<script type="application/ld+json" class="yoast-schema-graph">{"@context":"https://schema.org","@graph":[{"@type":"WebPage","@id":"https://www.euregio.eu/de/agenda/tag-der-niedersachsen-die-euregio-ist-dabei/","url":"https://www.euregio.eu/de/agenda/tag-der-niedersachsen-die-euregio-ist-dabei/","name":"Tag der Niedersachsen – Die EUREGIO ist dabei! - EUREGIO","isPartOf":{"@id":"https://www.euregio.eu/de/#website"},"datePublished":"2025-08-27T16:06:42+00:00","dateModified":"2025-08-27T16:08:12+00:00","breadcrumb":{"@id":"https://www.euregio.eu/de/agenda/tag-der-niedersachsen-die-euregio-ist-dabei/#breadcrumb"},"inLanguage":"de","potentialAction":[{"@type":"ReadAction","target":["https://www.euregio.eu/de/agenda/tag-der-niedersachsen-die-euregio-ist-dabei/"]}]},{"@type":"BreadcrumbList","@id":"https://www.euregio.eu/de/agenda/tag-der-niedersachsen-die-euregio-ist-dabei/#breadcrumb","itemListElement":[{"@type":"ListItem","position":1,"name":"Home","item":"https://www.euregio.eu/de/"},{"@type":"ListItem","position":2,"name":"Agenda","item":"https://www.euregio.eu/de/agenda/"},{"@type":"ListItem","position":3,"name":"Tag der Niedersachsen – Die EUREGIO ist dabei!"}]},{"@type":"WebSite","@id":"https://www.euregio.eu/de/#website","url":"https://www.euregio.eu/de/","name":"EUREGIO","description":"","potentialAction":[{"@type":"SearchAction","target":{"@type":"EntryPoint","urlTemplate":"https://www.euregio.eu/de/?s={search_term_string}"},"query-input":{"@type":"PropertyValueSpecification","valueRequired":true,"valueName":"search_term_string"}}],"inLanguage":"de"}]}</script>
<!-- / Yoast SEO plugin. -->
