{"id":14019,"date":"2025-07-21T12:25:18","date_gmt":"2025-07-21T11:25:18","guid":{"rendered":"https:\/\/www.euregio.eu\/?post_type=agenda&#038;p=14019"},"modified":"2025-07-21T13:35:39","modified_gmt":"2025-07-21T12:35:39","slug":"wald-wiesen-jazz-unites-euregio","status":"publish","type":"agenda","link":"https:\/\/www.euregio.eu\/de\/agenda\/wald-wiesen-jazz-unites-euregio\/","title":{"rendered":"Wald &#038; Wiesen \u2013 Jazz unites Euregio!"},"content":{"rendered":"<div class=\"fusion-fullwidth fullwidth-box fusion-builder-row-1 fusion-flex-container has-pattern-background has-mask-background nonhundred-percent-fullwidth non-hundred-percent-height-scrolling\" style=\"--awb-border-radius-top-left:0px;--awb-border-radius-top-right:0px;--awb-border-radius-bottom-right:0px;--awb-border-radius-bottom-left:0px;--awb-flex-wrap:wrap;\" ><div class=\"fusion-builder-row fusion-row fusion-flex-align-items-flex-start fusion-flex-content-wrap\" style=\"max-width:1248px;margin-left: calc(-4% \/ 2 );margin-right: calc(-4% \/ 2 );\"><div class=\"fusion-layout-column fusion_builder_column fusion-builder-column-0 fusion_builder_column_2_3 2_3 fusion-flex-column\" style=\"--awb-bg-size:cover;--awb-width-large:66.666666666667%;--awb-margin-top-large:0px;--awb-spacing-right-large:2.88%;--awb-margin-bottom-large:32px;--awb-spacing-left-large:2.88%;--awb-width-medium:100%;--awb-order-medium:0;--awb-spacing-right-medium:1.92%;--awb-spacing-left-medium:1.92%;--awb-width-small:100%;--awb-order-small:0;--awb-spacing-right-small:1.92%;--awb-spacing-left-small:1.92%;\"><div class=\"fusion-column-wrapper fusion-column-has-shadow fusion-flex-justify-content-flex-start fusion-content-layout-column\"><div class=\"fusion-text fusion-text-1\"><p><strong>Erleben Sie am 30. August 2025 ein au\u00dfergew\u00f6hnliches Jazz-Festival, das die Euregio verbindet! \u201eWald &amp; Wiesen \u2013 Jazz unites Euregio!\u201c bringt Musikerinnen und Musiker aus der niederl\u00e4ndisch-deutschen Grenzregion zusammen. Freuen Sie sich auf vielf\u00e4ltige Jazz-Konzerte in entspannter Atmosph\u00e4re \u2013 ein Fest f\u00fcr Fans und Kulturinteressierte!<\/strong><\/p>\n<p><strong>Datum<\/strong>: Samstag, 30. August 2025<br \/>\n<strong>Uhrzeit:<\/strong> ab 19:00 Uhr<br \/>\n<strong>Ort:<\/strong> Koppelkerk, Stationsstraat 21, 7122 BV Bredevoort (NL)<\/p>\n<p>Genie\u00dfen Sie ein abwechslungsreiches Line-up und nutzen Sie die Gelegenheit zum kulturellen Austausch.<\/p>\n<p><strong>Weitere Informationen &amp; Tickets:<\/strong><br \/>\n<a href=\"https:\/\/koppelkerk.nl\/agenda\/2025\/08\/30\/wald-wiesen-jazz-unites-euregio\/\" target=\"_blank\" rel=\"noopener\">Zur Veranstaltungsseite von \u201eWald &amp; Wiesen \u2013 Jazz unites Euregio!\u201c<\/a><\/p>\n<p><em><strong>Hinweis:<\/strong> Wir sind nicht Veranstalter dieses Events, sondern weisen lediglich auf diese Veranstaltung hin.<\/em><\/p>\n<p>\u201eWald &amp; Wiesen \u2013 Jazz unites Euregio!\u201c wird im Rahmen des <a href=\"https:\/\/www.euregio.eu\/subsidie\/tot-25000-euro\/\" target=\"_blank\" rel=\"noopener\">INTERREG-Programms Deutschland-Nederland<\/a> mit Mitteln des Europ\u00e4ischen Fonds f\u00fcr Regionale Entwicklung (EFRE) kofinanziert.<\/p>\n<\/div><\/div><\/div><div class=\"fusion-layout-column fusion_builder_column fusion-builder-column-1 fusion_builder_column_1_3 1_3 fusion-flex-column\" style=\"--awb-bg-size:cover;--awb-width-large:33.333333333333%;--awb-margin-top-large:0px;--awb-spacing-right-large:5.76%;--awb-margin-bottom-large:32px;--awb-spacing-left-large:5.76%;--awb-width-medium:100%;--awb-order-medium:0;--awb-spacing-right-medium:1.92%;--awb-spacing-left-medium:1.92%;--awb-width-small:100%;--awb-order-small:0;--awb-spacing-right-small:1.92%;--awb-spacing-left-small:1.92%;\"><div class=\"fusion-column-wrapper fusion-column-has-shadow fusion-flex-justify-content-flex-start fusion-content-layout-column\"><div class=\"fusion-image-element \" style=\"--awb-caption-title-font-family:var(--h2_typography-font-family);--awb-caption-title-font-weight:var(--h2_typography-font-weight);--awb-caption-title-font-style:var(--h2_typography-font-style);--awb-caption-title-size:var(--h2_typography-font-size);--awb-caption-title-transform:var(--h2_typography-text-transform);--awb-caption-title-line-height:var(--h2_typography-line-height);--awb-caption-title-letter-spacing:var(--h2_typography-letter-spacing);\"><span class=\" fusion-imageframe imageframe-none imageframe-1 hover-type-none\"><a href=\"https:\/\/www.euregio.eu\/wp-content\/uploads\/2025\/07\/Wald-Wiesen-\u2013-Jazz-unites-Euregio.jpg\" class=\"fusion-lightbox\" data-rel=\"iLightbox[d08f403a25fd5c2aec6]\" data-title=\"Jazz unites Euregio\" title=\"Jazz unites Euregio\"><img decoding=\"async\" width=\"763\" height=\"1080\" src=\"https:\/\/www.euregio.eu\/wp-content\/uploads\/2025\/07\/Wald-Wiesen-\u2013-Jazz-unites-Euregio.jpg\" alt class=\"img-responsive wp-image-14018\" srcset=\"https:\/\/www.euregio.eu\/wp-content\/uploads\/2025\/07\/Wald-Wiesen-\u2013-Jazz-unites-Euregio-200x283.jpg 200w, https:\/\/www.euregio.eu\/wp-content\/uploads\/2025\/07\/Wald-Wiesen-\u2013-Jazz-unites-Euregio-400x566.jpg 400w, https:\/\/www.euregio.eu\/wp-content\/uploads\/2025\/07\/Wald-Wiesen-\u2013-Jazz-unites-Euregio-600x849.jpg 600w, https:\/\/www.euregio.eu\/wp-content\/uploads\/2025\/07\/Wald-Wiesen-\u2013-Jazz-unites-Euregio.jpg 763w\" sizes=\"(max-width: 1024px) 100vw, (max-width: 640px) 100vw, 400px\" \/><\/a><\/span><\/div><\/div><\/div><\/div><\/div>\n","protected":false},"template":"","agenda-category":[],"class_list":["post-14019","agenda","type-agenda","status-publish","hentry"],"yoast_head":"<!-- This site is optimized with the Yoast SEO plugin v26.4 - https:\/\/yoast.com\/wordpress\/plugins\/seo\/ -->\n<title>Wald &amp; Wiesen \u2013 Jazz unites Euregio! - EUREGIO<\/title>\n<meta name=\"robots\" content=\"index, follow, max-snippet:-1, max-image-preview:large, max-video-preview:-1\" \/>\n<link rel=\"canonical\" href=\"https:\/\/www.euregio.eu\/de\/agenda\/wald-wiesen-jazz-unites-euregio\/\" \/>\n<meta property=\"og:locale\" content=\"de_DE\" \/>\n<meta property=\"og:type\" content=\"article\" \/>\n<meta property=\"og:title\" content=\"Wald &amp; Wiesen \u2013 Jazz unites Euregio! - EUREGIO\" \/>\n<meta property=\"og:url\" content=\"https:\/\/www.euregio.eu\/de\/agenda\/wald-wiesen-jazz-unites-euregio\/\" \/>\n<meta property=\"og:site_name\" content=\"EUREGIO\" \/>\n<meta property=\"article:modified_time\" content=\"2025-07-21T12:35:39+00:00\" \/>\n<meta name=\"twitter:card\" content=\"summary_large_image\" \/>\n<meta name=\"twitter:label1\" content=\"Gesch\u00e4tzte Lesezeit\" \/>\n\t<meta name=\"twitter:data1\" content=\"1\u00a0Minute\" \/>\n<script type=\"application\/ld+json\" class=\"yoast-schema-graph\">{\"@context\":\"https:\/\/schema.org\",\"@graph\":[{\"@type\":\"WebPage\",\"@id\":\"https:\/\/www.euregio.eu\/de\/agenda\/wald-wiesen-jazz-unites-euregio\/\",\"url\":\"https:\/\/www.euregio.eu\/de\/agenda\/wald-wiesen-jazz-unites-euregio\/\",\"name\":\"Wald & Wiesen \u2013 Jazz unites Euregio! - EUREGIO\",\"isPartOf\":{\"@id\":\"https:\/\/www.euregio.eu\/de\/#website\"},\"datePublished\":\"2025-07-21T11:25:18+00:00\",\"dateModified\":\"2025-07-21T12:35:39+00:00\",\"breadcrumb\":{\"@id\":\"https:\/\/www.euregio.eu\/de\/agenda\/wald-wiesen-jazz-unites-euregio\/#breadcrumb\"},\"inLanguage\":\"de\",\"potentialAction\":[{\"@type\":\"ReadAction\",\"target\":[\"https:\/\/www.euregio.eu\/de\/agenda\/wald-wiesen-jazz-unites-euregio\/\"]}]},{\"@type\":\"BreadcrumbList\",\"@id\":\"https:\/\/www.euregio.eu\/de\/agenda\/wald-wiesen-jazz-unites-euregio\/#breadcrumb\",\"itemListElement\":[{\"@type\":\"ListItem\",\"position\":1,\"name\":\"Home\",\"item\":\"https:\/\/www.euregio.eu\/de\/\"},{\"@type\":\"ListItem\",\"position\":2,\"name\":\"Agenda\",\"item\":\"https:\/\/www.euregio.eu\/de\/agenda\/\"},{\"@type\":\"ListItem\",\"position\":3,\"name\":\"Wald &#038; Wiesen \u2013 Jazz unites Euregio!\"}]},{\"@type\":\"WebSite\",\"@id\":\"https:\/\/www.euregio.eu\/de\/#website\",\"url\":\"https:\/\/www.euregio.eu\/de\/\",\"name\":\"EUREGIO\",\"description\":\"\",\"potentialAction\":[{\"@type\":\"SearchAction\",\"target\":{\"@type\":\"EntryPoint\",\"urlTemplate\":\"https:\/\/www.euregio.eu\/de\/?s={search_term_string}\"},\"query-input\":{\"@type\":\"PropertyValueSpecification\",\"valueRequired\":true,\"valueName\":\"search_term_string\"}}],\"inLanguage\":\"de\"}]}<\/script>\n<!-- \/ Yoast SEO plugin. -->","yoast_head_json":{"title":"Wald & Wiesen \u2013 Jazz unites Euregio! - EUREGIO","robots":{"index":"index","follow":"follow","max-snippet":"max-snippet:-1","max-image-preview":"max-image-preview:large","max-video-preview":"max-video-preview:-1"},"canonical":"https:\/\/www.euregio.eu\/de\/agenda\/wald-wiesen-jazz-unites-euregio\/","og_locale":"de_DE","og_type":"article","og_title":"Wald & Wiesen \u2013 Jazz unites Euregio! - EUREGIO","og_url":"https:\/\/www.euregio.eu\/de\/agenda\/wald-wiesen-jazz-unites-euregio\/","og_site_name":"EUREGIO","article_modified_time":"2025-07-21T12:35:39+00:00","twitter_card":"summary_large_image","twitter_misc":{"Gesch\u00e4tzte Lesezeit":"1\u00a0Minute"},"schema":{"@context":"https:\/\/schema.org","@graph":[{"@type":"WebPage","@id":"https:\/\/www.euregio.eu\/de\/agenda\/wald-wiesen-jazz-unites-euregio\/","url":"https:\/\/www.euregio.eu\/de\/agenda\/wald-wiesen-jazz-unites-euregio\/","name":"Wald & Wiesen \u2013 Jazz unites Euregio! - EUREGIO","isPartOf":{"@id":"https:\/\/www.euregio.eu\/de\/#website"},"datePublished":"2025-07-21T11:25:18+00:00","dateModified":"2025-07-21T12:35:39+00:00","breadcrumb":{"@id":"https:\/\/www.euregio.eu\/de\/agenda\/wald-wiesen-jazz-unites-euregio\/#breadcrumb"},"inLanguage":"de","potentialAction":[{"@type":"ReadAction","target":["https:\/\/www.euregio.eu\/de\/agenda\/wald-wiesen-jazz-unites-euregio\/"]}]},{"@type":"BreadcrumbList","@id":"https:\/\/www.euregio.eu\/de\/agenda\/wald-wiesen-jazz-unites-euregio\/#breadcrumb","itemListElement":[{"@type":"ListItem","position":1,"name":"Home","item":"https:\/\/www.euregio.eu\/de\/"},{"@type":"ListItem","position":2,"name":"Agenda","item":"https:\/\/www.euregio.eu\/de\/agenda\/"},{"@type":"ListItem","position":3,"name":"Wald &#038; Wiesen \u2013 Jazz unites Euregio!"}]},{"@type":"WebSite","@id":"https:\/\/www.euregio.eu\/de\/#website","url":"https:\/\/www.euregio.eu\/de\/","name":"EUREGIO","description":"","potentialAction":[{"@type":"SearchAction","target":{"@type":"EntryPoint","urlTemplate":"https:\/\/www.euregio.eu\/de\/?s={search_term_string}"},"query-input":{"@type":"PropertyValueSpecification","valueRequired":true,"valueName":"search_term_string"}}],"inLanguage":"de"}]}},"_links":{"self":[{"href":"https:\/\/www.euregio.eu\/de\/wp-json\/wp\/v2\/agenda\/14019","targetHints":{"allow":["GET"]}}],"collection":[{"href":"https:\/\/www.euregio.eu\/de\/wp-json\/wp\/v2\/agenda"}],"about":[{"href":"https:\/\/www.euregio.eu\/de\/wp-json\/wp\/v2\/types\/agenda"}],"wp:attachment":[{"href":"https:\/\/www.euregio.eu\/de\/wp-json\/wp\/v2\/media?parent=14019"}],"wp:term":[{"taxonomy":"agenda-category","embeddable":true,"href":"https:\/\/www.euregio.eu\/de\/wp-json\/wp\/v2\/agenda-category?post=14019"}],"curies":[{"name":"wp","href":"https:\/\/api.w.org\/{rel}","templated":true}]}}

<div class="fusion-fullwidth fullwidth-box fusion-builder-row-1 fusion-flex-container has-pattern-background has-mask-background nonhundred-percent-fullwidth non-hundred-percent-height-scrolling" style="--awb-border-radius-top-left:0px;--awb-border-radius-top-right:0px;--awb-border-radius-bottom-right:0px;--awb-border-radius-bottom-left:0px;--awb-flex-wrap:wrap;" ><div class="fusion-builder-row fusion-row fusion-flex-align-items-flex-start fusion-flex-content-wrap" style="max-width:1248px;margin-left: calc(-4% / 2 );margin-right: calc(-4% / 2 );"><div class="fusion-layout-column fusion_builder_column fusion-builder-column-0 fusion_builder_column_2_3 2_3 fusion-flex-column" style="--awb-bg-size:cover;--awb-width-large:66.666666666667%;--awb-margin-top-large:0px;--awb-spacing-right-large:2.88%;--awb-margin-bottom-large:32px;--awb-spacing-left-large:2.88%;--awb-width-medium:100%;--awb-order-medium:0;--awb-spacing-right-medium:1.92%;--awb-spacing-left-medium:1.92%;--awb-width-small:100%;--awb-order-small:0;--awb-spacing-right-small:1.92%;--awb-spacing-left-small:1.92%;"><div class="fusion-column-wrapper fusion-column-has-shadow fusion-flex-justify-content-flex-start fusion-content-layout-column"><div class="fusion-text fusion-text-1"><p><strong>Erleben Sie am 30. August 2025 ein außergewöhnliches Jazz-Festival, das die Euregio verbindet! „Wald &amp; Wiesen – Jazz unites Euregio!“ bringt Musikerinnen und Musiker aus der niederländisch-deutschen Grenzregion zusammen. Freuen Sie sich auf vielfältige Jazz-Konzerte in entspannter Atmosphäre – ein Fest für Fans und Kulturinteressierte!</strong></p>
<p><strong>Datum</strong>: Samstag, 30. August 2025<br />
<strong>Uhrzeit:</strong> ab 19:00 Uhr<br />
<strong>Ort:</strong> Koppelkerk, Stationsstraat 21, 7122 BV Bredevoort (NL)</p>
<p>Genießen Sie ein abwechslungsreiches Line-up und nutzen Sie die Gelegenheit zum kulturellen Austausch.</p>
<p><strong>Weitere Informationen &amp; Tickets:</strong><br />
<a href="https://koppelkerk.nl/agenda/2025/08/30/wald-wiesen-jazz-unites-euregio/" target="_blank" rel="noopener">Zur Veranstaltungsseite von „Wald &amp; Wiesen – Jazz unites Euregio!“</a></p>
<p><em><strong>Hinweis:</strong> Wir sind nicht Veranstalter dieses Events, sondern weisen lediglich auf diese Veranstaltung hin.</em></p>
<p>„Wald &amp; Wiesen – Jazz unites Euregio!“ wird im Rahmen des <a href="https://www.euregio.eu/subsidie/tot-25000-euro/" target="_blank" rel="noopener">INTERREG-Programms Deutschland-Nederland</a> mit Mitteln des Europäischen Fonds für Regionale Entwicklung (EFRE) kofinanziert.</p>
</div></div></div><div class="fusion-layout-column fusion_builder_column fusion-builder-column-1 fusion_builder_column_1_3 1_3 fusion-flex-column" style="--awb-bg-size:cover;--awb-width-large:33.333333333333%;--awb-margin-top-large:0px;--awb-spacing-right-large:5.76%;--awb-margin-bottom-large:32px;--awb-spacing-left-large:5.76%;--awb-width-medium:100%;--awb-order-medium:0;--awb-spacing-right-medium:1.92%;--awb-spacing-left-medium:1.92%;--awb-width-small:100%;--awb-order-small:0;--awb-spacing-right-small:1.92%;--awb-spacing-left-small:1.92%;"><div class="fusion-column-wrapper fusion-column-has-shadow fusion-flex-justify-content-flex-start fusion-content-layout-column"><div class="fusion-image-element " style="--awb-caption-title-font-family:var(--h2_typography-font-family);--awb-caption-title-font-weight:var(--h2_typography-font-weight);--awb-caption-title-font-style:var(--h2_typography-font-style);--awb-caption-title-size:var(--h2_typography-font-size);--awb-caption-title-transform:var(--h2_typography-text-transform);--awb-caption-title-line-height:var(--h2_typography-line-height);--awb-caption-title-letter-spacing:var(--h2_typography-letter-spacing);"><span class=" fusion-imageframe imageframe-none imageframe-1 hover-type-none"><a href="https://www.euregio.eu/wp-content/uploads/2025/07/Wald-Wiesen-–-Jazz-unites-Euregio.jpg" class="fusion-lightbox" data-rel="iLightbox[d08f403a25fd5c2aec6]" data-title="Jazz unites Euregio" title="Jazz unites Euregio"><img decoding="async" width="763" height="1080" src="https://www.euregio.eu/wp-content/uploads/2025/07/Wald-Wiesen-–-Jazz-unites-Euregio.jpg" alt class="img-responsive wp-image-14018" srcset="https://www.euregio.eu/wp-content/uploads/2025/07/Wald-Wiesen-–-Jazz-unites-Euregio-200x283.jpg 200w, https://www.euregio.eu/wp-content/uploads/2025/07/Wald-Wiesen-–-Jazz-unites-Euregio-400x566.jpg 400w, https://www.euregio.eu/wp-content/uploads/2025/07/Wald-Wiesen-–-Jazz-unites-Euregio-600x849.jpg 600w, https://www.euregio.eu/wp-content/uploads/2025/07/Wald-Wiesen-–-Jazz-unites-Euregio.jpg 763w" sizes="(max-width: 1024px) 100vw, (max-width: 640px) 100vw, 400px" /></a></span></div></div></div></div></div>

<!-- This site is optimized with the Yoast SEO plugin v26.4 - https://yoast.com/wordpress/plugins/seo/ -->
<title>Wald &amp; Wiesen – Jazz unites Euregio! - EUREGIO</title>
<meta name="robots" content="index, follow, max-snippet:-1, max-image-preview:large, max-video-preview:-1" />
<link rel="canonical" href="https://www.euregio.eu/de/agenda/wald-wiesen-jazz-unites-euregio/" />
<meta property="og:locale" content="de_DE" />
<meta property="og:type" content="article" />
<meta property="og:title" content="Wald &amp; Wiesen – Jazz unites Euregio! - EUREGIO" />
<meta property="og:url" content="https://www.euregio.eu/de/agenda/wald-wiesen-jazz-unites-euregio/" />
<meta property="og:site_name" content="EUREGIO" />
<meta property="article:modified_time" content="2025-07-21T12:35:39+00:00" />
<meta name="twitter:card" content="summary_large_image" />
<meta name="twitter:label1" content="Geschätzte Lesezeit" />
	<meta name="twitter:data1" content="1 Minute" />
<script type="application/ld+json" class="yoast-schema-graph">{"@context":"https://schema.org","@graph":[{"@type":"WebPage","@id":"https://www.euregio.eu/de/agenda/wald-wiesen-jazz-unites-euregio/","url":"https://www.euregio.eu/de/agenda/wald-wiesen-jazz-unites-euregio/","name":"Wald & Wiesen – Jazz unites Euregio! - EUREGIO","isPartOf":{"@id":"https://www.euregio.eu/de/#website"},"datePublished":"2025-07-21T11:25:18+00:00","dateModified":"2025-07-21T12:35:39+00:00","breadcrumb":{"@id":"https://www.euregio.eu/de/agenda/wald-wiesen-jazz-unites-euregio/#breadcrumb"},"inLanguage":"de","potentialAction":[{"@type":"ReadAction","target":["https://www.euregio.eu/de/agenda/wald-wiesen-jazz-unites-euregio/"]}]},{"@type":"BreadcrumbList","@id":"https://www.euregio.eu/de/agenda/wald-wiesen-jazz-unites-euregio/#breadcrumb","itemListElement":[{"@type":"ListItem","position":1,"name":"Home","item":"https://www.euregio.eu/de/"},{"@type":"ListItem","position":2,"name":"Agenda","item":"https://www.euregio.eu/de/agenda/"},{"@type":"ListItem","position":3,"name":"Wald &#038; Wiesen – Jazz unites Euregio!"}]},{"@type":"WebSite","@id":"https://www.euregio.eu/de/#website","url":"https://www.euregio.eu/de/","name":"EUREGIO","description":"","potentialAction":[{"@type":"SearchAction","target":{"@type":"EntryPoint","urlTemplate":"https://www.euregio.eu/de/?s={search_term_string}"},"query-input":{"@type":"PropertyValueSpecification","valueRequired":true,"valueName":"search_term_string"}}],"inLanguage":"de"}]}</script>
<!-- / Yoast SEO plugin. -->
