{"id":13535,"date":"2025-06-11T10:56:56","date_gmt":"2025-06-11T09:56:56","guid":{"rendered":"https:\/\/www.euregio.eu\/?post_type=agenda&#038;p=13535"},"modified":"2025-06-11T13:14:29","modified_gmt":"2025-06-11T12:14:29","slug":"15-und-21-juni-2025-grenzueberschreitende-konzerte-in-nordhorn-und-enschede","status":"publish","type":"agenda","link":"https:\/\/www.euregio.eu\/de\/agenda\/15-und-21-juni-2025-grenzueberschreitende-konzerte-in-nordhorn-und-enschede\/","title":{"rendered":"15. und 21. Juni grenz\u00fcberschreitende Konzerte in Nordhorn und Enschede"},"content":{"rendered":"<div class=\"fusion-fullwidth fullwidth-box fusion-builder-row-1 fusion-flex-container has-pattern-background has-mask-background nonhundred-percent-fullwidth non-hundred-percent-height-scrolling\" style=\"--awb-border-radius-top-left:0px;--awb-border-radius-top-right:0px;--awb-border-radius-bottom-right:0px;--awb-border-radius-bottom-left:0px;--awb-flex-wrap:wrap;\" ><div class=\"fusion-builder-row fusion-row fusion-flex-align-items-flex-start fusion-flex-content-wrap\" style=\"max-width:1248px;margin-left: calc(-4% \/ 2 );margin-right: calc(-4% \/ 2 );\"><div class=\"fusion-layout-column fusion_builder_column fusion-builder-column-0 fusion_builder_column_2_3 2_3 fusion-flex-column\" style=\"--awb-bg-size:cover;--awb-width-large:66.666666666667%;--awb-margin-top-large:0px;--awb-spacing-right-large:2.88%;--awb-margin-bottom-large:32px;--awb-spacing-left-large:2.88%;--awb-width-medium:100%;--awb-order-medium:0;--awb-spacing-right-medium:1.92%;--awb-spacing-left-medium:1.92%;--awb-width-small:100%;--awb-order-small:0;--awb-spacing-right-small:1.92%;--awb-spacing-left-small:1.92%;\"><div class=\"fusion-column-wrapper fusion-column-has-shadow fusion-flex-justify-content-flex-start fusion-content-layout-column\"><div class=\"fusion-text fusion-text-1\"><p><strong>Symfonia Jong Twente und die Musikschule Nordhorn organisieren dieses Jahr zum zweiten Mal eine grenz\u00fcberschreitende Veranstaltung. Im Rahmen dieser grenz\u00fcberschreitenden Veranstaltung finden im Juni zwei Konzerte in beiden L\u00e4ndern statt.\u00a0<\/strong><\/p>\n<p>Das Publikum kann am 15. Juni ein <a href=\"https:\/\/www.musikschule-nordhorn.de\/portal\/meldungen\/sinfonieorchesterkonzert-900003724-26710.html\" target=\"_blank\" rel=\"noopener\">kostenloses Konzert<\/a> im Konzert- und Theatersaal in Nordhorn besuchen. Das Konzert beginnt um 16:00 Uhr. Am 21. Juni 2025 um 19:30 Uhr findet das Sommerkonzert 2025 in Enschede in der Hatrans Plaza von De Grolsch Veste, dem Stadion des FC Twente, statt. Karten f\u00fcr das Sommerkonzert k\u00f6nnen auf der Website von <a href=\"https:\/\/symfonia.nl\/evenement\/zomerconcert-2025\/\" target=\"_blank\" rel=\"noopener\">Symfonia Jong Twente<\/a> bestellt werden. Bei den Konzerten treten die Orchester der Musikschule Nordhorn und Symfonia Jong Twente sowohl einzeln als auch gemeinsam auf. Das Konzert am 21. Juni wird durch die j\u00fcngsten Mitglieder von Symfonia er\u00f6ffnet: Opmaat und Junior. Auf dem Programm der beiden Konzerte stehen unter anderem Werke von Beethoven, Bizet und Br\u00fcckner. Auch Filmmusik wird zu h\u00f6ren sein.<\/p>\n<\/div><\/div><\/div><div class=\"fusion-layout-column fusion_builder_column fusion-builder-column-1 fusion_builder_column_1_4 1_4 fusion-flex-column\" style=\"--awb-bg-size:cover;--awb-width-large:25%;--awb-margin-top-large:0px;--awb-spacing-right-large:7.68%;--awb-margin-bottom-large:32px;--awb-spacing-left-large:7.68%;--awb-width-medium:100%;--awb-order-medium:0;--awb-spacing-right-medium:1.92%;--awb-spacing-left-medium:1.92%;--awb-width-small:100%;--awb-order-small:0;--awb-spacing-right-small:1.92%;--awb-spacing-left-small:1.92%;\" data-scroll-devices=\"small-visibility,medium-visibility,large-visibility\"><div class=\"fusion-column-wrapper fusion-column-has-shadow fusion-flex-justify-content-space-around fusion-content-layout-column\"><div class=\"fusion-image-element \" style=\"--awb-caption-title-font-family:var(--h2_typography-font-family);--awb-caption-title-font-weight:var(--h2_typography-font-weight);--awb-caption-title-font-style:var(--h2_typography-font-style);--awb-caption-title-size:var(--h2_typography-font-size);--awb-caption-title-transform:var(--h2_typography-text-transform);--awb-caption-title-line-height:var(--h2_typography-line-height);--awb-caption-title-letter-spacing:var(--h2_typography-letter-spacing);\"><span class=\" fusion-imageframe imageframe-none imageframe-1 hover-type-none\"><img decoding=\"async\" width=\"380\" height=\"537\" title=\"Sinfonieorchesterkonzert_Nordhorn\" src=\"https:\/\/www.euregio.eu\/wp-content\/uploads\/2025\/06\/Sinfonieorchesterkonzert_Nordhorn.webp\" alt class=\"img-responsive wp-image-13534\" srcset=\"https:\/\/www.euregio.eu\/wp-content\/uploads\/2025\/06\/Sinfonieorchesterkonzert_Nordhorn-200x283.webp 200w, https:\/\/www.euregio.eu\/wp-content\/uploads\/2025\/06\/Sinfonieorchesterkonzert_Nordhorn.webp 380w\" sizes=\"(max-width: 1024px) 100vw, (max-width: 640px) 100vw, 380px\" \/><\/span><\/div><\/div><\/div><\/div><\/div>\n","protected":false},"template":"","agenda-category":[],"class_list":["post-13535","agenda","type-agenda","status-publish","hentry"],"yoast_head":"<!-- This site is optimized with the Yoast SEO plugin v26.4 - https:\/\/yoast.com\/wordpress\/plugins\/seo\/ -->\n<title>15. und 21. Juni grenz\u00fcberschreitende Konzerte in Nordhorn und Enschede - EUREGIO<\/title>\n<meta name=\"robots\" content=\"index, follow, max-snippet:-1, max-image-preview:large, max-video-preview:-1\" \/>\n<link rel=\"canonical\" href=\"https:\/\/www.euregio.eu\/de\/agenda\/15-und-21-juni-2025-grenzueberschreitende-konzerte-in-nordhorn-und-enschede\/\" \/>\n<meta property=\"og:locale\" content=\"de_DE\" \/>\n<meta property=\"og:type\" content=\"article\" \/>\n<meta property=\"og:title\" content=\"15. und 21. Juni grenz\u00fcberschreitende Konzerte in Nordhorn und Enschede - EUREGIO\" \/>\n<meta property=\"og:url\" content=\"https:\/\/www.euregio.eu\/de\/agenda\/15-und-21-juni-2025-grenzueberschreitende-konzerte-in-nordhorn-und-enschede\/\" \/>\n<meta property=\"og:site_name\" content=\"EUREGIO\" \/>\n<meta property=\"article:modified_time\" content=\"2025-06-11T12:14:29+00:00\" \/>\n<meta name=\"twitter:card\" content=\"summary_large_image\" \/>\n<meta name=\"twitter:label1\" content=\"Gesch\u00e4tzte Lesezeit\" \/>\n\t<meta name=\"twitter:data1\" content=\"2\u00a0Minuten\" \/>\n<script type=\"application\/ld+json\" class=\"yoast-schema-graph\">{\"@context\":\"https:\/\/schema.org\",\"@graph\":[{\"@type\":\"WebPage\",\"@id\":\"https:\/\/www.euregio.eu\/de\/agenda\/15-und-21-juni-2025-grenzueberschreitende-konzerte-in-nordhorn-und-enschede\/\",\"url\":\"https:\/\/www.euregio.eu\/de\/agenda\/15-und-21-juni-2025-grenzueberschreitende-konzerte-in-nordhorn-und-enschede\/\",\"name\":\"15. und 21. Juni grenz\u00fcberschreitende Konzerte in Nordhorn und Enschede - EUREGIO\",\"isPartOf\":{\"@id\":\"https:\/\/www.euregio.eu\/de\/#website\"},\"datePublished\":\"2025-06-11T09:56:56+00:00\",\"dateModified\":\"2025-06-11T12:14:29+00:00\",\"breadcrumb\":{\"@id\":\"https:\/\/www.euregio.eu\/de\/agenda\/15-und-21-juni-2025-grenzueberschreitende-konzerte-in-nordhorn-und-enschede\/#breadcrumb\"},\"inLanguage\":\"de\",\"potentialAction\":[{\"@type\":\"ReadAction\",\"target\":[\"https:\/\/www.euregio.eu\/de\/agenda\/15-und-21-juni-2025-grenzueberschreitende-konzerte-in-nordhorn-und-enschede\/\"]}]},{\"@type\":\"BreadcrumbList\",\"@id\":\"https:\/\/www.euregio.eu\/de\/agenda\/15-und-21-juni-2025-grenzueberschreitende-konzerte-in-nordhorn-und-enschede\/#breadcrumb\",\"itemListElement\":[{\"@type\":\"ListItem\",\"position\":1,\"name\":\"Home\",\"item\":\"https:\/\/www.euregio.eu\/de\/\"},{\"@type\":\"ListItem\",\"position\":2,\"name\":\"Agenda\",\"item\":\"https:\/\/www.euregio.eu\/de\/agenda\/\"},{\"@type\":\"ListItem\",\"position\":3,\"name\":\"15. und 21. Juni grenz\u00fcberschreitende Konzerte in Nordhorn und Enschede\"}]},{\"@type\":\"WebSite\",\"@id\":\"https:\/\/www.euregio.eu\/de\/#website\",\"url\":\"https:\/\/www.euregio.eu\/de\/\",\"name\":\"EUREGIO\",\"description\":\"\",\"potentialAction\":[{\"@type\":\"SearchAction\",\"target\":{\"@type\":\"EntryPoint\",\"urlTemplate\":\"https:\/\/www.euregio.eu\/de\/?s={search_term_string}\"},\"query-input\":{\"@type\":\"PropertyValueSpecification\",\"valueRequired\":true,\"valueName\":\"search_term_string\"}}],\"inLanguage\":\"de\"}]}<\/script>\n<!-- \/ Yoast SEO plugin. -->","yoast_head_json":{"title":"15. und 21. Juni grenz\u00fcberschreitende Konzerte in Nordhorn und Enschede - EUREGIO","robots":{"index":"index","follow":"follow","max-snippet":"max-snippet:-1","max-image-preview":"max-image-preview:large","max-video-preview":"max-video-preview:-1"},"canonical":"https:\/\/www.euregio.eu\/de\/agenda\/15-und-21-juni-2025-grenzueberschreitende-konzerte-in-nordhorn-und-enschede\/","og_locale":"de_DE","og_type":"article","og_title":"15. und 21. Juni grenz\u00fcberschreitende Konzerte in Nordhorn und Enschede - EUREGIO","og_url":"https:\/\/www.euregio.eu\/de\/agenda\/15-und-21-juni-2025-grenzueberschreitende-konzerte-in-nordhorn-und-enschede\/","og_site_name":"EUREGIO","article_modified_time":"2025-06-11T12:14:29+00:00","twitter_card":"summary_large_image","twitter_misc":{"Gesch\u00e4tzte Lesezeit":"2\u00a0Minuten"},"schema":{"@context":"https:\/\/schema.org","@graph":[{"@type":"WebPage","@id":"https:\/\/www.euregio.eu\/de\/agenda\/15-und-21-juni-2025-grenzueberschreitende-konzerte-in-nordhorn-und-enschede\/","url":"https:\/\/www.euregio.eu\/de\/agenda\/15-und-21-juni-2025-grenzueberschreitende-konzerte-in-nordhorn-und-enschede\/","name":"15. und 21. Juni grenz\u00fcberschreitende Konzerte in Nordhorn und Enschede - EUREGIO","isPartOf":{"@id":"https:\/\/www.euregio.eu\/de\/#website"},"datePublished":"2025-06-11T09:56:56+00:00","dateModified":"2025-06-11T12:14:29+00:00","breadcrumb":{"@id":"https:\/\/www.euregio.eu\/de\/agenda\/15-und-21-juni-2025-grenzueberschreitende-konzerte-in-nordhorn-und-enschede\/#breadcrumb"},"inLanguage":"de","potentialAction":[{"@type":"ReadAction","target":["https:\/\/www.euregio.eu\/de\/agenda\/15-und-21-juni-2025-grenzueberschreitende-konzerte-in-nordhorn-und-enschede\/"]}]},{"@type":"BreadcrumbList","@id":"https:\/\/www.euregio.eu\/de\/agenda\/15-und-21-juni-2025-grenzueberschreitende-konzerte-in-nordhorn-und-enschede\/#breadcrumb","itemListElement":[{"@type":"ListItem","position":1,"name":"Home","item":"https:\/\/www.euregio.eu\/de\/"},{"@type":"ListItem","position":2,"name":"Agenda","item":"https:\/\/www.euregio.eu\/de\/agenda\/"},{"@type":"ListItem","position":3,"name":"15. und 21. Juni grenz\u00fcberschreitende Konzerte in Nordhorn und Enschede"}]},{"@type":"WebSite","@id":"https:\/\/www.euregio.eu\/de\/#website","url":"https:\/\/www.euregio.eu\/de\/","name":"EUREGIO","description":"","potentialAction":[{"@type":"SearchAction","target":{"@type":"EntryPoint","urlTemplate":"https:\/\/www.euregio.eu\/de\/?s={search_term_string}"},"query-input":{"@type":"PropertyValueSpecification","valueRequired":true,"valueName":"search_term_string"}}],"inLanguage":"de"}]}},"_links":{"self":[{"href":"https:\/\/www.euregio.eu\/de\/wp-json\/wp\/v2\/agenda\/13535","targetHints":{"allow":["GET"]}}],"collection":[{"href":"https:\/\/www.euregio.eu\/de\/wp-json\/wp\/v2\/agenda"}],"about":[{"href":"https:\/\/www.euregio.eu\/de\/wp-json\/wp\/v2\/types\/agenda"}],"wp:attachment":[{"href":"https:\/\/www.euregio.eu\/de\/wp-json\/wp\/v2\/media?parent=13535"}],"wp:term":[{"taxonomy":"agenda-category","embeddable":true,"href":"https:\/\/www.euregio.eu\/de\/wp-json\/wp\/v2\/agenda-category?post=13535"}],"curies":[{"name":"wp","href":"https:\/\/api.w.org\/{rel}","templated":true}]}}

15. und 21. Juni grenzüberschreitende Konzerte in Nordhorn und Enschede

<div class="fusion-fullwidth fullwidth-box fusion-builder-row-1 fusion-flex-container has-pattern-background has-mask-background nonhundred-percent-fullwidth non-hundred-percent-height-scrolling" style="--awb-border-radius-top-left:0px;--awb-border-radius-top-right:0px;--awb-border-radius-bottom-right:0px;--awb-border-radius-bottom-left:0px;--awb-flex-wrap:wrap;" ><div class="fusion-builder-row fusion-row fusion-flex-align-items-flex-start fusion-flex-content-wrap" style="max-width:1248px;margin-left: calc(-4% / 2 );margin-right: calc(-4% / 2 );"><div class="fusion-layout-column fusion_builder_column fusion-builder-column-0 fusion_builder_column_2_3 2_3 fusion-flex-column" style="--awb-bg-size:cover;--awb-width-large:66.666666666667%;--awb-margin-top-large:0px;--awb-spacing-right-large:2.88%;--awb-margin-bottom-large:32px;--awb-spacing-left-large:2.88%;--awb-width-medium:100%;--awb-order-medium:0;--awb-spacing-right-medium:1.92%;--awb-spacing-left-medium:1.92%;--awb-width-small:100%;--awb-order-small:0;--awb-spacing-right-small:1.92%;--awb-spacing-left-small:1.92%;"><div class="fusion-column-wrapper fusion-column-has-shadow fusion-flex-justify-content-flex-start fusion-content-layout-column"><div class="fusion-text fusion-text-1"><p><strong>Symfonia Jong Twente und die Musikschule Nordhorn organisieren dieses Jahr zum zweiten Mal eine grenzüberschreitende Veranstaltung. Im Rahmen dieser grenzüberschreitenden Veranstaltung finden im Juni zwei Konzerte in beiden Ländern statt. </strong></p>
<p>Das Publikum kann am 15. Juni ein <a href="https://www.musikschule-nordhorn.de/portal/meldungen/sinfonieorchesterkonzert-900003724-26710.html" target="_blank" rel="noopener">kostenloses Konzert</a> im Konzert- und Theatersaal in Nordhorn besuchen. Das Konzert beginnt um 16:00 Uhr. Am 21. Juni 2025 um 19:30 Uhr findet das Sommerkonzert 2025 in Enschede in der Hatrans Plaza von De Grolsch Veste, dem Stadion des FC Twente, statt. Karten für das Sommerkonzert können auf der Website von <a href="https://symfonia.nl/evenement/zomerconcert-2025/" target="_blank" rel="noopener">Symfonia Jong Twente</a> bestellt werden. Bei den Konzerten treten die Orchester der Musikschule Nordhorn und Symfonia Jong Twente sowohl einzeln als auch gemeinsam auf. Das Konzert am 21. Juni wird durch die jüngsten Mitglieder von Symfonia eröffnet: Opmaat und Junior. Auf dem Programm der beiden Konzerte stehen unter anderem Werke von Beethoven, Bizet und Brückner. Auch Filmmusik wird zu hören sein.</p>
</div></div></div><div class="fusion-layout-column fusion_builder_column fusion-builder-column-1 fusion_builder_column_1_4 1_4 fusion-flex-column" style="--awb-bg-size:cover;--awb-width-large:25%;--awb-margin-top-large:0px;--awb-spacing-right-large:7.68%;--awb-margin-bottom-large:32px;--awb-spacing-left-large:7.68%;--awb-width-medium:100%;--awb-order-medium:0;--awb-spacing-right-medium:1.92%;--awb-spacing-left-medium:1.92%;--awb-width-small:100%;--awb-order-small:0;--awb-spacing-right-small:1.92%;--awb-spacing-left-small:1.92%;" data-scroll-devices="small-visibility,medium-visibility,large-visibility"><div class="fusion-column-wrapper fusion-column-has-shadow fusion-flex-justify-content-space-around fusion-content-layout-column"><div class="fusion-image-element " style="--awb-caption-title-font-family:var(--h2_typography-font-family);--awb-caption-title-font-weight:var(--h2_typography-font-weight);--awb-caption-title-font-style:var(--h2_typography-font-style);--awb-caption-title-size:var(--h2_typography-font-size);--awb-caption-title-transform:var(--h2_typography-text-transform);--awb-caption-title-line-height:var(--h2_typography-line-height);--awb-caption-title-letter-spacing:var(--h2_typography-letter-spacing);"><span class=" fusion-imageframe imageframe-none imageframe-1 hover-type-none"><img decoding="async" width="380" height="537" title="Sinfonieorchesterkonzert_Nordhorn" src="https://www.euregio.eu/wp-content/uploads/2025/06/Sinfonieorchesterkonzert_Nordhorn.webp" alt class="img-responsive wp-image-13534" srcset="https://www.euregio.eu/wp-content/uploads/2025/06/Sinfonieorchesterkonzert_Nordhorn-200x283.webp 200w, https://www.euregio.eu/wp-content/uploads/2025/06/Sinfonieorchesterkonzert_Nordhorn.webp 380w" sizes="(max-width: 1024px) 100vw, (max-width: 640px) 100vw, 380px" /></span></div></div></div></div></div>

<!-- This site is optimized with the Yoast SEO plugin v26.4 - https://yoast.com/wordpress/plugins/seo/ -->
<title>15. und 21. Juni grenzüberschreitende Konzerte in Nordhorn und Enschede - EUREGIO</title>
<meta name="robots" content="index, follow, max-snippet:-1, max-image-preview:large, max-video-preview:-1" />
<link rel="canonical" href="https://www.euregio.eu/de/agenda/15-und-21-juni-2025-grenzueberschreitende-konzerte-in-nordhorn-und-enschede/" />
<meta property="og:locale" content="de_DE" />
<meta property="og:type" content="article" />
<meta property="og:title" content="15. und 21. Juni grenzüberschreitende Konzerte in Nordhorn und Enschede - EUREGIO" />
<meta property="og:url" content="https://www.euregio.eu/de/agenda/15-und-21-juni-2025-grenzueberschreitende-konzerte-in-nordhorn-und-enschede/" />
<meta property="og:site_name" content="EUREGIO" />
<meta property="article:modified_time" content="2025-06-11T12:14:29+00:00" />
<meta name="twitter:card" content="summary_large_image" />
<meta name="twitter:label1" content="Geschätzte Lesezeit" />
	<meta name="twitter:data1" content="2 Minuten" />
<script type="application/ld+json" class="yoast-schema-graph">{"@context":"https://schema.org","@graph":[{"@type":"WebPage","@id":"https://www.euregio.eu/de/agenda/15-und-21-juni-2025-grenzueberschreitende-konzerte-in-nordhorn-und-enschede/","url":"https://www.euregio.eu/de/agenda/15-und-21-juni-2025-grenzueberschreitende-konzerte-in-nordhorn-und-enschede/","name":"15. und 21. Juni grenzüberschreitende Konzerte in Nordhorn und Enschede - EUREGIO","isPartOf":{"@id":"https://www.euregio.eu/de/#website"},"datePublished":"2025-06-11T09:56:56+00:00","dateModified":"2025-06-11T12:14:29+00:00","breadcrumb":{"@id":"https://www.euregio.eu/de/agenda/15-und-21-juni-2025-grenzueberschreitende-konzerte-in-nordhorn-und-enschede/#breadcrumb"},"inLanguage":"de","potentialAction":[{"@type":"ReadAction","target":["https://www.euregio.eu/de/agenda/15-und-21-juni-2025-grenzueberschreitende-konzerte-in-nordhorn-und-enschede/"]}]},{"@type":"BreadcrumbList","@id":"https://www.euregio.eu/de/agenda/15-und-21-juni-2025-grenzueberschreitende-konzerte-in-nordhorn-und-enschede/#breadcrumb","itemListElement":[{"@type":"ListItem","position":1,"name":"Home","item":"https://www.euregio.eu/de/"},{"@type":"ListItem","position":2,"name":"Agenda","item":"https://www.euregio.eu/de/agenda/"},{"@type":"ListItem","position":3,"name":"15. und 21. Juni grenzüberschreitende Konzerte in Nordhorn und Enschede"}]},{"@type":"WebSite","@id":"https://www.euregio.eu/de/#website","url":"https://www.euregio.eu/de/","name":"EUREGIO","description":"","potentialAction":[{"@type":"SearchAction","target":{"@type":"EntryPoint","urlTemplate":"https://www.euregio.eu/de/?s={search_term_string}"},"query-input":{"@type":"PropertyValueSpecification","valueRequired":true,"valueName":"search_term_string"}}],"inLanguage":"de"}]}</script>
<!-- / Yoast SEO plugin. -->

15. und 21. Juni grenzüberschreitende Konzerte in Nordhorn und Enschede - EUREGIO
