{"id":13237,"date":"2025-04-16T15:34:27","date_gmt":"2025-04-16T14:34:27","guid":{"rendered":"https:\/\/www.euregio.eu\/?post_type=agenda&#038;p=13237"},"modified":"2025-04-16T15:42:29","modified_gmt":"2025-04-16T14:42:29","slug":"vrijheidspark-festival-in-winterswijk-80-jahren-freiheit","status":"publish","type":"agenda","link":"https:\/\/www.euregio.eu\/de\/agenda\/vrijheidspark-festival-in-winterswijk-80-jahren-freiheit\/","title":{"rendered":"Vrijheidspark Festival in Winterswijk &#8211; 80 Jahre Freiheit"},"content":{"rendered":"<div class=\"fusion-fullwidth fullwidth-box fusion-builder-row-1 fusion-flex-container has-pattern-background has-mask-background nonhundred-percent-fullwidth non-hundred-percent-height-scrolling\" style=\"--awb-border-radius-top-left:0px;--awb-border-radius-top-right:0px;--awb-border-radius-bottom-right:0px;--awb-border-radius-bottom-left:0px;--awb-flex-wrap:wrap;\" ><div class=\"fusion-builder-row fusion-row fusion-flex-align-items-flex-start fusion-flex-content-wrap\" style=\"max-width:1248px;margin-left: calc(-4% \/ 2 );margin-right: calc(-4% \/ 2 );\"><div class=\"fusion-layout-column fusion_builder_column fusion-builder-column-0 fusion_builder_column_2_3 2_3 fusion-flex-column\" style=\"--awb-bg-size:cover;--awb-width-large:66.666666666667%;--awb-margin-top-large:0px;--awb-spacing-right-large:2.88%;--awb-margin-bottom-large:32px;--awb-spacing-left-large:2.88%;--awb-width-medium:100%;--awb-order-medium:0;--awb-spacing-right-medium:1.92%;--awb-spacing-left-medium:1.92%;--awb-width-small:100%;--awb-order-small:0;--awb-spacing-right-small:1.92%;--awb-spacing-left-small:1.92%;\"><div class=\"fusion-column-wrapper fusion-column-has-shadow fusion-flex-justify-content-flex-start fusion-content-layout-column\"><div class=\"fusion-text fusion-text-1\"><p>\u201eVereeniging Volksfeest Winterswijk\u201d und Musikverein \u201eMuziekvereniging<br \/>\nExcelsior Winterswijk&#8220; laden herzlich zum <a href=\"https:\/\/achterhoek.nl\/Vrijheidspark-Festival-Winterswijk\" target=\"_blank\" rel=\"noopener\">Vrijheidspark Festival in Winterswijk<\/a> ein.<br \/>\nEine gemeinsame deutsch-niederl\u00e4ndische Feier anl\u00e4sslich &#8222;80 Jahre Freiheit&#8220;.<\/p>\n<p>Die Organisatoren haben ein abwechslungsreiches Programm zusammengestellt, bei dem junge Talente, erfahrene Musiker und internationale G\u00e4ste gemeinsam ein unvergessliches musikalisches Erlebnis bieten. Die Besucher k\u00f6nnen Musik genie\u00dfen, gut essen und trinken \u2013 und gemeinsam die Freiheit feiern.<\/p>\n<p><strong>Programm Vrijheidspark Festival Winterswijk<\/strong><br \/>\n16:00 Uhr Lou Dynia \u2013 \u201ekleinstes Wohnzimmerkonzert\u201c<br \/>\n18:00 Uhr Euregionales Jugendorchester in Zusammenarbeit mit Warboel<br \/>\n20:30 Uhr Freiheitskonzert von Muziekvereniging Excelsior Winterswijk<br \/>\nZwischen den verschiedenen Programmpunkten treten DJs aus Winterswijk auf.<\/p>\n<p>Der Eintritt zum Vrijheidspark Festival ist gratis!<\/p>\n<p>Beim Freiheitskonzert wird die Bedeutung der Freiheit \u2013 in der Vergangenheit und Gegenwart \u2013 reflektiert. Besonders gew\u00fcrdigt werden Veteranen, die zu unserer Freiheit beigetragen haben, sowie Gefl\u00fcchtete, die aus eigener Erfahrung wissen, wie wertvoll Freiheit ist.<\/p>\n<p>Die Veranstaltung Vrijheidspark Festival Winterswijk wird aus dem <a href=\"https:\/\/www.euregio.eu\/de\/foerderungen\/bis-25000-euro\/\" target=\"_blank\" rel=\"noopener\">Interreg Kleinprojektefonds<\/a> gef\u00f6rdert.<\/p>\n<\/div><\/div><\/div><div class=\"fusion-layout-column fusion_builder_column fusion-builder-column-1 fusion_builder_column_1_3 1_3 fusion-flex-column\" style=\"--awb-bg-size:cover;--awb-width-large:33.333333333333%;--awb-margin-top-large:0px;--awb-spacing-right-large:5.76%;--awb-margin-bottom-large:32px;--awb-spacing-left-large:5.76%;--awb-width-medium:100%;--awb-order-medium:0;--awb-spacing-right-medium:1.92%;--awb-spacing-left-medium:1.92%;--awb-width-small:100%;--awb-order-small:0;--awb-spacing-right-small:1.92%;--awb-spacing-left-small:1.92%;\"><div class=\"fusion-column-wrapper fusion-column-has-shadow fusion-flex-justify-content-flex-start fusion-content-layout-column\"><div class=\"fusion-image-element \" style=\"--awb-caption-title-font-family:var(--h2_typography-font-family);--awb-caption-title-font-weight:var(--h2_typography-font-weight);--awb-caption-title-font-style:var(--h2_typography-font-style);--awb-caption-title-size:var(--h2_typography-font-size);--awb-caption-title-transform:var(--h2_typography-text-transform);--awb-caption-title-line-height:var(--h2_typography-line-height);--awb-caption-title-letter-spacing:var(--h2_typography-letter-spacing);\"><span class=\" fusion-imageframe imageframe-none imageframe-1 hover-type-none\"><img decoding=\"async\" src=\"https:\/\/www.euregio.eu\/wp-content\/uploads\/2025\/04\/Bevrijdingsvuur-1024x683.jpg\" alt class=\"img-responsive wp-image-13207\"\/><\/span><\/div><\/div><\/div><\/div><\/div>\n","protected":false},"template":"","agenda-category":[],"class_list":["post-13237","agenda","type-agenda","status-publish","hentry"],"yoast_head":"<!-- This site is optimized with the Yoast SEO plugin v26.4 - https:\/\/yoast.com\/wordpress\/plugins\/seo\/ -->\n<title>Vrijheidspark Festival in Winterswijk - 80 Jahre Freiheit - EUREGIO<\/title>\n<meta name=\"robots\" content=\"index, follow, max-snippet:-1, max-image-preview:large, max-video-preview:-1\" \/>\n<link rel=\"canonical\" href=\"https:\/\/www.euregio.eu\/de\/agenda\/vrijheidspark-festival-in-winterswijk-80-jahren-freiheit\/\" \/>\n<meta property=\"og:locale\" content=\"de_DE\" \/>\n<meta property=\"og:type\" content=\"article\" \/>\n<meta property=\"og:title\" content=\"Vrijheidspark Festival in Winterswijk - 80 Jahre Freiheit - EUREGIO\" \/>\n<meta property=\"og:url\" content=\"https:\/\/www.euregio.eu\/de\/agenda\/vrijheidspark-festival-in-winterswijk-80-jahren-freiheit\/\" \/>\n<meta property=\"og:site_name\" content=\"EUREGIO\" \/>\n<meta property=\"article:modified_time\" content=\"2025-04-16T14:42:29+00:00\" \/>\n<meta name=\"twitter:card\" content=\"summary_large_image\" \/>\n<meta name=\"twitter:label1\" content=\"Gesch\u00e4tzte Lesezeit\" \/>\n\t<meta name=\"twitter:data1\" content=\"2\u00a0Minuten\" \/>\n<script type=\"application\/ld+json\" class=\"yoast-schema-graph\">{\"@context\":\"https:\/\/schema.org\",\"@graph\":[{\"@type\":\"WebPage\",\"@id\":\"https:\/\/www.euregio.eu\/de\/agenda\/vrijheidspark-festival-in-winterswijk-80-jahren-freiheit\/\",\"url\":\"https:\/\/www.euregio.eu\/de\/agenda\/vrijheidspark-festival-in-winterswijk-80-jahren-freiheit\/\",\"name\":\"Vrijheidspark Festival in Winterswijk - 80 Jahre Freiheit - EUREGIO\",\"isPartOf\":{\"@id\":\"https:\/\/www.euregio.eu\/de\/#website\"},\"datePublished\":\"2025-04-16T14:34:27+00:00\",\"dateModified\":\"2025-04-16T14:42:29+00:00\",\"breadcrumb\":{\"@id\":\"https:\/\/www.euregio.eu\/de\/agenda\/vrijheidspark-festival-in-winterswijk-80-jahren-freiheit\/#breadcrumb\"},\"inLanguage\":\"de\",\"potentialAction\":[{\"@type\":\"ReadAction\",\"target\":[\"https:\/\/www.euregio.eu\/de\/agenda\/vrijheidspark-festival-in-winterswijk-80-jahren-freiheit\/\"]}]},{\"@type\":\"BreadcrumbList\",\"@id\":\"https:\/\/www.euregio.eu\/de\/agenda\/vrijheidspark-festival-in-winterswijk-80-jahren-freiheit\/#breadcrumb\",\"itemListElement\":[{\"@type\":\"ListItem\",\"position\":1,\"name\":\"Home\",\"item\":\"https:\/\/www.euregio.eu\/de\/\"},{\"@type\":\"ListItem\",\"position\":2,\"name\":\"Agenda\",\"item\":\"https:\/\/www.euregio.eu\/de\/agenda\/\"},{\"@type\":\"ListItem\",\"position\":3,\"name\":\"Vrijheidspark Festival in Winterswijk &#8211; 80 Jahre Freiheit\"}]},{\"@type\":\"WebSite\",\"@id\":\"https:\/\/www.euregio.eu\/de\/#website\",\"url\":\"https:\/\/www.euregio.eu\/de\/\",\"name\":\"EUREGIO\",\"description\":\"\",\"potentialAction\":[{\"@type\":\"SearchAction\",\"target\":{\"@type\":\"EntryPoint\",\"urlTemplate\":\"https:\/\/www.euregio.eu\/de\/?s={search_term_string}\"},\"query-input\":{\"@type\":\"PropertyValueSpecification\",\"valueRequired\":true,\"valueName\":\"search_term_string\"}}],\"inLanguage\":\"de\"}]}<\/script>\n<!-- \/ Yoast SEO plugin. -->","yoast_head_json":{"title":"Vrijheidspark Festival in Winterswijk - 80 Jahre Freiheit - EUREGIO","robots":{"index":"index","follow":"follow","max-snippet":"max-snippet:-1","max-image-preview":"max-image-preview:large","max-video-preview":"max-video-preview:-1"},"canonical":"https:\/\/www.euregio.eu\/de\/agenda\/vrijheidspark-festival-in-winterswijk-80-jahren-freiheit\/","og_locale":"de_DE","og_type":"article","og_title":"Vrijheidspark Festival in Winterswijk - 80 Jahre Freiheit - EUREGIO","og_url":"https:\/\/www.euregio.eu\/de\/agenda\/vrijheidspark-festival-in-winterswijk-80-jahren-freiheit\/","og_site_name":"EUREGIO","article_modified_time":"2025-04-16T14:42:29+00:00","twitter_card":"summary_large_image","twitter_misc":{"Gesch\u00e4tzte Lesezeit":"2\u00a0Minuten"},"schema":{"@context":"https:\/\/schema.org","@graph":[{"@type":"WebPage","@id":"https:\/\/www.euregio.eu\/de\/agenda\/vrijheidspark-festival-in-winterswijk-80-jahren-freiheit\/","url":"https:\/\/www.euregio.eu\/de\/agenda\/vrijheidspark-festival-in-winterswijk-80-jahren-freiheit\/","name":"Vrijheidspark Festival in Winterswijk - 80 Jahre Freiheit - EUREGIO","isPartOf":{"@id":"https:\/\/www.euregio.eu\/de\/#website"},"datePublished":"2025-04-16T14:34:27+00:00","dateModified":"2025-04-16T14:42:29+00:00","breadcrumb":{"@id":"https:\/\/www.euregio.eu\/de\/agenda\/vrijheidspark-festival-in-winterswijk-80-jahren-freiheit\/#breadcrumb"},"inLanguage":"de","potentialAction":[{"@type":"ReadAction","target":["https:\/\/www.euregio.eu\/de\/agenda\/vrijheidspark-festival-in-winterswijk-80-jahren-freiheit\/"]}]},{"@type":"BreadcrumbList","@id":"https:\/\/www.euregio.eu\/de\/agenda\/vrijheidspark-festival-in-winterswijk-80-jahren-freiheit\/#breadcrumb","itemListElement":[{"@type":"ListItem","position":1,"name":"Home","item":"https:\/\/www.euregio.eu\/de\/"},{"@type":"ListItem","position":2,"name":"Agenda","item":"https:\/\/www.euregio.eu\/de\/agenda\/"},{"@type":"ListItem","position":3,"name":"Vrijheidspark Festival in Winterswijk &#8211; 80 Jahre Freiheit"}]},{"@type":"WebSite","@id":"https:\/\/www.euregio.eu\/de\/#website","url":"https:\/\/www.euregio.eu\/de\/","name":"EUREGIO","description":"","potentialAction":[{"@type":"SearchAction","target":{"@type":"EntryPoint","urlTemplate":"https:\/\/www.euregio.eu\/de\/?s={search_term_string}"},"query-input":{"@type":"PropertyValueSpecification","valueRequired":true,"valueName":"search_term_string"}}],"inLanguage":"de"}]}},"_links":{"self":[{"href":"https:\/\/www.euregio.eu\/de\/wp-json\/wp\/v2\/agenda\/13237","targetHints":{"allow":["GET"]}}],"collection":[{"href":"https:\/\/www.euregio.eu\/de\/wp-json\/wp\/v2\/agenda"}],"about":[{"href":"https:\/\/www.euregio.eu\/de\/wp-json\/wp\/v2\/types\/agenda"}],"wp:attachment":[{"href":"https:\/\/www.euregio.eu\/de\/wp-json\/wp\/v2\/media?parent=13237"}],"wp:term":[{"taxonomy":"agenda-category","embeddable":true,"href":"https:\/\/www.euregio.eu\/de\/wp-json\/wp\/v2\/agenda-category?post=13237"}],"curies":[{"name":"wp","href":"https:\/\/api.w.org\/{rel}","templated":true}]}}

<div class="fusion-fullwidth fullwidth-box fusion-builder-row-1 fusion-flex-container has-pattern-background has-mask-background nonhundred-percent-fullwidth non-hundred-percent-height-scrolling" style="--awb-border-radius-top-left:0px;--awb-border-radius-top-right:0px;--awb-border-radius-bottom-right:0px;--awb-border-radius-bottom-left:0px;--awb-flex-wrap:wrap;" ><div class="fusion-builder-row fusion-row fusion-flex-align-items-flex-start fusion-flex-content-wrap" style="max-width:1248px;margin-left: calc(-4% / 2 );margin-right: calc(-4% / 2 );"><div class="fusion-layout-column fusion_builder_column fusion-builder-column-0 fusion_builder_column_2_3 2_3 fusion-flex-column" style="--awb-bg-size:cover;--awb-width-large:66.666666666667%;--awb-margin-top-large:0px;--awb-spacing-right-large:2.88%;--awb-margin-bottom-large:32px;--awb-spacing-left-large:2.88%;--awb-width-medium:100%;--awb-order-medium:0;--awb-spacing-right-medium:1.92%;--awb-spacing-left-medium:1.92%;--awb-width-small:100%;--awb-order-small:0;--awb-spacing-right-small:1.92%;--awb-spacing-left-small:1.92%;"><div class="fusion-column-wrapper fusion-column-has-shadow fusion-flex-justify-content-flex-start fusion-content-layout-column"><div class="fusion-text fusion-text-1"><p>„Vereeniging Volksfeest Winterswijk” und Musikverein „Muziekvereniging<br />
Excelsior Winterswijk&#8220; laden herzlich zum <a href="https://achterhoek.nl/Vrijheidspark-Festival-Winterswijk" target="_blank" rel="noopener">Vrijheidspark Festival in Winterswijk</a> ein.<br />
Eine gemeinsame deutsch-niederländische Feier anlässlich &#8222;80 Jahre Freiheit&#8220;.</p>
<p>Die Organisatoren haben ein abwechslungsreiches Programm zusammengestellt, bei dem junge Talente, erfahrene Musiker und internationale Gäste gemeinsam ein unvergessliches musikalisches Erlebnis bieten. Die Besucher können Musik genießen, gut essen und trinken – und gemeinsam die Freiheit feiern.</p>
<p><strong>Programm Vrijheidspark Festival Winterswijk</strong><br />
16:00 Uhr Lou Dynia – „kleinstes Wohnzimmerkonzert“<br />
18:00 Uhr Euregionales Jugendorchester in Zusammenarbeit mit Warboel<br />
20:30 Uhr Freiheitskonzert von Muziekvereniging Excelsior Winterswijk<br />
Zwischen den verschiedenen Programmpunkten treten DJs aus Winterswijk auf.</p>
<p>Der Eintritt zum Vrijheidspark Festival ist gratis!</p>
<p>Beim Freiheitskonzert wird die Bedeutung der Freiheit – in der Vergangenheit und Gegenwart – reflektiert. Besonders gewürdigt werden Veteranen, die zu unserer Freiheit beigetragen haben, sowie Geflüchtete, die aus eigener Erfahrung wissen, wie wertvoll Freiheit ist.</p>
<p>Die Veranstaltung Vrijheidspark Festival Winterswijk wird aus dem <a href="https://www.euregio.eu/de/foerderungen/bis-25000-euro/" target="_blank" rel="noopener">Interreg Kleinprojektefonds</a> gefördert.</p>
</div></div></div><div class="fusion-layout-column fusion_builder_column fusion-builder-column-1 fusion_builder_column_1_3 1_3 fusion-flex-column" style="--awb-bg-size:cover;--awb-width-large:33.333333333333%;--awb-margin-top-large:0px;--awb-spacing-right-large:5.76%;--awb-margin-bottom-large:32px;--awb-spacing-left-large:5.76%;--awb-width-medium:100%;--awb-order-medium:0;--awb-spacing-right-medium:1.92%;--awb-spacing-left-medium:1.92%;--awb-width-small:100%;--awb-order-small:0;--awb-spacing-right-small:1.92%;--awb-spacing-left-small:1.92%;"><div class="fusion-column-wrapper fusion-column-has-shadow fusion-flex-justify-content-flex-start fusion-content-layout-column"><div class="fusion-image-element " style="--awb-caption-title-font-family:var(--h2_typography-font-family);--awb-caption-title-font-weight:var(--h2_typography-font-weight);--awb-caption-title-font-style:var(--h2_typography-font-style);--awb-caption-title-size:var(--h2_typography-font-size);--awb-caption-title-transform:var(--h2_typography-text-transform);--awb-caption-title-line-height:var(--h2_typography-line-height);--awb-caption-title-letter-spacing:var(--h2_typography-letter-spacing);"><span class=" fusion-imageframe imageframe-none imageframe-1 hover-type-none"><img decoding="async" src="https://www.euregio.eu/wp-content/uploads/2025/04/Bevrijdingsvuur-1024x683.jpg" alt class="img-responsive wp-image-13207"/></span></div></div></div></div></div>

<!-- This site is optimized with the Yoast SEO plugin v26.4 - https://yoast.com/wordpress/plugins/seo/ -->
<title>Vrijheidspark Festival in Winterswijk - 80 Jahre Freiheit - EUREGIO</title>
<meta name="robots" content="index, follow, max-snippet:-1, max-image-preview:large, max-video-preview:-1" />
<link rel="canonical" href="https://www.euregio.eu/de/agenda/vrijheidspark-festival-in-winterswijk-80-jahren-freiheit/" />
<meta property="og:locale" content="de_DE" />
<meta property="og:type" content="article" />
<meta property="og:title" content="Vrijheidspark Festival in Winterswijk - 80 Jahre Freiheit - EUREGIO" />
<meta property="og:url" content="https://www.euregio.eu/de/agenda/vrijheidspark-festival-in-winterswijk-80-jahren-freiheit/" />
<meta property="og:site_name" content="EUREGIO" />
<meta property="article:modified_time" content="2025-04-16T14:42:29+00:00" />
<meta name="twitter:card" content="summary_large_image" />
<meta name="twitter:label1" content="Geschätzte Lesezeit" />
	<meta name="twitter:data1" content="2 Minuten" />
<script type="application/ld+json" class="yoast-schema-graph">{"@context":"https://schema.org","@graph":[{"@type":"WebPage","@id":"https://www.euregio.eu/de/agenda/vrijheidspark-festival-in-winterswijk-80-jahren-freiheit/","url":"https://www.euregio.eu/de/agenda/vrijheidspark-festival-in-winterswijk-80-jahren-freiheit/","name":"Vrijheidspark Festival in Winterswijk - 80 Jahre Freiheit - EUREGIO","isPartOf":{"@id":"https://www.euregio.eu/de/#website"},"datePublished":"2025-04-16T14:34:27+00:00","dateModified":"2025-04-16T14:42:29+00:00","breadcrumb":{"@id":"https://www.euregio.eu/de/agenda/vrijheidspark-festival-in-winterswijk-80-jahren-freiheit/#breadcrumb"},"inLanguage":"de","potentialAction":[{"@type":"ReadAction","target":["https://www.euregio.eu/de/agenda/vrijheidspark-festival-in-winterswijk-80-jahren-freiheit/"]}]},{"@type":"BreadcrumbList","@id":"https://www.euregio.eu/de/agenda/vrijheidspark-festival-in-winterswijk-80-jahren-freiheit/#breadcrumb","itemListElement":[{"@type":"ListItem","position":1,"name":"Home","item":"https://www.euregio.eu/de/"},{"@type":"ListItem","position":2,"name":"Agenda","item":"https://www.euregio.eu/de/agenda/"},{"@type":"ListItem","position":3,"name":"Vrijheidspark Festival in Winterswijk &#8211; 80 Jahre Freiheit"}]},{"@type":"WebSite","@id":"https://www.euregio.eu/de/#website","url":"https://www.euregio.eu/de/","name":"EUREGIO","description":"","potentialAction":[{"@type":"SearchAction","target":{"@type":"EntryPoint","urlTemplate":"https://www.euregio.eu/de/?s={search_term_string}"},"query-input":{"@type":"PropertyValueSpecification","valueRequired":true,"valueName":"search_term_string"}}],"inLanguage":"de"}]}</script>
<!-- / Yoast SEO plugin. -->
