{"id":11203,"date":"2024-06-04T08:39:23","date_gmt":"2024-06-04T07:39:23","guid":{"rendered":"https:\/\/www.euregio.eu\/?post_type=agenda&#038;p=11203"},"modified":"2024-06-04T09:47:04","modified_gmt":"2024-06-04T08:47:04","slug":"euregio-sprechstunde-fuer-grenzpendlerinnen-am-18-juni-in-hardenberg-nl","status":"publish","type":"agenda","link":"https:\/\/www.euregio.eu\/de\/agenda\/euregio-sprechstunde-fuer-grenzpendlerinnen-am-18-juni-in-hardenberg-nl\/","title":{"rendered":"EUREGIO-Sprechstunde f\u00fcr Grenzpendler am 18. Juni in Hardenberg"},"content":{"rendered":"<div class=\"fusion-fullwidth fullwidth-box fusion-builder-row-1 fusion-flex-container has-pattern-background has-mask-background nonhundred-percent-fullwidth non-hundred-percent-height-scrolling\" style=\"--awb-border-radius-top-left:0px;--awb-border-radius-top-right:0px;--awb-border-radius-bottom-right:0px;--awb-border-radius-bottom-left:0px;--awb-flex-wrap:wrap;\" ><div class=\"fusion-builder-row fusion-row fusion-flex-align-items-flex-start fusion-flex-content-wrap\" style=\"max-width:1248px;margin-left: calc(-4% \/ 2 );margin-right: calc(-4% \/ 2 );\"><div class=\"fusion-layout-column fusion_builder_column fusion-builder-column-0 fusion_builder_column_2_3 2_3 fusion-flex-column\" style=\"--awb-bg-size:cover;--awb-width-large:66.666666666667%;--awb-margin-top-large:0px;--awb-spacing-right-large:2.88%;--awb-margin-bottom-large:32px;--awb-spacing-left-large:2.88%;--awb-width-medium:100%;--awb-order-medium:0;--awb-spacing-right-medium:1.92%;--awb-spacing-left-medium:1.92%;--awb-width-small:100%;--awb-order-small:0;--awb-spacing-right-small:1.92%;--awb-spacing-left-small:1.92%;\"><div class=\"fusion-column-wrapper fusion-column-has-shadow fusion-flex-justify-content-flex-start fusion-content-layout-column\"><div class=\"fusion-text fusion-text-1\"><p><strong>Gronau\/Enschede 4. Juni 2024:<\/strong> Arbeiten im Nachbarland geh\u00f6rt zum Alltag vieler Bewohnerinnen und Bewohner der Grenzregion. Aus der besonderen Situation ergeben sich vielf\u00e4ltige Fragen zu Steuer, Krankenversicherung oder Rente, bei deren Beantwortung der GrenzInfoPunkt (GIP) EUREGIO schnell und einfach hilft.<\/p>\n<p>In Zusammenarbeit mit dem deutschen Finanzamt bietet der GIP EUREGIO am <strong>18. Juni <\/strong>ab 16:30 Uhr wieder eine allgemeine Beratung f\u00fcr ehemalige, aktuelle und k\u00fcnftige Grenzpendler im niederl\u00e4ndischen <strong>Hardenberg<\/strong> (Gemeentehuis Hardenberg, Stephanuspark 1, 7772 HZ Hardenberg) an.<\/p>\n<p>Die Teilnahme an der Sprechstunde ist kostenlos. Eine Anmeldung ist nicht erforderlich. Die Sprechstunde endet um 18.30 Uhr.<\/p>\n<p>Fragen zur Veranstaltung beantwortet der GIP EUREGIO auch telefonisch unter <strong>(02562) 702-0<\/strong>. Weitere Termine sowie allgemeine Informationen und Antworten auf h\u00e4ufig gestellte Fragen von Grenzpendlerinnen und Grenzpendlern finden Interessierte auf der Website des GIP unter <a href=\"http:\/\/www.gipeuregio.eu\"><strong>www.gipeuregio.eu<\/strong><\/a><strong><u>. <\/u><\/strong><\/p>\n<\/div><\/div><\/div><div class=\"fusion-layout-column fusion_builder_column fusion-builder-column-1 fusion_builder_column_1_3 1_3 fusion-flex-column\" style=\"--awb-bg-size:cover;--awb-width-large:33.333333333333%;--awb-margin-top-large:0px;--awb-spacing-right-large:5.76%;--awb-margin-bottom-large:32px;--awb-spacing-left-large:5.76%;--awb-width-medium:100%;--awb-order-medium:0;--awb-spacing-right-medium:1.92%;--awb-spacing-left-medium:1.92%;--awb-width-small:100%;--awb-order-small:0;--awb-spacing-right-small:1.92%;--awb-spacing-left-small:1.92%;\"><div class=\"fusion-column-wrapper fusion-column-has-shadow fusion-flex-justify-content-flex-start fusion-content-layout-column\"><div class=\"fusion-image-element \" style=\"--awb-caption-title-font-family:var(--h2_typography-font-family);--awb-caption-title-font-weight:var(--h2_typography-font-weight);--awb-caption-title-font-style:var(--h2_typography-font-style);--awb-caption-title-size:var(--h2_typography-font-size);--awb-caption-title-transform:var(--h2_typography-text-transform);--awb-caption-title-line-height:var(--h2_typography-line-height);--awb-caption-title-letter-spacing:var(--h2_typography-letter-spacing);\"><span class=\" fusion-imageframe imageframe-none imageframe-1 hover-type-none\"><img decoding=\"async\" width=\"1623\" height=\"1080\" title=\"PM SpSt Nordhorn\" src=\"https:\/\/www.euregio.eu\/wp-content\/uploads\/2023\/12\/PM-SpSt-Nordhorn.jpg\" alt class=\"img-responsive wp-image-9492\" srcset=\"https:\/\/www.euregio.eu\/wp-content\/uploads\/2023\/12\/PM-SpSt-Nordhorn-200x133.jpg 200w, https:\/\/www.euregio.eu\/wp-content\/uploads\/2023\/12\/PM-SpSt-Nordhorn-400x266.jpg 400w, https:\/\/www.euregio.eu\/wp-content\/uploads\/2023\/12\/PM-SpSt-Nordhorn-600x399.jpg 600w, https:\/\/www.euregio.eu\/wp-content\/uploads\/2023\/12\/PM-SpSt-Nordhorn-800x532.jpg 800w, https:\/\/www.euregio.eu\/wp-content\/uploads\/2023\/12\/PM-SpSt-Nordhorn-1200x799.jpg 1200w, https:\/\/www.euregio.eu\/wp-content\/uploads\/2023\/12\/PM-SpSt-Nordhorn.jpg 1623w\" sizes=\"(max-width: 1024px) 100vw, (max-width: 640px) 100vw, 400px\" \/><\/span><\/div><\/div><\/div><\/div><\/div>\n","protected":false},"template":"","agenda-category":[],"class_list":["post-11203","agenda","type-agenda","status-publish","hentry"],"yoast_head":"<!-- This site is optimized with the Yoast SEO plugin v26.4 - https:\/\/yoast.com\/wordpress\/plugins\/seo\/ -->\n<title>EUREGIO-Sprechstunde f\u00fcr Grenzpendler am 18. Juni in Hardenberg - EUREGIO<\/title>\n<meta name=\"robots\" content=\"index, follow, max-snippet:-1, max-image-preview:large, max-video-preview:-1\" \/>\n<link rel=\"canonical\" href=\"https:\/\/www.euregio.eu\/de\/agenda\/euregio-sprechstunde-fuer-grenzpendlerinnen-am-18-juni-in-hardenberg-nl\/\" \/>\n<meta property=\"og:locale\" content=\"de_DE\" \/>\n<meta property=\"og:type\" content=\"article\" \/>\n<meta property=\"og:title\" content=\"EUREGIO-Sprechstunde f\u00fcr Grenzpendler am 18. Juni in Hardenberg - EUREGIO\" \/>\n<meta property=\"og:url\" content=\"https:\/\/www.euregio.eu\/de\/agenda\/euregio-sprechstunde-fuer-grenzpendlerinnen-am-18-juni-in-hardenberg-nl\/\" \/>\n<meta property=\"og:site_name\" content=\"EUREGIO\" \/>\n<meta property=\"article:modified_time\" content=\"2024-06-04T08:47:04+00:00\" \/>\n<meta name=\"twitter:card\" content=\"summary_large_image\" \/>\n<meta name=\"twitter:label1\" content=\"Gesch\u00e4tzte Lesezeit\" \/>\n\t<meta name=\"twitter:data1\" content=\"1\u00a0Minute\" \/>\n<script type=\"application\/ld+json\" class=\"yoast-schema-graph\">{\"@context\":\"https:\/\/schema.org\",\"@graph\":[{\"@type\":\"WebPage\",\"@id\":\"https:\/\/www.euregio.eu\/de\/agenda\/euregio-sprechstunde-fuer-grenzpendlerinnen-am-18-juni-in-hardenberg-nl\/\",\"url\":\"https:\/\/www.euregio.eu\/de\/agenda\/euregio-sprechstunde-fuer-grenzpendlerinnen-am-18-juni-in-hardenberg-nl\/\",\"name\":\"EUREGIO-Sprechstunde f\u00fcr Grenzpendler am 18. Juni in Hardenberg - EUREGIO\",\"isPartOf\":{\"@id\":\"https:\/\/www.euregio.eu\/de\/#website\"},\"datePublished\":\"2024-06-04T07:39:23+00:00\",\"dateModified\":\"2024-06-04T08:47:04+00:00\",\"breadcrumb\":{\"@id\":\"https:\/\/www.euregio.eu\/de\/agenda\/euregio-sprechstunde-fuer-grenzpendlerinnen-am-18-juni-in-hardenberg-nl\/#breadcrumb\"},\"inLanguage\":\"de\",\"potentialAction\":[{\"@type\":\"ReadAction\",\"target\":[\"https:\/\/www.euregio.eu\/de\/agenda\/euregio-sprechstunde-fuer-grenzpendlerinnen-am-18-juni-in-hardenberg-nl\/\"]}]},{\"@type\":\"BreadcrumbList\",\"@id\":\"https:\/\/www.euregio.eu\/de\/agenda\/euregio-sprechstunde-fuer-grenzpendlerinnen-am-18-juni-in-hardenberg-nl\/#breadcrumb\",\"itemListElement\":[{\"@type\":\"ListItem\",\"position\":1,\"name\":\"Home\",\"item\":\"https:\/\/www.euregio.eu\/de\/\"},{\"@type\":\"ListItem\",\"position\":2,\"name\":\"Agenda\",\"item\":\"https:\/\/www.euregio.eu\/de\/agenda\/\"},{\"@type\":\"ListItem\",\"position\":3,\"name\":\"EUREGIO-Sprechstunde f\u00fcr Grenzpendler am 18. Juni in Hardenberg\"}]},{\"@type\":\"WebSite\",\"@id\":\"https:\/\/www.euregio.eu\/de\/#website\",\"url\":\"https:\/\/www.euregio.eu\/de\/\",\"name\":\"EUREGIO\",\"description\":\"\",\"potentialAction\":[{\"@type\":\"SearchAction\",\"target\":{\"@type\":\"EntryPoint\",\"urlTemplate\":\"https:\/\/www.euregio.eu\/de\/?s={search_term_string}\"},\"query-input\":{\"@type\":\"PropertyValueSpecification\",\"valueRequired\":true,\"valueName\":\"search_term_string\"}}],\"inLanguage\":\"de\"}]}<\/script>\n<!-- \/ Yoast SEO plugin. -->","yoast_head_json":{"title":"EUREGIO-Sprechstunde f\u00fcr Grenzpendler am 18. Juni in Hardenberg - EUREGIO","robots":{"index":"index","follow":"follow","max-snippet":"max-snippet:-1","max-image-preview":"max-image-preview:large","max-video-preview":"max-video-preview:-1"},"canonical":"https:\/\/www.euregio.eu\/de\/agenda\/euregio-sprechstunde-fuer-grenzpendlerinnen-am-18-juni-in-hardenberg-nl\/","og_locale":"de_DE","og_type":"article","og_title":"EUREGIO-Sprechstunde f\u00fcr Grenzpendler am 18. Juni in Hardenberg - EUREGIO","og_url":"https:\/\/www.euregio.eu\/de\/agenda\/euregio-sprechstunde-fuer-grenzpendlerinnen-am-18-juni-in-hardenberg-nl\/","og_site_name":"EUREGIO","article_modified_time":"2024-06-04T08:47:04+00:00","twitter_card":"summary_large_image","twitter_misc":{"Gesch\u00e4tzte Lesezeit":"1\u00a0Minute"},"schema":{"@context":"https:\/\/schema.org","@graph":[{"@type":"WebPage","@id":"https:\/\/www.euregio.eu\/de\/agenda\/euregio-sprechstunde-fuer-grenzpendlerinnen-am-18-juni-in-hardenberg-nl\/","url":"https:\/\/www.euregio.eu\/de\/agenda\/euregio-sprechstunde-fuer-grenzpendlerinnen-am-18-juni-in-hardenberg-nl\/","name":"EUREGIO-Sprechstunde f\u00fcr Grenzpendler am 18. Juni in Hardenberg - EUREGIO","isPartOf":{"@id":"https:\/\/www.euregio.eu\/de\/#website"},"datePublished":"2024-06-04T07:39:23+00:00","dateModified":"2024-06-04T08:47:04+00:00","breadcrumb":{"@id":"https:\/\/www.euregio.eu\/de\/agenda\/euregio-sprechstunde-fuer-grenzpendlerinnen-am-18-juni-in-hardenberg-nl\/#breadcrumb"},"inLanguage":"de","potentialAction":[{"@type":"ReadAction","target":["https:\/\/www.euregio.eu\/de\/agenda\/euregio-sprechstunde-fuer-grenzpendlerinnen-am-18-juni-in-hardenberg-nl\/"]}]},{"@type":"BreadcrumbList","@id":"https:\/\/www.euregio.eu\/de\/agenda\/euregio-sprechstunde-fuer-grenzpendlerinnen-am-18-juni-in-hardenberg-nl\/#breadcrumb","itemListElement":[{"@type":"ListItem","position":1,"name":"Home","item":"https:\/\/www.euregio.eu\/de\/"},{"@type":"ListItem","position":2,"name":"Agenda","item":"https:\/\/www.euregio.eu\/de\/agenda\/"},{"@type":"ListItem","position":3,"name":"EUREGIO-Sprechstunde f\u00fcr Grenzpendler am 18. Juni in Hardenberg"}]},{"@type":"WebSite","@id":"https:\/\/www.euregio.eu\/de\/#website","url":"https:\/\/www.euregio.eu\/de\/","name":"EUREGIO","description":"","potentialAction":[{"@type":"SearchAction","target":{"@type":"EntryPoint","urlTemplate":"https:\/\/www.euregio.eu\/de\/?s={search_term_string}"},"query-input":{"@type":"PropertyValueSpecification","valueRequired":true,"valueName":"search_term_string"}}],"inLanguage":"de"}]}},"_links":{"self":[{"href":"https:\/\/www.euregio.eu\/de\/wp-json\/wp\/v2\/agenda\/11203","targetHints":{"allow":["GET"]}}],"collection":[{"href":"https:\/\/www.euregio.eu\/de\/wp-json\/wp\/v2\/agenda"}],"about":[{"href":"https:\/\/www.euregio.eu\/de\/wp-json\/wp\/v2\/types\/agenda"}],"wp:attachment":[{"href":"https:\/\/www.euregio.eu\/de\/wp-json\/wp\/v2\/media?parent=11203"}],"wp:term":[{"taxonomy":"agenda-category","embeddable":true,"href":"https:\/\/www.euregio.eu\/de\/wp-json\/wp\/v2\/agenda-category?post=11203"}],"curies":[{"name":"wp","href":"https:\/\/api.w.org\/{rel}","templated":true}]}}

EUREGIO-Sprechstunde für Grenzpendler am 18. Juni in Hardenberg

<div class="fusion-fullwidth fullwidth-box fusion-builder-row-1 fusion-flex-container has-pattern-background has-mask-background nonhundred-percent-fullwidth non-hundred-percent-height-scrolling" style="--awb-border-radius-top-left:0px;--awb-border-radius-top-right:0px;--awb-border-radius-bottom-right:0px;--awb-border-radius-bottom-left:0px;--awb-flex-wrap:wrap;" ><div class="fusion-builder-row fusion-row fusion-flex-align-items-flex-start fusion-flex-content-wrap" style="max-width:1248px;margin-left: calc(-4% / 2 );margin-right: calc(-4% / 2 );"><div class="fusion-layout-column fusion_builder_column fusion-builder-column-0 fusion_builder_column_2_3 2_3 fusion-flex-column" style="--awb-bg-size:cover;--awb-width-large:66.666666666667%;--awb-margin-top-large:0px;--awb-spacing-right-large:2.88%;--awb-margin-bottom-large:32px;--awb-spacing-left-large:2.88%;--awb-width-medium:100%;--awb-order-medium:0;--awb-spacing-right-medium:1.92%;--awb-spacing-left-medium:1.92%;--awb-width-small:100%;--awb-order-small:0;--awb-spacing-right-small:1.92%;--awb-spacing-left-small:1.92%;"><div class="fusion-column-wrapper fusion-column-has-shadow fusion-flex-justify-content-flex-start fusion-content-layout-column"><div class="fusion-text fusion-text-1"><p><strong>Gronau/Enschede 4. Juni 2024:</strong> Arbeiten im Nachbarland gehört zum Alltag vieler Bewohnerinnen und Bewohner der Grenzregion. Aus der besonderen Situation ergeben sich vielfältige Fragen zu Steuer, Krankenversicherung oder Rente, bei deren Beantwortung der GrenzInfoPunkt (GIP) EUREGIO schnell und einfach hilft.</p>
<p>In Zusammenarbeit mit dem deutschen Finanzamt bietet der GIP EUREGIO am <strong>18. Juni </strong>ab 16:30 Uhr wieder eine allgemeine Beratung für ehemalige, aktuelle und künftige Grenzpendler im niederländischen <strong>Hardenberg</strong> (Gemeentehuis Hardenberg, Stephanuspark 1, 7772 HZ Hardenberg) an.</p>
<p>Die Teilnahme an der Sprechstunde ist kostenlos. Eine Anmeldung ist nicht erforderlich. Die Sprechstunde endet um 18.30 Uhr.</p>
<p>Fragen zur Veranstaltung beantwortet der GIP EUREGIO auch telefonisch unter <strong>(02562) 702-0</strong>. Weitere Termine sowie allgemeine Informationen und Antworten auf häufig gestellte Fragen von Grenzpendlerinnen und Grenzpendlern finden Interessierte auf der Website des GIP unter <a href="http://www.gipeuregio.eu"><strong>www.gipeuregio.eu</strong></a><strong><u>. </u></strong></p>
</div></div></div><div class="fusion-layout-column fusion_builder_column fusion-builder-column-1 fusion_builder_column_1_3 1_3 fusion-flex-column" style="--awb-bg-size:cover;--awb-width-large:33.333333333333%;--awb-margin-top-large:0px;--awb-spacing-right-large:5.76%;--awb-margin-bottom-large:32px;--awb-spacing-left-large:5.76%;--awb-width-medium:100%;--awb-order-medium:0;--awb-spacing-right-medium:1.92%;--awb-spacing-left-medium:1.92%;--awb-width-small:100%;--awb-order-small:0;--awb-spacing-right-small:1.92%;--awb-spacing-left-small:1.92%;"><div class="fusion-column-wrapper fusion-column-has-shadow fusion-flex-justify-content-flex-start fusion-content-layout-column"><div class="fusion-image-element " style="--awb-caption-title-font-family:var(--h2_typography-font-family);--awb-caption-title-font-weight:var(--h2_typography-font-weight);--awb-caption-title-font-style:var(--h2_typography-font-style);--awb-caption-title-size:var(--h2_typography-font-size);--awb-caption-title-transform:var(--h2_typography-text-transform);--awb-caption-title-line-height:var(--h2_typography-line-height);--awb-caption-title-letter-spacing:var(--h2_typography-letter-spacing);"><span class=" fusion-imageframe imageframe-none imageframe-1 hover-type-none"><img decoding="async" width="1623" height="1080" title="PM SpSt Nordhorn" src="https://www.euregio.eu/wp-content/uploads/2023/12/PM-SpSt-Nordhorn.jpg" alt class="img-responsive wp-image-9492" srcset="https://www.euregio.eu/wp-content/uploads/2023/12/PM-SpSt-Nordhorn-200x133.jpg 200w, https://www.euregio.eu/wp-content/uploads/2023/12/PM-SpSt-Nordhorn-400x266.jpg 400w, https://www.euregio.eu/wp-content/uploads/2023/12/PM-SpSt-Nordhorn-600x399.jpg 600w, https://www.euregio.eu/wp-content/uploads/2023/12/PM-SpSt-Nordhorn-800x532.jpg 800w, https://www.euregio.eu/wp-content/uploads/2023/12/PM-SpSt-Nordhorn-1200x799.jpg 1200w, https://www.euregio.eu/wp-content/uploads/2023/12/PM-SpSt-Nordhorn.jpg 1623w" sizes="(max-width: 1024px) 100vw, (max-width: 640px) 100vw, 400px" /></span></div></div></div></div></div>

<!-- This site is optimized with the Yoast SEO plugin v26.4 - https://yoast.com/wordpress/plugins/seo/ -->
<title>EUREGIO-Sprechstunde für Grenzpendler am 18. Juni in Hardenberg - EUREGIO</title>
<meta name="robots" content="index, follow, max-snippet:-1, max-image-preview:large, max-video-preview:-1" />
<link rel="canonical" href="https://www.euregio.eu/de/agenda/euregio-sprechstunde-fuer-grenzpendlerinnen-am-18-juni-in-hardenberg-nl/" />
<meta property="og:locale" content="de_DE" />
<meta property="og:type" content="article" />
<meta property="og:title" content="EUREGIO-Sprechstunde für Grenzpendler am 18. Juni in Hardenberg - EUREGIO" />
<meta property="og:url" content="https://www.euregio.eu/de/agenda/euregio-sprechstunde-fuer-grenzpendlerinnen-am-18-juni-in-hardenberg-nl/" />
<meta property="og:site_name" content="EUREGIO" />
<meta property="article:modified_time" content="2024-06-04T08:47:04+00:00" />
<meta name="twitter:card" content="summary_large_image" />
<meta name="twitter:label1" content="Geschätzte Lesezeit" />
	<meta name="twitter:data1" content="1 Minute" />
<script type="application/ld+json" class="yoast-schema-graph">{"@context":"https://schema.org","@graph":[{"@type":"WebPage","@id":"https://www.euregio.eu/de/agenda/euregio-sprechstunde-fuer-grenzpendlerinnen-am-18-juni-in-hardenberg-nl/","url":"https://www.euregio.eu/de/agenda/euregio-sprechstunde-fuer-grenzpendlerinnen-am-18-juni-in-hardenberg-nl/","name":"EUREGIO-Sprechstunde für Grenzpendler am 18. Juni in Hardenberg - EUREGIO","isPartOf":{"@id":"https://www.euregio.eu/de/#website"},"datePublished":"2024-06-04T07:39:23+00:00","dateModified":"2024-06-04T08:47:04+00:00","breadcrumb":{"@id":"https://www.euregio.eu/de/agenda/euregio-sprechstunde-fuer-grenzpendlerinnen-am-18-juni-in-hardenberg-nl/#breadcrumb"},"inLanguage":"de","potentialAction":[{"@type":"ReadAction","target":["https://www.euregio.eu/de/agenda/euregio-sprechstunde-fuer-grenzpendlerinnen-am-18-juni-in-hardenberg-nl/"]}]},{"@type":"BreadcrumbList","@id":"https://www.euregio.eu/de/agenda/euregio-sprechstunde-fuer-grenzpendlerinnen-am-18-juni-in-hardenberg-nl/#breadcrumb","itemListElement":[{"@type":"ListItem","position":1,"name":"Home","item":"https://www.euregio.eu/de/"},{"@type":"ListItem","position":2,"name":"Agenda","item":"https://www.euregio.eu/de/agenda/"},{"@type":"ListItem","position":3,"name":"EUREGIO-Sprechstunde für Grenzpendler am 18. Juni in Hardenberg"}]},{"@type":"WebSite","@id":"https://www.euregio.eu/de/#website","url":"https://www.euregio.eu/de/","name":"EUREGIO","description":"","potentialAction":[{"@type":"SearchAction","target":{"@type":"EntryPoint","urlTemplate":"https://www.euregio.eu/de/?s={search_term_string}"},"query-input":{"@type":"PropertyValueSpecification","valueRequired":true,"valueName":"search_term_string"}}],"inLanguage":"de"}]}</script>
<!-- / Yoast SEO plugin. -->

EUREGIO-Sprechstunde für Grenzpendler am 18. Juni in Hardenberg - EUREGIO
