{"id":11025,"date":"2024-04-22T14:47:41","date_gmt":"2024-04-22T13:47:41","guid":{"rendered":"https:\/\/www.euregio.eu\/?post_type=agenda&#038;p=11025"},"modified":"2024-04-22T14:48:44","modified_gmt":"2024-04-22T13:48:44","slug":"koningsdag-ueber-die-grenze-in-losser","status":"publish","type":"agenda","link":"https:\/\/www.euregio.eu\/de\/agenda\/koningsdag-ueber-die-grenze-in-losser\/","title":{"rendered":"Koningsdag \u00fcber die Grenze in Losser"},"content":{"rendered":"<div class=\"fusion-fullwidth fullwidth-box fusion-builder-row-1 fusion-flex-container has-pattern-background has-mask-background nonhundred-percent-fullwidth non-hundred-percent-height-scrolling\" style=\"--awb-border-radius-top-left:0px;--awb-border-radius-top-right:0px;--awb-border-radius-bottom-right:0px;--awb-border-radius-bottom-left:0px;--awb-flex-wrap:wrap;\" ><div class=\"fusion-builder-row fusion-row fusion-flex-align-items-flex-start fusion-flex-content-wrap\" style=\"max-width:1248px;margin-left: calc(-4% \/ 2 );margin-right: calc(-4% \/ 2 );\"><div class=\"fusion-layout-column fusion_builder_column fusion-builder-column-0 fusion_builder_column_2_3 2_3 fusion-flex-column\" style=\"--awb-bg-size:cover;--awb-width-large:66.666666666667%;--awb-margin-top-large:0px;--awb-spacing-right-large:2.88%;--awb-margin-bottom-large:32px;--awb-spacing-left-large:2.88%;--awb-width-medium:100%;--awb-order-medium:0;--awb-spacing-right-medium:1.92%;--awb-spacing-left-medium:1.92%;--awb-width-small:100%;--awb-order-small:0;--awb-spacing-right-small:1.92%;--awb-spacing-left-small:1.92%;\"><div class=\"fusion-column-wrapper fusion-column-has-shadow fusion-flex-justify-content-flex-start fusion-content-layout-column\"><div class=\"fusion-text fusion-text-1\"><p><strong>An Koningsdag wird in den Niederlanden immer gro\u00df gefeiert: Der K\u00f6nig hat Geburtstag und das muss gefeiert werden. Am Samstag, dem 27. April, wird es eine gem\u00fctliche Atmosph\u00e4re im Zentrum von Losser geben. Der Bauernmarkt und die Oranje-Aktivit\u00e4ten sorgen f\u00fcr viel Geselligkeit. Das Oranje-Komitee und die Organisation des Regionalmarkt haben sich zusammengetan. Die Gesch\u00e4fte sind ge\u00f6ffnet, die Terrassen der \u00f6rtlichen Gastronomie sind gem\u00fctlich eingerichtet und auf dem Raadhuisplein k\u00f6nnen sich die Kinder w\u00e4hrend der Koningsspelen austoben.<\/strong><\/p>\n<p>Nach dem Hissen der Nationalflagge bricht das Fest aus. Bis 16 Uhr gibt es f\u00fcr die Kinder viel zu tun: Springen auf den H\u00fcpfburgen oder Klettern auf der Hindernisbahn. Nehmen Sie an dem Bungeerun und dem Sweeper teil oder spielen Sie in der Pannakooi und es gibt noch viel mehr zu erleben. Hier und da erklingt eine musikalische Note. Orange ist die dominierende Farbe.<\/p>\n<p><strong>K\u00f6stliche, \u00fcberraschende und originelle Produkte<\/strong><\/p>\n<p>Koningsdag wird erst richtig komplett mit einem Besuch auf dem Regionalmarkt. Es gibt so viel zu tun im Dorf, dass man fast vergisst, dass der Bauernmarkt stattfindet. Dutzende von St\u00e4nden sind diesmal bereit, mit neuen und \u00fcberraschenden Teilnehmern. Probieren, st\u00f6bern, erleben und w\u00e4hlen Sie aus. Eine kleine Auswahl dessen, was man erwarten kann: k\u00f6stlich frisch ger\u00e4ucherter Aal, handwerklich hergestellte W\u00fcrste, verschiedene Fleischsorten von Rindern aus der Umgebung, Butterkuchen aus Losser, hausgemachte Marmelade, frisches Obst aus Rossum, wundersch\u00f6ne Blumenkr\u00e4nze, Seidenblumen, Reinigungsmittel, K\u00e4se &amp; N\u00fcsse, Schokolade, leckere Saucen, Schmuck, Geschenkideen, Kinderkleidung, (Oster-) Dekoration und Antiquit\u00e4ten &amp; Kuriosit\u00e4ten. Zwischendurch k\u00f6nnen Sie in einem der gem\u00fctlichen Lokale in Losser zu Mittag essen oder einen Drink genie\u00dfen, was einen Besuch in Losser n\u00e4chsten Samstag mehr als lohnenswert macht. Genie\u00dfen Sie die vor Ort gebackenen Kartoffel-Pfannkuchen. Oder holen Sie sich ein leckeres frisches Hackb\u00e4llchen oder eine duftende Tasse Suppe.<\/p>\n<p><strong>Wo und wann? Samstag, 27. April: 9.00 &#8211; 16.00 Uhr im Zentrum von Losser<\/strong><\/p>\n<p>Mehr Informationen \u00fcber Losser auf folgender Website: <a href=\"http:\/\/www.centrumlosser.nl\" target=\"_blank\" rel=\"noopener\">www.centrumlosser.nl<\/a><\/p>\n<\/div><\/div><\/div><div class=\"fusion-layout-column fusion_builder_column fusion-builder-column-1 fusion_builder_column_1_3 1_3 fusion-flex-column\" style=\"--awb-bg-size:cover;--awb-width-large:33.333333333333%;--awb-margin-top-large:0px;--awb-spacing-right-large:5.76%;--awb-margin-bottom-large:32px;--awb-spacing-left-large:5.76%;--awb-width-medium:100%;--awb-order-medium:0;--awb-spacing-right-medium:1.92%;--awb-spacing-left-medium:1.92%;--awb-width-small:100%;--awb-order-small:0;--awb-spacing-right-small:1.92%;--awb-spacing-left-small:1.92%;\"><div class=\"fusion-column-wrapper fusion-column-has-shadow fusion-flex-justify-content-flex-start fusion-content-layout-column\"><div class=\"fusion-image-element \" style=\"--awb-margin-bottom:10px;--awb-caption-title-font-family:var(--h2_typography-font-family);--awb-caption-title-font-weight:var(--h2_typography-font-weight);--awb-caption-title-font-style:var(--h2_typography-font-style);--awb-caption-title-size:var(--h2_typography-font-size);--awb-caption-title-transform:var(--h2_typography-text-transform);--awb-caption-title-line-height:var(--h2_typography-line-height);--awb-caption-title-letter-spacing:var(--h2_typography-letter-spacing);\"><span class=\" fusion-imageframe imageframe-none imageframe-1 hover-type-none\"><img decoding=\"async\" src=\"https:\/\/www.euregio.eu\/wp-content\/uploads\/2024\/04\/Template-FORMAT_Standard-16-1-1024x683.jpg\" alt class=\"img-responsive wp-image-11036\"\/><\/span><\/div><div class=\"fusion-image-element \" style=\"--awb-margin-bottom:10px;--awb-caption-title-font-family:var(--h2_typography-font-family);--awb-caption-title-font-weight:var(--h2_typography-font-weight);--awb-caption-title-font-style:var(--h2_typography-font-style);--awb-caption-title-size:var(--h2_typography-font-size);--awb-caption-title-transform:var(--h2_typography-text-transform);--awb-caption-title-line-height:var(--h2_typography-line-height);--awb-caption-title-letter-spacing:var(--h2_typography-letter-spacing);\"><span class=\" fusion-imageframe imageframe-none imageframe-2 hover-type-none\"><img decoding=\"async\" width=\"1024\" height=\"683\" title=\"Template FORMAT Standard (18)\" src=\"https:\/\/www.euregio.eu\/wp-content\/uploads\/2024\/04\/Template-FORMAT_Standard-18-1024x683.jpg\" alt class=\"img-responsive wp-image-11032\" srcset=\"https:\/\/www.euregio.eu\/wp-content\/uploads\/2024\/04\/Template-FORMAT_Standard-18-200x133.jpg 200w, https:\/\/www.euregio.eu\/wp-content\/uploads\/2024\/04\/Template-FORMAT_Standard-18-400x267.jpg 400w, https:\/\/www.euregio.eu\/wp-content\/uploads\/2024\/04\/Template-FORMAT_Standard-18-600x400.jpg 600w, https:\/\/www.euregio.eu\/wp-content\/uploads\/2024\/04\/Template-FORMAT_Standard-18-800x533.jpg 800w, https:\/\/www.euregio.eu\/wp-content\/uploads\/2024\/04\/Template-FORMAT_Standard-18-1200x800.jpg 1200w, https:\/\/www.euregio.eu\/wp-content\/uploads\/2024\/04\/Template-FORMAT_Standard-18.jpg 1620w\" sizes=\"(max-width: 1024px) 100vw, (max-width: 640px) 100vw, 400px\" \/><\/span><\/div><div class=\"fusion-image-element \" style=\"--awb-caption-title-font-family:var(--h2_typography-font-family);--awb-caption-title-font-weight:var(--h2_typography-font-weight);--awb-caption-title-font-style:var(--h2_typography-font-style);--awb-caption-title-size:var(--h2_typography-font-size);--awb-caption-title-transform:var(--h2_typography-text-transform);--awb-caption-title-line-height:var(--h2_typography-line-height);--awb-caption-title-letter-spacing:var(--h2_typography-letter-spacing);\"><span class=\" fusion-imageframe imageframe-none imageframe-3 hover-type-none\"><img decoding=\"async\" src=\"https:\/\/www.euregio.eu\/wp-content\/uploads\/2024\/04\/Template-FORMAT_Standard-17-1024x683.jpg\" alt class=\"img-responsive wp-image-11034\"\/><\/span><\/div><div class=\"fusion-text fusion-text-2\"><p><em>Fotos: Gemeente Losser<\/em><\/p>\n<\/div><\/div><\/div><\/div><\/div>\n","protected":false},"template":"","agenda-category":[],"class_list":["post-11025","agenda","type-agenda","status-publish","hentry"],"yoast_head":"<!-- This site is optimized with the Yoast SEO plugin v26.4 - https:\/\/yoast.com\/wordpress\/plugins\/seo\/ -->\n<title>Koningsdag \u00fcber die Grenze in Losser - EUREGIO<\/title>\n<meta name=\"robots\" content=\"index, follow, max-snippet:-1, max-image-preview:large, max-video-preview:-1\" \/>\n<link rel=\"canonical\" href=\"https:\/\/www.euregio.eu\/de\/agenda\/koningsdag-ueber-die-grenze-in-losser\/\" \/>\n<meta property=\"og:locale\" content=\"de_DE\" \/>\n<meta property=\"og:type\" content=\"article\" \/>\n<meta property=\"og:title\" content=\"Koningsdag \u00fcber die Grenze in Losser - EUREGIO\" \/>\n<meta property=\"og:url\" content=\"https:\/\/www.euregio.eu\/de\/agenda\/koningsdag-ueber-die-grenze-in-losser\/\" \/>\n<meta property=\"og:site_name\" content=\"EUREGIO\" \/>\n<meta property=\"article:modified_time\" content=\"2024-04-22T13:48:44+00:00\" \/>\n<meta name=\"twitter:card\" content=\"summary_large_image\" \/>\n<meta name=\"twitter:label1\" content=\"Gesch\u00e4tzte Lesezeit\" \/>\n\t<meta name=\"twitter:data1\" content=\"3\u00a0Minuten\" \/>\n<script type=\"application\/ld+json\" class=\"yoast-schema-graph\">{\"@context\":\"https:\/\/schema.org\",\"@graph\":[{\"@type\":\"WebPage\",\"@id\":\"https:\/\/www.euregio.eu\/de\/agenda\/koningsdag-ueber-die-grenze-in-losser\/\",\"url\":\"https:\/\/www.euregio.eu\/de\/agenda\/koningsdag-ueber-die-grenze-in-losser\/\",\"name\":\"Koningsdag \u00fcber die Grenze in Losser - EUREGIO\",\"isPartOf\":{\"@id\":\"https:\/\/www.euregio.eu\/de\/#website\"},\"datePublished\":\"2024-04-22T13:47:41+00:00\",\"dateModified\":\"2024-04-22T13:48:44+00:00\",\"breadcrumb\":{\"@id\":\"https:\/\/www.euregio.eu\/de\/agenda\/koningsdag-ueber-die-grenze-in-losser\/#breadcrumb\"},\"inLanguage\":\"de\",\"potentialAction\":[{\"@type\":\"ReadAction\",\"target\":[\"https:\/\/www.euregio.eu\/de\/agenda\/koningsdag-ueber-die-grenze-in-losser\/\"]}]},{\"@type\":\"BreadcrumbList\",\"@id\":\"https:\/\/www.euregio.eu\/de\/agenda\/koningsdag-ueber-die-grenze-in-losser\/#breadcrumb\",\"itemListElement\":[{\"@type\":\"ListItem\",\"position\":1,\"name\":\"Home\",\"item\":\"https:\/\/www.euregio.eu\/de\/\"},{\"@type\":\"ListItem\",\"position\":2,\"name\":\"Agenda\",\"item\":\"https:\/\/www.euregio.eu\/de\/agenda\/\"},{\"@type\":\"ListItem\",\"position\":3,\"name\":\"Koningsdag \u00fcber die Grenze in Losser\"}]},{\"@type\":\"WebSite\",\"@id\":\"https:\/\/www.euregio.eu\/de\/#website\",\"url\":\"https:\/\/www.euregio.eu\/de\/\",\"name\":\"EUREGIO\",\"description\":\"\",\"potentialAction\":[{\"@type\":\"SearchAction\",\"target\":{\"@type\":\"EntryPoint\",\"urlTemplate\":\"https:\/\/www.euregio.eu\/de\/?s={search_term_string}\"},\"query-input\":{\"@type\":\"PropertyValueSpecification\",\"valueRequired\":true,\"valueName\":\"search_term_string\"}}],\"inLanguage\":\"de\"}]}<\/script>\n<!-- \/ Yoast SEO plugin. -->","yoast_head_json":{"title":"Koningsdag \u00fcber die Grenze in Losser - EUREGIO","robots":{"index":"index","follow":"follow","max-snippet":"max-snippet:-1","max-image-preview":"max-image-preview:large","max-video-preview":"max-video-preview:-1"},"canonical":"https:\/\/www.euregio.eu\/de\/agenda\/koningsdag-ueber-die-grenze-in-losser\/","og_locale":"de_DE","og_type":"article","og_title":"Koningsdag \u00fcber die Grenze in Losser - EUREGIO","og_url":"https:\/\/www.euregio.eu\/de\/agenda\/koningsdag-ueber-die-grenze-in-losser\/","og_site_name":"EUREGIO","article_modified_time":"2024-04-22T13:48:44+00:00","twitter_card":"summary_large_image","twitter_misc":{"Gesch\u00e4tzte Lesezeit":"3\u00a0Minuten"},"schema":{"@context":"https:\/\/schema.org","@graph":[{"@type":"WebPage","@id":"https:\/\/www.euregio.eu\/de\/agenda\/koningsdag-ueber-die-grenze-in-losser\/","url":"https:\/\/www.euregio.eu\/de\/agenda\/koningsdag-ueber-die-grenze-in-losser\/","name":"Koningsdag \u00fcber die Grenze in Losser - EUREGIO","isPartOf":{"@id":"https:\/\/www.euregio.eu\/de\/#website"},"datePublished":"2024-04-22T13:47:41+00:00","dateModified":"2024-04-22T13:48:44+00:00","breadcrumb":{"@id":"https:\/\/www.euregio.eu\/de\/agenda\/koningsdag-ueber-die-grenze-in-losser\/#breadcrumb"},"inLanguage":"de","potentialAction":[{"@type":"ReadAction","target":["https:\/\/www.euregio.eu\/de\/agenda\/koningsdag-ueber-die-grenze-in-losser\/"]}]},{"@type":"BreadcrumbList","@id":"https:\/\/www.euregio.eu\/de\/agenda\/koningsdag-ueber-die-grenze-in-losser\/#breadcrumb","itemListElement":[{"@type":"ListItem","position":1,"name":"Home","item":"https:\/\/www.euregio.eu\/de\/"},{"@type":"ListItem","position":2,"name":"Agenda","item":"https:\/\/www.euregio.eu\/de\/agenda\/"},{"@type":"ListItem","position":3,"name":"Koningsdag \u00fcber die Grenze in Losser"}]},{"@type":"WebSite","@id":"https:\/\/www.euregio.eu\/de\/#website","url":"https:\/\/www.euregio.eu\/de\/","name":"EUREGIO","description":"","potentialAction":[{"@type":"SearchAction","target":{"@type":"EntryPoint","urlTemplate":"https:\/\/www.euregio.eu\/de\/?s={search_term_string}"},"query-input":{"@type":"PropertyValueSpecification","valueRequired":true,"valueName":"search_term_string"}}],"inLanguage":"de"}]}},"_links":{"self":[{"href":"https:\/\/www.euregio.eu\/de\/wp-json\/wp\/v2\/agenda\/11025","targetHints":{"allow":["GET"]}}],"collection":[{"href":"https:\/\/www.euregio.eu\/de\/wp-json\/wp\/v2\/agenda"}],"about":[{"href":"https:\/\/www.euregio.eu\/de\/wp-json\/wp\/v2\/types\/agenda"}],"wp:attachment":[{"href":"https:\/\/www.euregio.eu\/de\/wp-json\/wp\/v2\/media?parent=11025"}],"wp:term":[{"taxonomy":"agenda-category","embeddable":true,"href":"https:\/\/www.euregio.eu\/de\/wp-json\/wp\/v2\/agenda-category?post=11025"}],"curies":[{"name":"wp","href":"https:\/\/api.w.org\/{rel}","templated":true}]}}

Koningsdag über die Grenze in Losser

<div class="fusion-fullwidth fullwidth-box fusion-builder-row-1 fusion-flex-container has-pattern-background has-mask-background nonhundred-percent-fullwidth non-hundred-percent-height-scrolling" style="--awb-border-radius-top-left:0px;--awb-border-radius-top-right:0px;--awb-border-radius-bottom-right:0px;--awb-border-radius-bottom-left:0px;--awb-flex-wrap:wrap;" ><div class="fusion-builder-row fusion-row fusion-flex-align-items-flex-start fusion-flex-content-wrap" style="max-width:1248px;margin-left: calc(-4% / 2 );margin-right: calc(-4% / 2 );"><div class="fusion-layout-column fusion_builder_column fusion-builder-column-0 fusion_builder_column_2_3 2_3 fusion-flex-column" style="--awb-bg-size:cover;--awb-width-large:66.666666666667%;--awb-margin-top-large:0px;--awb-spacing-right-large:2.88%;--awb-margin-bottom-large:32px;--awb-spacing-left-large:2.88%;--awb-width-medium:100%;--awb-order-medium:0;--awb-spacing-right-medium:1.92%;--awb-spacing-left-medium:1.92%;--awb-width-small:100%;--awb-order-small:0;--awb-spacing-right-small:1.92%;--awb-spacing-left-small:1.92%;"><div class="fusion-column-wrapper fusion-column-has-shadow fusion-flex-justify-content-flex-start fusion-content-layout-column"><div class="fusion-text fusion-text-1"><p><strong>An Koningsdag wird in den Niederlanden immer groß gefeiert: Der König hat Geburtstag und das muss gefeiert werden. Am Samstag, dem 27. April, wird es eine gemütliche Atmosphäre im Zentrum von Losser geben. Der Bauernmarkt und die Oranje-Aktivitäten sorgen für viel Geselligkeit. Das Oranje-Komitee und die Organisation des Regionalmarkt haben sich zusammengetan. Die Geschäfte sind geöffnet, die Terrassen der örtlichen Gastronomie sind gemütlich eingerichtet und auf dem Raadhuisplein können sich die Kinder während der Koningsspelen austoben.</strong></p>
<p>Nach dem Hissen der Nationalflagge bricht das Fest aus. Bis 16 Uhr gibt es für die Kinder viel zu tun: Springen auf den Hüpfburgen oder Klettern auf der Hindernisbahn. Nehmen Sie an dem Bungeerun und dem Sweeper teil oder spielen Sie in der Pannakooi und es gibt noch viel mehr zu erleben. Hier und da erklingt eine musikalische Note. Orange ist die dominierende Farbe.</p>
<p><strong>Köstliche, überraschende und originelle Produkte</strong></p>
<p>Koningsdag wird erst richtig komplett mit einem Besuch auf dem Regionalmarkt. Es gibt so viel zu tun im Dorf, dass man fast vergisst, dass der Bauernmarkt stattfindet. Dutzende von Ständen sind diesmal bereit, mit neuen und überraschenden Teilnehmern. Probieren, stöbern, erleben und wählen Sie aus. Eine kleine Auswahl dessen, was man erwarten kann: köstlich frisch geräucherter Aal, handwerklich hergestellte Würste, verschiedene Fleischsorten von Rindern aus der Umgebung, Butterkuchen aus Losser, hausgemachte Marmelade, frisches Obst aus Rossum, wunderschöne Blumenkränze, Seidenblumen, Reinigungsmittel, Käse &amp; Nüsse, Schokolade, leckere Saucen, Schmuck, Geschenkideen, Kinderkleidung, (Oster-) Dekoration und Antiquitäten &amp; Kuriositäten. Zwischendurch können Sie in einem der gemütlichen Lokale in Losser zu Mittag essen oder einen Drink genießen, was einen Besuch in Losser nächsten Samstag mehr als lohnenswert macht. Genießen Sie die vor Ort gebackenen Kartoffel-Pfannkuchen. Oder holen Sie sich ein leckeres frisches Hackbällchen oder eine duftende Tasse Suppe.</p>
<p><strong>Wo und wann? Samstag, 27. April: 9.00 &#8211; 16.00 Uhr im Zentrum von Losser</strong></p>
<p>Mehr Informationen über Losser auf folgender Website: <a href="http://www.centrumlosser.nl" target="_blank" rel="noopener">www.centrumlosser.nl</a></p>
</div></div></div><div class="fusion-layout-column fusion_builder_column fusion-builder-column-1 fusion_builder_column_1_3 1_3 fusion-flex-column" style="--awb-bg-size:cover;--awb-width-large:33.333333333333%;--awb-margin-top-large:0px;--awb-spacing-right-large:5.76%;--awb-margin-bottom-large:32px;--awb-spacing-left-large:5.76%;--awb-width-medium:100%;--awb-order-medium:0;--awb-spacing-right-medium:1.92%;--awb-spacing-left-medium:1.92%;--awb-width-small:100%;--awb-order-small:0;--awb-spacing-right-small:1.92%;--awb-spacing-left-small:1.92%;"><div class="fusion-column-wrapper fusion-column-has-shadow fusion-flex-justify-content-flex-start fusion-content-layout-column"><div class="fusion-image-element " style="--awb-margin-bottom:10px;--awb-caption-title-font-family:var(--h2_typography-font-family);--awb-caption-title-font-weight:var(--h2_typography-font-weight);--awb-caption-title-font-style:var(--h2_typography-font-style);--awb-caption-title-size:var(--h2_typography-font-size);--awb-caption-title-transform:var(--h2_typography-text-transform);--awb-caption-title-line-height:var(--h2_typography-line-height);--awb-caption-title-letter-spacing:var(--h2_typography-letter-spacing);"><span class=" fusion-imageframe imageframe-none imageframe-1 hover-type-none"><img decoding="async" src="https://www.euregio.eu/wp-content/uploads/2024/04/Template-FORMAT_Standard-16-1-1024x683.jpg" alt class="img-responsive wp-image-11036"/></span></div><div class="fusion-image-element " style="--awb-margin-bottom:10px;--awb-caption-title-font-family:var(--h2_typography-font-family);--awb-caption-title-font-weight:var(--h2_typography-font-weight);--awb-caption-title-font-style:var(--h2_typography-font-style);--awb-caption-title-size:var(--h2_typography-font-size);--awb-caption-title-transform:var(--h2_typography-text-transform);--awb-caption-title-line-height:var(--h2_typography-line-height);--awb-caption-title-letter-spacing:var(--h2_typography-letter-spacing);"><span class=" fusion-imageframe imageframe-none imageframe-2 hover-type-none"><img decoding="async" width="1024" height="683" title="Template FORMAT Standard (18)" src="https://www.euregio.eu/wp-content/uploads/2024/04/Template-FORMAT_Standard-18-1024x683.jpg" alt class="img-responsive wp-image-11032" srcset="https://www.euregio.eu/wp-content/uploads/2024/04/Template-FORMAT_Standard-18-200x133.jpg 200w, https://www.euregio.eu/wp-content/uploads/2024/04/Template-FORMAT_Standard-18-400x267.jpg 400w, https://www.euregio.eu/wp-content/uploads/2024/04/Template-FORMAT_Standard-18-600x400.jpg 600w, https://www.euregio.eu/wp-content/uploads/2024/04/Template-FORMAT_Standard-18-800x533.jpg 800w, https://www.euregio.eu/wp-content/uploads/2024/04/Template-FORMAT_Standard-18-1200x800.jpg 1200w, https://www.euregio.eu/wp-content/uploads/2024/04/Template-FORMAT_Standard-18.jpg 1620w" sizes="(max-width: 1024px) 100vw, (max-width: 640px) 100vw, 400px" /></span></div><div class="fusion-image-element " style="--awb-caption-title-font-family:var(--h2_typography-font-family);--awb-caption-title-font-weight:var(--h2_typography-font-weight);--awb-caption-title-font-style:var(--h2_typography-font-style);--awb-caption-title-size:var(--h2_typography-font-size);--awb-caption-title-transform:var(--h2_typography-text-transform);--awb-caption-title-line-height:var(--h2_typography-line-height);--awb-caption-title-letter-spacing:var(--h2_typography-letter-spacing);"><span class=" fusion-imageframe imageframe-none imageframe-3 hover-type-none"><img decoding="async" src="https://www.euregio.eu/wp-content/uploads/2024/04/Template-FORMAT_Standard-17-1024x683.jpg" alt class="img-responsive wp-image-11034"/></span></div><div class="fusion-text fusion-text-2"><p><em>Fotos: Gemeente Losser</em></p>
</div></div></div></div></div>

<!-- This site is optimized with the Yoast SEO plugin v26.4 - https://yoast.com/wordpress/plugins/seo/ -->
<title>Koningsdag über die Grenze in Losser - EUREGIO</title>
<meta name="robots" content="index, follow, max-snippet:-1, max-image-preview:large, max-video-preview:-1" />
<link rel="canonical" href="https://www.euregio.eu/de/agenda/koningsdag-ueber-die-grenze-in-losser/" />
<meta property="og:locale" content="de_DE" />
<meta property="og:type" content="article" />
<meta property="og:title" content="Koningsdag über die Grenze in Losser - EUREGIO" />
<meta property="og:url" content="https://www.euregio.eu/de/agenda/koningsdag-ueber-die-grenze-in-losser/" />
<meta property="og:site_name" content="EUREGIO" />
<meta property="article:modified_time" content="2024-04-22T13:48:44+00:00" />
<meta name="twitter:card" content="summary_large_image" />
<meta name="twitter:label1" content="Geschätzte Lesezeit" />
	<meta name="twitter:data1" content="3 Minuten" />
<script type="application/ld+json" class="yoast-schema-graph">{"@context":"https://schema.org","@graph":[{"@type":"WebPage","@id":"https://www.euregio.eu/de/agenda/koningsdag-ueber-die-grenze-in-losser/","url":"https://www.euregio.eu/de/agenda/koningsdag-ueber-die-grenze-in-losser/","name":"Koningsdag über die Grenze in Losser - EUREGIO","isPartOf":{"@id":"https://www.euregio.eu/de/#website"},"datePublished":"2024-04-22T13:47:41+00:00","dateModified":"2024-04-22T13:48:44+00:00","breadcrumb":{"@id":"https://www.euregio.eu/de/agenda/koningsdag-ueber-die-grenze-in-losser/#breadcrumb"},"inLanguage":"de","potentialAction":[{"@type":"ReadAction","target":["https://www.euregio.eu/de/agenda/koningsdag-ueber-die-grenze-in-losser/"]}]},{"@type":"BreadcrumbList","@id":"https://www.euregio.eu/de/agenda/koningsdag-ueber-die-grenze-in-losser/#breadcrumb","itemListElement":[{"@type":"ListItem","position":1,"name":"Home","item":"https://www.euregio.eu/de/"},{"@type":"ListItem","position":2,"name":"Agenda","item":"https://www.euregio.eu/de/agenda/"},{"@type":"ListItem","position":3,"name":"Koningsdag über die Grenze in Losser"}]},{"@type":"WebSite","@id":"https://www.euregio.eu/de/#website","url":"https://www.euregio.eu/de/","name":"EUREGIO","description":"","potentialAction":[{"@type":"SearchAction","target":{"@type":"EntryPoint","urlTemplate":"https://www.euregio.eu/de/?s={search_term_string}"},"query-input":{"@type":"PropertyValueSpecification","valueRequired":true,"valueName":"search_term_string"}}],"inLanguage":"de"}]}</script>
<!-- / Yoast SEO plugin. -->

Koningsdag über die Grenze in Losser - EUREGIO
