{"id":10838,"date":"2024-04-05T10:31:19","date_gmt":"2024-04-05T09:31:19","guid":{"rendered":"https:\/\/www.euregio.eu\/?post_type=agenda&#038;p=10838"},"modified":"2024-04-05T11:27:48","modified_gmt":"2024-04-05T10:27:48","slug":"euregio-beratungstag-fuer-grenzpendlerinnen-und-grenzpendler-in-hardenberg-nl","status":"publish","type":"agenda","link":"https:\/\/www.euregio.eu\/de\/agenda\/euregio-beratungstag-fuer-grenzpendlerinnen-und-grenzpendler-in-hardenberg-nl\/","title":{"rendered":"EUREGIO-Beratungstag f\u00fcr Grenzpendlerinnen und Grenzpendler in Hardenberg (NL)"},"content":{"rendered":"<div class=\"fusion-fullwidth fullwidth-box fusion-builder-row-1 fusion-flex-container has-pattern-background has-mask-background nonhundred-percent-fullwidth non-hundred-percent-height-scrolling\" style=\"--awb-border-radius-top-left:0px;--awb-border-radius-top-right:0px;--awb-border-radius-bottom-right:0px;--awb-border-radius-bottom-left:0px;--awb-flex-wrap:wrap;\" ><div class=\"fusion-builder-row fusion-row fusion-flex-align-items-flex-start fusion-flex-content-wrap\" style=\"max-width:1248px;margin-left: calc(-4% \/ 2 );margin-right: calc(-4% \/ 2 );\"><div class=\"fusion-layout-column fusion_builder_column fusion-builder-column-0 fusion_builder_column_2_3 2_3 fusion-flex-column\" style=\"--awb-bg-size:cover;--awb-width-large:66.666666666667%;--awb-margin-top-large:0px;--awb-spacing-right-large:2.88%;--awb-margin-bottom-large:32px;--awb-spacing-left-large:2.88%;--awb-width-medium:100%;--awb-order-medium:0;--awb-spacing-right-medium:1.92%;--awb-spacing-left-medium:1.92%;--awb-width-small:100%;--awb-order-small:0;--awb-spacing-right-small:1.92%;--awb-spacing-left-small:1.92%;\"><div class=\"fusion-column-wrapper fusion-column-has-shadow fusion-flex-justify-content-flex-start fusion-content-layout-column\"><div class=\"fusion-text fusion-text-1\"><p><strong>Antworten auf individuelle Fragen zum <\/strong><strong>grenz\u00fcberschreitenden Leben und Arbeiten erhalten interessierte B\u00fcrgerinnen und B\u00fcrger auf dem EUREGIO-Beratungstag in Hardenberg (NL). Das Angebot des GrenzInfoPunkts (GIP) EUREGIO ist kostenlos.<\/strong><\/p>\n<p>Am EUREGIO-Beratungstag in Hardenberg stehen Fachleute f\u00fcr Steuern, Renten und Sozialversicherungen ehemaligen, heutigen und zuk\u00fcnftigen Grenzpendlerinnen und Grenzpendler f\u00fcr pers\u00f6nliche Gespr\u00e4che mit fachkundigem Rat zur Seite und beantworten Fragen zum Beispiel zu Steuern, Renten, Sozialversicherung und Gesundheitskosten.<\/p>\n<p>An diesem Beratungstag k\u00f6nnen Interessierte nicht nur ausf\u00fchrliche Informationen von den Experten des GrensInfoPunktes EUREGIO erhalten, sondern sich auch von verschiedenen Instanzen beraten lassen, darunter UWV, GrensWerk (Zusammenarbeit von Agentur f\u00fcr Arbeit, UWV, Gemeente Enschede und EUREGIO), Bureau voor Duitse Zaken van de Sociale Verzekeringsbank, Familienkasse, AOK Niedersachsen sowie niederl\u00e4ndische und deutsche Finanz\u00e4mter.<\/p>\n<p>Beginn der Veranstaltung im Gemeentehuis Hardenberg, Stephanuspark 1, ist um 10 Uhr, Ende gegen 14 Uhr. Die Teilnahme ist kostenlos, eine Anmeldung ist nicht erforderlich. Fragen zum Beratungstag werden auch telefonisch unter (02562) 702-0 beantwortet.<\/p>\n<p>Weitere Veranstaltungstermine sowie allgemeine Informationen auf <a href=\"http:\/\/www.gipeuregio.eu\" target=\"_blank\" rel=\"noopener\"><strong>www.gipeuregio.eu<\/strong><\/a>.<\/p>\n<\/div><\/div><\/div><div class=\"fusion-layout-column fusion_builder_column fusion-builder-column-1 fusion_builder_column_1_3 1_3 fusion-flex-column\" style=\"--awb-bg-size:cover;--awb-width-large:33.333333333333%;--awb-margin-top-large:0px;--awb-spacing-right-large:5.76%;--awb-margin-bottom-large:32px;--awb-spacing-left-large:5.76%;--awb-width-medium:100%;--awb-order-medium:0;--awb-spacing-right-medium:1.92%;--awb-spacing-left-medium:1.92%;--awb-width-small:100%;--awb-order-small:0;--awb-spacing-right-small:1.92%;--awb-spacing-left-small:1.92%;\"><div class=\"fusion-column-wrapper fusion-column-has-shadow fusion-flex-justify-content-flex-start fusion-content-layout-column\"><div class=\"fusion-image-element \" style=\"--awb-caption-title-font-family:var(--h2_typography-font-family);--awb-caption-title-font-weight:var(--h2_typography-font-weight);--awb-caption-title-font-style:var(--h2_typography-font-style);--awb-caption-title-size:var(--h2_typography-font-size);--awb-caption-title-transform:var(--h2_typography-text-transform);--awb-caption-title-line-height:var(--h2_typography-line-height);--awb-caption-title-letter-spacing:var(--h2_typography-letter-spacing);\"><span class=\" fusion-imageframe imageframe-none imageframe-1 hover-type-none\"><img decoding=\"async\" width=\"1623\" height=\"1080\" title=\"Herman Lammers Beratung 01 Klein\" src=\"https:\/\/www.euregio.eu\/wp-content\/uploads\/2023\/10\/Herman-Lammers_Beratung_01_klein.jpg\" alt class=\"img-responsive wp-image-9368\" srcset=\"https:\/\/www.euregio.eu\/wp-content\/uploads\/2023\/10\/Herman-Lammers_Beratung_01_klein-200x133.jpg 200w, https:\/\/www.euregio.eu\/wp-content\/uploads\/2023\/10\/Herman-Lammers_Beratung_01_klein-400x266.jpg 400w, https:\/\/www.euregio.eu\/wp-content\/uploads\/2023\/10\/Herman-Lammers_Beratung_01_klein-600x399.jpg 600w, https:\/\/www.euregio.eu\/wp-content\/uploads\/2023\/10\/Herman-Lammers_Beratung_01_klein-800x532.jpg 800w, https:\/\/www.euregio.eu\/wp-content\/uploads\/2023\/10\/Herman-Lammers_Beratung_01_klein-1200x799.jpg 1200w, https:\/\/www.euregio.eu\/wp-content\/uploads\/2023\/10\/Herman-Lammers_Beratung_01_klein.jpg 1623w\" sizes=\"(max-width: 1024px) 100vw, (max-width: 640px) 100vw, 400px\" \/><\/span><\/div><\/div><\/div><\/div><\/div>\n","protected":false},"template":"","agenda-category":[],"class_list":["post-10838","agenda","type-agenda","status-publish","hentry"],"yoast_head":"<!-- This site is optimized with the Yoast SEO plugin v26.4 - https:\/\/yoast.com\/wordpress\/plugins\/seo\/ -->\n<title>EUREGIO-Beratungstag f\u00fcr Grenzpendlerinnen und Grenzpendler in Hardenberg (NL) - EUREGIO<\/title>\n<meta name=\"robots\" content=\"index, follow, max-snippet:-1, max-image-preview:large, max-video-preview:-1\" \/>\n<link rel=\"canonical\" href=\"https:\/\/www.euregio.eu\/de\/agenda\/euregio-beratungstag-fuer-grenzpendlerinnen-und-grenzpendler-in-hardenberg-nl\/\" \/>\n<meta property=\"og:locale\" content=\"de_DE\" \/>\n<meta property=\"og:type\" content=\"article\" \/>\n<meta property=\"og:title\" content=\"EUREGIO-Beratungstag f\u00fcr Grenzpendlerinnen und Grenzpendler in Hardenberg (NL) - EUREGIO\" \/>\n<meta property=\"og:url\" content=\"https:\/\/www.euregio.eu\/de\/agenda\/euregio-beratungstag-fuer-grenzpendlerinnen-und-grenzpendler-in-hardenberg-nl\/\" \/>\n<meta property=\"og:site_name\" content=\"EUREGIO\" \/>\n<meta property=\"article:modified_time\" content=\"2024-04-05T10:27:48+00:00\" \/>\n<meta name=\"twitter:card\" content=\"summary_large_image\" \/>\n<meta name=\"twitter:label1\" content=\"Gesch\u00e4tzte Lesezeit\" \/>\n\t<meta name=\"twitter:data1\" content=\"2\u00a0Minuten\" \/>\n<script type=\"application\/ld+json\" class=\"yoast-schema-graph\">{\"@context\":\"https:\/\/schema.org\",\"@graph\":[{\"@type\":\"WebPage\",\"@id\":\"https:\/\/www.euregio.eu\/de\/agenda\/euregio-beratungstag-fuer-grenzpendlerinnen-und-grenzpendler-in-hardenberg-nl\/\",\"url\":\"https:\/\/www.euregio.eu\/de\/agenda\/euregio-beratungstag-fuer-grenzpendlerinnen-und-grenzpendler-in-hardenberg-nl\/\",\"name\":\"EUREGIO-Beratungstag f\u00fcr Grenzpendlerinnen und Grenzpendler in Hardenberg (NL) - EUREGIO\",\"isPartOf\":{\"@id\":\"https:\/\/www.euregio.eu\/de\/#website\"},\"datePublished\":\"2024-04-05T09:31:19+00:00\",\"dateModified\":\"2024-04-05T10:27:48+00:00\",\"breadcrumb\":{\"@id\":\"https:\/\/www.euregio.eu\/de\/agenda\/euregio-beratungstag-fuer-grenzpendlerinnen-und-grenzpendler-in-hardenberg-nl\/#breadcrumb\"},\"inLanguage\":\"de\",\"potentialAction\":[{\"@type\":\"ReadAction\",\"target\":[\"https:\/\/www.euregio.eu\/de\/agenda\/euregio-beratungstag-fuer-grenzpendlerinnen-und-grenzpendler-in-hardenberg-nl\/\"]}]},{\"@type\":\"BreadcrumbList\",\"@id\":\"https:\/\/www.euregio.eu\/de\/agenda\/euregio-beratungstag-fuer-grenzpendlerinnen-und-grenzpendler-in-hardenberg-nl\/#breadcrumb\",\"itemListElement\":[{\"@type\":\"ListItem\",\"position\":1,\"name\":\"Home\",\"item\":\"https:\/\/www.euregio.eu\/de\/\"},{\"@type\":\"ListItem\",\"position\":2,\"name\":\"Agenda\",\"item\":\"https:\/\/www.euregio.eu\/de\/agenda\/\"},{\"@type\":\"ListItem\",\"position\":3,\"name\":\"EUREGIO-Beratungstag f\u00fcr Grenzpendlerinnen und Grenzpendler in Hardenberg (NL)\"}]},{\"@type\":\"WebSite\",\"@id\":\"https:\/\/www.euregio.eu\/de\/#website\",\"url\":\"https:\/\/www.euregio.eu\/de\/\",\"name\":\"EUREGIO\",\"description\":\"\",\"potentialAction\":[{\"@type\":\"SearchAction\",\"target\":{\"@type\":\"EntryPoint\",\"urlTemplate\":\"https:\/\/www.euregio.eu\/de\/?s={search_term_string}\"},\"query-input\":{\"@type\":\"PropertyValueSpecification\",\"valueRequired\":true,\"valueName\":\"search_term_string\"}}],\"inLanguage\":\"de\"}]}<\/script>\n<!-- \/ Yoast SEO plugin. -->","yoast_head_json":{"title":"EUREGIO-Beratungstag f\u00fcr Grenzpendlerinnen und Grenzpendler in Hardenberg (NL) - EUREGIO","robots":{"index":"index","follow":"follow","max-snippet":"max-snippet:-1","max-image-preview":"max-image-preview:large","max-video-preview":"max-video-preview:-1"},"canonical":"https:\/\/www.euregio.eu\/de\/agenda\/euregio-beratungstag-fuer-grenzpendlerinnen-und-grenzpendler-in-hardenberg-nl\/","og_locale":"de_DE","og_type":"article","og_title":"EUREGIO-Beratungstag f\u00fcr Grenzpendlerinnen und Grenzpendler in Hardenberg (NL) - EUREGIO","og_url":"https:\/\/www.euregio.eu\/de\/agenda\/euregio-beratungstag-fuer-grenzpendlerinnen-und-grenzpendler-in-hardenberg-nl\/","og_site_name":"EUREGIO","article_modified_time":"2024-04-05T10:27:48+00:00","twitter_card":"summary_large_image","twitter_misc":{"Gesch\u00e4tzte Lesezeit":"2\u00a0Minuten"},"schema":{"@context":"https:\/\/schema.org","@graph":[{"@type":"WebPage","@id":"https:\/\/www.euregio.eu\/de\/agenda\/euregio-beratungstag-fuer-grenzpendlerinnen-und-grenzpendler-in-hardenberg-nl\/","url":"https:\/\/www.euregio.eu\/de\/agenda\/euregio-beratungstag-fuer-grenzpendlerinnen-und-grenzpendler-in-hardenberg-nl\/","name":"EUREGIO-Beratungstag f\u00fcr Grenzpendlerinnen und Grenzpendler in Hardenberg (NL) - EUREGIO","isPartOf":{"@id":"https:\/\/www.euregio.eu\/de\/#website"},"datePublished":"2024-04-05T09:31:19+00:00","dateModified":"2024-04-05T10:27:48+00:00","breadcrumb":{"@id":"https:\/\/www.euregio.eu\/de\/agenda\/euregio-beratungstag-fuer-grenzpendlerinnen-und-grenzpendler-in-hardenberg-nl\/#breadcrumb"},"inLanguage":"de","potentialAction":[{"@type":"ReadAction","target":["https:\/\/www.euregio.eu\/de\/agenda\/euregio-beratungstag-fuer-grenzpendlerinnen-und-grenzpendler-in-hardenberg-nl\/"]}]},{"@type":"BreadcrumbList","@id":"https:\/\/www.euregio.eu\/de\/agenda\/euregio-beratungstag-fuer-grenzpendlerinnen-und-grenzpendler-in-hardenberg-nl\/#breadcrumb","itemListElement":[{"@type":"ListItem","position":1,"name":"Home","item":"https:\/\/www.euregio.eu\/de\/"},{"@type":"ListItem","position":2,"name":"Agenda","item":"https:\/\/www.euregio.eu\/de\/agenda\/"},{"@type":"ListItem","position":3,"name":"EUREGIO-Beratungstag f\u00fcr Grenzpendlerinnen und Grenzpendler in Hardenberg (NL)"}]},{"@type":"WebSite","@id":"https:\/\/www.euregio.eu\/de\/#website","url":"https:\/\/www.euregio.eu\/de\/","name":"EUREGIO","description":"","potentialAction":[{"@type":"SearchAction","target":{"@type":"EntryPoint","urlTemplate":"https:\/\/www.euregio.eu\/de\/?s={search_term_string}"},"query-input":{"@type":"PropertyValueSpecification","valueRequired":true,"valueName":"search_term_string"}}],"inLanguage":"de"}]}},"_links":{"self":[{"href":"https:\/\/www.euregio.eu\/de\/wp-json\/wp\/v2\/agenda\/10838","targetHints":{"allow":["GET"]}}],"collection":[{"href":"https:\/\/www.euregio.eu\/de\/wp-json\/wp\/v2\/agenda"}],"about":[{"href":"https:\/\/www.euregio.eu\/de\/wp-json\/wp\/v2\/types\/agenda"}],"wp:attachment":[{"href":"https:\/\/www.euregio.eu\/de\/wp-json\/wp\/v2\/media?parent=10838"}],"wp:term":[{"taxonomy":"agenda-category","embeddable":true,"href":"https:\/\/www.euregio.eu\/de\/wp-json\/wp\/v2\/agenda-category?post=10838"}],"curies":[{"name":"wp","href":"https:\/\/api.w.org\/{rel}","templated":true}]}}

EUREGIO-Beratungstag für Grenzpendlerinnen und Grenzpendler in Hardenberg (NL)

<div class="fusion-fullwidth fullwidth-box fusion-builder-row-1 fusion-flex-container has-pattern-background has-mask-background nonhundred-percent-fullwidth non-hundred-percent-height-scrolling" style="--awb-border-radius-top-left:0px;--awb-border-radius-top-right:0px;--awb-border-radius-bottom-right:0px;--awb-border-radius-bottom-left:0px;--awb-flex-wrap:wrap;" ><div class="fusion-builder-row fusion-row fusion-flex-align-items-flex-start fusion-flex-content-wrap" style="max-width:1248px;margin-left: calc(-4% / 2 );margin-right: calc(-4% / 2 );"><div class="fusion-layout-column fusion_builder_column fusion-builder-column-0 fusion_builder_column_2_3 2_3 fusion-flex-column" style="--awb-bg-size:cover;--awb-width-large:66.666666666667%;--awb-margin-top-large:0px;--awb-spacing-right-large:2.88%;--awb-margin-bottom-large:32px;--awb-spacing-left-large:2.88%;--awb-width-medium:100%;--awb-order-medium:0;--awb-spacing-right-medium:1.92%;--awb-spacing-left-medium:1.92%;--awb-width-small:100%;--awb-order-small:0;--awb-spacing-right-small:1.92%;--awb-spacing-left-small:1.92%;"><div class="fusion-column-wrapper fusion-column-has-shadow fusion-flex-justify-content-flex-start fusion-content-layout-column"><div class="fusion-text fusion-text-1"><p><strong>Antworten auf individuelle Fragen zum </strong><strong>grenzüberschreitenden Leben und Arbeiten erhalten interessierte Bürgerinnen und Bürger auf dem EUREGIO-Beratungstag in Hardenberg (NL). Das Angebot des GrenzInfoPunkts (GIP) EUREGIO ist kostenlos.</strong></p>
<p>Am EUREGIO-Beratungstag in Hardenberg stehen Fachleute für Steuern, Renten und Sozialversicherungen ehemaligen, heutigen und zukünftigen Grenzpendlerinnen und Grenzpendler für persönliche Gespräche mit fachkundigem Rat zur Seite und beantworten Fragen zum Beispiel zu Steuern, Renten, Sozialversicherung und Gesundheitskosten.</p>
<p>An diesem Beratungstag können Interessierte nicht nur ausführliche Informationen von den Experten des GrensInfoPunktes EUREGIO erhalten, sondern sich auch von verschiedenen Instanzen beraten lassen, darunter UWV, GrensWerk (Zusammenarbeit von Agentur für Arbeit, UWV, Gemeente Enschede und EUREGIO), Bureau voor Duitse Zaken van de Sociale Verzekeringsbank, Familienkasse, AOK Niedersachsen sowie niederländische und deutsche Finanzämter.</p>
<p>Beginn der Veranstaltung im Gemeentehuis Hardenberg, Stephanuspark 1, ist um 10 Uhr, Ende gegen 14 Uhr. Die Teilnahme ist kostenlos, eine Anmeldung ist nicht erforderlich. Fragen zum Beratungstag werden auch telefonisch unter (02562) 702-0 beantwortet.</p>
<p>Weitere Veranstaltungstermine sowie allgemeine Informationen auf <a href="http://www.gipeuregio.eu" target="_blank" rel="noopener"><strong>www.gipeuregio.eu</strong></a>.</p>
</div></div></div><div class="fusion-layout-column fusion_builder_column fusion-builder-column-1 fusion_builder_column_1_3 1_3 fusion-flex-column" style="--awb-bg-size:cover;--awb-width-large:33.333333333333%;--awb-margin-top-large:0px;--awb-spacing-right-large:5.76%;--awb-margin-bottom-large:32px;--awb-spacing-left-large:5.76%;--awb-width-medium:100%;--awb-order-medium:0;--awb-spacing-right-medium:1.92%;--awb-spacing-left-medium:1.92%;--awb-width-small:100%;--awb-order-small:0;--awb-spacing-right-small:1.92%;--awb-spacing-left-small:1.92%;"><div class="fusion-column-wrapper fusion-column-has-shadow fusion-flex-justify-content-flex-start fusion-content-layout-column"><div class="fusion-image-element " style="--awb-caption-title-font-family:var(--h2_typography-font-family);--awb-caption-title-font-weight:var(--h2_typography-font-weight);--awb-caption-title-font-style:var(--h2_typography-font-style);--awb-caption-title-size:var(--h2_typography-font-size);--awb-caption-title-transform:var(--h2_typography-text-transform);--awb-caption-title-line-height:var(--h2_typography-line-height);--awb-caption-title-letter-spacing:var(--h2_typography-letter-spacing);"><span class=" fusion-imageframe imageframe-none imageframe-1 hover-type-none"><img decoding="async" width="1623" height="1080" title="Herman Lammers Beratung 01 Klein" src="https://www.euregio.eu/wp-content/uploads/2023/10/Herman-Lammers_Beratung_01_klein.jpg" alt class="img-responsive wp-image-9368" srcset="https://www.euregio.eu/wp-content/uploads/2023/10/Herman-Lammers_Beratung_01_klein-200x133.jpg 200w, https://www.euregio.eu/wp-content/uploads/2023/10/Herman-Lammers_Beratung_01_klein-400x266.jpg 400w, https://www.euregio.eu/wp-content/uploads/2023/10/Herman-Lammers_Beratung_01_klein-600x399.jpg 600w, https://www.euregio.eu/wp-content/uploads/2023/10/Herman-Lammers_Beratung_01_klein-800x532.jpg 800w, https://www.euregio.eu/wp-content/uploads/2023/10/Herman-Lammers_Beratung_01_klein-1200x799.jpg 1200w, https://www.euregio.eu/wp-content/uploads/2023/10/Herman-Lammers_Beratung_01_klein.jpg 1623w" sizes="(max-width: 1024px) 100vw, (max-width: 640px) 100vw, 400px" /></span></div></div></div></div></div>

<!-- This site is optimized with the Yoast SEO plugin v26.4 - https://yoast.com/wordpress/plugins/seo/ -->
<title>EUREGIO-Beratungstag für Grenzpendlerinnen und Grenzpendler in Hardenberg (NL) - EUREGIO</title>
<meta name="robots" content="index, follow, max-snippet:-1, max-image-preview:large, max-video-preview:-1" />
<link rel="canonical" href="https://www.euregio.eu/de/agenda/euregio-beratungstag-fuer-grenzpendlerinnen-und-grenzpendler-in-hardenberg-nl/" />
<meta property="og:locale" content="de_DE" />
<meta property="og:type" content="article" />
<meta property="og:title" content="EUREGIO-Beratungstag für Grenzpendlerinnen und Grenzpendler in Hardenberg (NL) - EUREGIO" />
<meta property="og:url" content="https://www.euregio.eu/de/agenda/euregio-beratungstag-fuer-grenzpendlerinnen-und-grenzpendler-in-hardenberg-nl/" />
<meta property="og:site_name" content="EUREGIO" />
<meta property="article:modified_time" content="2024-04-05T10:27:48+00:00" />
<meta name="twitter:card" content="summary_large_image" />
<meta name="twitter:label1" content="Geschätzte Lesezeit" />
	<meta name="twitter:data1" content="2 Minuten" />
<script type="application/ld+json" class="yoast-schema-graph">{"@context":"https://schema.org","@graph":[{"@type":"WebPage","@id":"https://www.euregio.eu/de/agenda/euregio-beratungstag-fuer-grenzpendlerinnen-und-grenzpendler-in-hardenberg-nl/","url":"https://www.euregio.eu/de/agenda/euregio-beratungstag-fuer-grenzpendlerinnen-und-grenzpendler-in-hardenberg-nl/","name":"EUREGIO-Beratungstag für Grenzpendlerinnen und Grenzpendler in Hardenberg (NL) - EUREGIO","isPartOf":{"@id":"https://www.euregio.eu/de/#website"},"datePublished":"2024-04-05T09:31:19+00:00","dateModified":"2024-04-05T10:27:48+00:00","breadcrumb":{"@id":"https://www.euregio.eu/de/agenda/euregio-beratungstag-fuer-grenzpendlerinnen-und-grenzpendler-in-hardenberg-nl/#breadcrumb"},"inLanguage":"de","potentialAction":[{"@type":"ReadAction","target":["https://www.euregio.eu/de/agenda/euregio-beratungstag-fuer-grenzpendlerinnen-und-grenzpendler-in-hardenberg-nl/"]}]},{"@type":"BreadcrumbList","@id":"https://www.euregio.eu/de/agenda/euregio-beratungstag-fuer-grenzpendlerinnen-und-grenzpendler-in-hardenberg-nl/#breadcrumb","itemListElement":[{"@type":"ListItem","position":1,"name":"Home","item":"https://www.euregio.eu/de/"},{"@type":"ListItem","position":2,"name":"Agenda","item":"https://www.euregio.eu/de/agenda/"},{"@type":"ListItem","position":3,"name":"EUREGIO-Beratungstag für Grenzpendlerinnen und Grenzpendler in Hardenberg (NL)"}]},{"@type":"WebSite","@id":"https://www.euregio.eu/de/#website","url":"https://www.euregio.eu/de/","name":"EUREGIO","description":"","potentialAction":[{"@type":"SearchAction","target":{"@type":"EntryPoint","urlTemplate":"https://www.euregio.eu/de/?s={search_term_string}"},"query-input":{"@type":"PropertyValueSpecification","valueRequired":true,"valueName":"search_term_string"}}],"inLanguage":"de"}]}</script>
<!-- / Yoast SEO plugin. -->

EUREGIO-Beratungstag für Grenzpendlerinnen und Grenzpendler in Hardenberg (NL) - EUREGIO
