{"id":10672,"date":"2024-03-25T15:42:50","date_gmt":"2024-03-25T14:42:50","guid":{"rendered":"https:\/\/www.euregio.eu\/?post_type=agenda&#038;p=10672"},"modified":"2024-03-25T15:42:50","modified_gmt":"2024-03-25T14:42:50","slug":"grenzuebergreifender-journalismus","status":"publish","type":"agenda","link":"https:\/\/www.euregio.eu\/de\/agenda\/grenzuebergreifender-journalismus\/","title":{"rendered":"Grenz\u00fcbergreifender Journalismus"},"content":{"rendered":"<div class=\"fusion-fullwidth fullwidth-box fusion-builder-row-1 fusion-flex-container nonhundred-percent-fullwidth non-hundred-percent-height-scrolling\" style=\"--awb-border-radius-top-left:0px;--awb-border-radius-top-right:0px;--awb-border-radius-bottom-right:0px;--awb-border-radius-bottom-left:0px;--awb-flex-wrap:wrap;\" ><div class=\"fusion-builder-row fusion-row fusion-flex-align-items-flex-start fusion-flex-content-wrap\" style=\"max-width:1248px;margin-left: calc(-4% \/ 2 );margin-right: calc(-4% \/ 2 );\"><div class=\"fusion-layout-column fusion_builder_column fusion-builder-column-0 fusion_builder_column_2_3 2_3 fusion-flex-column\" style=\"--awb-bg-size:cover;--awb-width-large:66.666666666667%;--awb-margin-top-large:0px;--awb-spacing-right-large:2.88%;--awb-margin-bottom-large:32px;--awb-spacing-left-large:2.88%;--awb-width-medium:100%;--awb-order-medium:0;--awb-spacing-right-medium:1.92%;--awb-spacing-left-medium:1.92%;--awb-width-small:100%;--awb-order-small:0;--awb-spacing-right-small:1.92%;--awb-spacing-left-small:1.92%;\"><div class=\"fusion-column-wrapper fusion-column-has-shadow fusion-flex-justify-content-flex-start fusion-content-layout-column\"><div class=\"fusion-text fusion-text-1\"><h5><strong>Einladung<\/strong><\/h5>\n<p><strong>Wann:<\/strong> Mittwoch 27. M\u00e4rz, 18:30 Einlass, 19:00 &#8211; 21:30<\/p>\n<p><strong>Wo:<\/strong> Gronausestraat 1258, 7534 AV Enschede<\/p>\n<p><strong>Was:<\/strong> Wie reisen Geschichten \u00fcber Grenzen? 3 Keynotes und eine Diskussion \u00fcber Journalismus \u00fcber nationale Grenzen.<\/p>\n<p>Nach einem Auftakt durch Journalisten m\u00f6chten die Veranstalter mit Ihnen \u00fcber den Journalismus \u00fcber Grenzen reden.<\/p>\n<p>Es wird in die Medienlandschaft auf beiden Seiten der Grenze eingetaucht, oder in das, was bereits versucht wurde. Dann wird gemeinsam nach M\u00f6glichkeiten der Zusammenarbeit in der Zukunft gesucht.<\/p>\n<p>Ein kleiner Imbiss und ein Getr\u00e4nk werden bereitgestellt.<\/p>\n<p>Die Veranstalter freuen sich auf Ihre <strong>Anmeldung unter<\/strong> <a href=\"https:\/\/forms.gle\/kYnFJvVUZ1KXXGBy9\" target=\"_blank\" rel=\"noopener\">https:\/\/forms.gle\/kYnFJvVUZ1KXXGBy9<\/a>.<\/p>\n<p>Dieses Projekt wird aus dem\u00a0<a href=\"https:\/\/www.euregio.eu\/de\/foerderungen\/bis-25000-euro\/\" target=\"_blank\" rel=\"noopener\">Interreg Kleinprojektefonds<\/a>\u00a0mit Mitteln aus dem Europ\u00e4ischen Fonds f\u00fcr Regionale Entwicklung (EFRE) gef\u00f6rdert.<\/p>\n<\/div><\/div><\/div><div class=\"fusion-layout-column fusion_builder_column fusion-builder-column-1 fusion_builder_column_1_3 1_3 fusion-flex-column\" style=\"--awb-bg-size:cover;--awb-width-large:33.333333333333%;--awb-margin-top-large:0px;--awb-spacing-right-large:5.76%;--awb-margin-bottom-large:32px;--awb-spacing-left-large:5.76%;--awb-width-medium:100%;--awb-order-medium:0;--awb-spacing-right-medium:1.92%;--awb-spacing-left-medium:1.92%;--awb-width-small:100%;--awb-order-small:0;--awb-spacing-right-small:1.92%;--awb-spacing-left-small:1.92%;\"><div class=\"fusion-column-wrapper fusion-column-has-shadow fusion-flex-justify-content-flex-start fusion-content-layout-column\"><div class=\"fusion-image-element \" style=\"--awb-caption-title-font-family:var(--h2_typography-font-family);--awb-caption-title-font-weight:var(--h2_typography-font-weight);--awb-caption-title-font-style:var(--h2_typography-font-style);--awb-caption-title-size:var(--h2_typography-font-size);--awb-caption-title-transform:var(--h2_typography-text-transform);--awb-caption-title-line-height:var(--h2_typography-line-height);--awb-caption-title-letter-spacing:var(--h2_typography-letter-spacing);\"><span class=\" fusion-imageframe imageframe-none imageframe-1 hover-type-none\"><img decoding=\"async\" width=\"1024\" height=\"683\" title=\"Template FORMAT_Standard (2)\" src=\"https:\/\/www.euregio.eu\/wp-content\/uploads\/2024\/03\/Template-FORMAT_Standard-2-2-1024x683.jpg\" alt class=\"img-responsive wp-image-10671\" srcset=\"https:\/\/www.euregio.eu\/wp-content\/uploads\/2024\/03\/Template-FORMAT_Standard-2-2-200x133.jpg 200w, https:\/\/www.euregio.eu\/wp-content\/uploads\/2024\/03\/Template-FORMAT_Standard-2-2-400x267.jpg 400w, https:\/\/www.euregio.eu\/wp-content\/uploads\/2024\/03\/Template-FORMAT_Standard-2-2-600x400.jpg 600w, https:\/\/www.euregio.eu\/wp-content\/uploads\/2024\/03\/Template-FORMAT_Standard-2-2-800x533.jpg 800w, https:\/\/www.euregio.eu\/wp-content\/uploads\/2024\/03\/Template-FORMAT_Standard-2-2-1200x800.jpg 1200w, https:\/\/www.euregio.eu\/wp-content\/uploads\/2024\/03\/Template-FORMAT_Standard-2-2.jpg 1620w\" sizes=\"(max-width: 1024px) 100vw, (max-width: 640px) 100vw, 400px\" \/><\/span><\/div><\/div><\/div><\/div><\/div>\n","protected":false},"template":"","agenda-category":[],"class_list":["post-10672","agenda","type-agenda","status-publish","hentry"],"yoast_head":"<!-- This site is optimized with the Yoast SEO plugin v26.4 - https:\/\/yoast.com\/wordpress\/plugins\/seo\/ -->\n<title>Grenz\u00fcbergreifender Journalismus - EUREGIO<\/title>\n<meta name=\"robots\" content=\"index, follow, max-snippet:-1, max-image-preview:large, max-video-preview:-1\" \/>\n<link rel=\"canonical\" href=\"https:\/\/www.euregio.eu\/de\/agenda\/grenzuebergreifender-journalismus\/\" \/>\n<meta property=\"og:locale\" content=\"de_DE\" \/>\n<meta property=\"og:type\" content=\"article\" \/>\n<meta property=\"og:title\" content=\"Grenz\u00fcbergreifender Journalismus - EUREGIO\" \/>\n<meta property=\"og:url\" content=\"https:\/\/www.euregio.eu\/de\/agenda\/grenzuebergreifender-journalismus\/\" \/>\n<meta property=\"og:site_name\" content=\"EUREGIO\" \/>\n<meta name=\"twitter:card\" content=\"summary_large_image\" \/>\n<meta name=\"twitter:label1\" content=\"Gesch\u00e4tzte Lesezeit\" \/>\n\t<meta name=\"twitter:data1\" content=\"3\u00a0Minuten\" \/>\n<script type=\"application\/ld+json\" class=\"yoast-schema-graph\">{\"@context\":\"https:\/\/schema.org\",\"@graph\":[{\"@type\":\"WebPage\",\"@id\":\"https:\/\/www.euregio.eu\/de\/agenda\/grenzuebergreifender-journalismus\/\",\"url\":\"https:\/\/www.euregio.eu\/de\/agenda\/grenzuebergreifender-journalismus\/\",\"name\":\"Grenz\u00fcbergreifender Journalismus - EUREGIO\",\"isPartOf\":{\"@id\":\"https:\/\/www.euregio.eu\/de\/#website\"},\"datePublished\":\"2024-03-25T14:42:50+00:00\",\"breadcrumb\":{\"@id\":\"https:\/\/www.euregio.eu\/de\/agenda\/grenzuebergreifender-journalismus\/#breadcrumb\"},\"inLanguage\":\"de\",\"potentialAction\":[{\"@type\":\"ReadAction\",\"target\":[\"https:\/\/www.euregio.eu\/de\/agenda\/grenzuebergreifender-journalismus\/\"]}]},{\"@type\":\"BreadcrumbList\",\"@id\":\"https:\/\/www.euregio.eu\/de\/agenda\/grenzuebergreifender-journalismus\/#breadcrumb\",\"itemListElement\":[{\"@type\":\"ListItem\",\"position\":1,\"name\":\"Home\",\"item\":\"https:\/\/www.euregio.eu\/de\/\"},{\"@type\":\"ListItem\",\"position\":2,\"name\":\"Agenda\",\"item\":\"https:\/\/www.euregio.eu\/de\/agenda\/\"},{\"@type\":\"ListItem\",\"position\":3,\"name\":\"Grenz\u00fcbergreifender Journalismus\"}]},{\"@type\":\"WebSite\",\"@id\":\"https:\/\/www.euregio.eu\/de\/#website\",\"url\":\"https:\/\/www.euregio.eu\/de\/\",\"name\":\"EUREGIO\",\"description\":\"\",\"potentialAction\":[{\"@type\":\"SearchAction\",\"target\":{\"@type\":\"EntryPoint\",\"urlTemplate\":\"https:\/\/www.euregio.eu\/de\/?s={search_term_string}\"},\"query-input\":{\"@type\":\"PropertyValueSpecification\",\"valueRequired\":true,\"valueName\":\"search_term_string\"}}],\"inLanguage\":\"de\"}]}<\/script>\n<!-- \/ Yoast SEO plugin. -->","yoast_head_json":{"title":"Grenz\u00fcbergreifender Journalismus - EUREGIO","robots":{"index":"index","follow":"follow","max-snippet":"max-snippet:-1","max-image-preview":"max-image-preview:large","max-video-preview":"max-video-preview:-1"},"canonical":"https:\/\/www.euregio.eu\/de\/agenda\/grenzuebergreifender-journalismus\/","og_locale":"de_DE","og_type":"article","og_title":"Grenz\u00fcbergreifender Journalismus - EUREGIO","og_url":"https:\/\/www.euregio.eu\/de\/agenda\/grenzuebergreifender-journalismus\/","og_site_name":"EUREGIO","twitter_card":"summary_large_image","twitter_misc":{"Gesch\u00e4tzte Lesezeit":"3\u00a0Minuten"},"schema":{"@context":"https:\/\/schema.org","@graph":[{"@type":"WebPage","@id":"https:\/\/www.euregio.eu\/de\/agenda\/grenzuebergreifender-journalismus\/","url":"https:\/\/www.euregio.eu\/de\/agenda\/grenzuebergreifender-journalismus\/","name":"Grenz\u00fcbergreifender Journalismus - EUREGIO","isPartOf":{"@id":"https:\/\/www.euregio.eu\/de\/#website"},"datePublished":"2024-03-25T14:42:50+00:00","breadcrumb":{"@id":"https:\/\/www.euregio.eu\/de\/agenda\/grenzuebergreifender-journalismus\/#breadcrumb"},"inLanguage":"de","potentialAction":[{"@type":"ReadAction","target":["https:\/\/www.euregio.eu\/de\/agenda\/grenzuebergreifender-journalismus\/"]}]},{"@type":"BreadcrumbList","@id":"https:\/\/www.euregio.eu\/de\/agenda\/grenzuebergreifender-journalismus\/#breadcrumb","itemListElement":[{"@type":"ListItem","position":1,"name":"Home","item":"https:\/\/www.euregio.eu\/de\/"},{"@type":"ListItem","position":2,"name":"Agenda","item":"https:\/\/www.euregio.eu\/de\/agenda\/"},{"@type":"ListItem","position":3,"name":"Grenz\u00fcbergreifender Journalismus"}]},{"@type":"WebSite","@id":"https:\/\/www.euregio.eu\/de\/#website","url":"https:\/\/www.euregio.eu\/de\/","name":"EUREGIO","description":"","potentialAction":[{"@type":"SearchAction","target":{"@type":"EntryPoint","urlTemplate":"https:\/\/www.euregio.eu\/de\/?s={search_term_string}"},"query-input":{"@type":"PropertyValueSpecification","valueRequired":true,"valueName":"search_term_string"}}],"inLanguage":"de"}]}},"_links":{"self":[{"href":"https:\/\/www.euregio.eu\/de\/wp-json\/wp\/v2\/agenda\/10672","targetHints":{"allow":["GET"]}}],"collection":[{"href":"https:\/\/www.euregio.eu\/de\/wp-json\/wp\/v2\/agenda"}],"about":[{"href":"https:\/\/www.euregio.eu\/de\/wp-json\/wp\/v2\/types\/agenda"}],"wp:attachment":[{"href":"https:\/\/www.euregio.eu\/de\/wp-json\/wp\/v2\/media?parent=10672"}],"wp:term":[{"taxonomy":"agenda-category","embeddable":true,"href":"https:\/\/www.euregio.eu\/de\/wp-json\/wp\/v2\/agenda-category?post=10672"}],"curies":[{"name":"wp","href":"https:\/\/api.w.org\/{rel}","templated":true}]}}

Grenzübergreifender Journalismus

<div class="fusion-fullwidth fullwidth-box fusion-builder-row-1 fusion-flex-container nonhundred-percent-fullwidth non-hundred-percent-height-scrolling" style="--awb-border-radius-top-left:0px;--awb-border-radius-top-right:0px;--awb-border-radius-bottom-right:0px;--awb-border-radius-bottom-left:0px;--awb-flex-wrap:wrap;" ><div class="fusion-builder-row fusion-row fusion-flex-align-items-flex-start fusion-flex-content-wrap" style="max-width:1248px;margin-left: calc(-4% / 2 );margin-right: calc(-4% / 2 );"><div class="fusion-layout-column fusion_builder_column fusion-builder-column-0 fusion_builder_column_2_3 2_3 fusion-flex-column" style="--awb-bg-size:cover;--awb-width-large:66.666666666667%;--awb-margin-top-large:0px;--awb-spacing-right-large:2.88%;--awb-margin-bottom-large:32px;--awb-spacing-left-large:2.88%;--awb-width-medium:100%;--awb-order-medium:0;--awb-spacing-right-medium:1.92%;--awb-spacing-left-medium:1.92%;--awb-width-small:100%;--awb-order-small:0;--awb-spacing-right-small:1.92%;--awb-spacing-left-small:1.92%;"><div class="fusion-column-wrapper fusion-column-has-shadow fusion-flex-justify-content-flex-start fusion-content-layout-column"><div class="fusion-text fusion-text-1"><h5><strong>Einladung</strong></h5>
<p><strong>Wann:</strong> Mittwoch 27. März, 18:30 Einlass, 19:00 &#8211; 21:30</p>
<p><strong>Wo:</strong> Gronausestraat 1258, 7534 AV Enschede</p>
<p><strong>Was:</strong> Wie reisen Geschichten über Grenzen? 3 Keynotes und eine Diskussion über Journalismus über nationale Grenzen.</p>
<p>Nach einem Auftakt durch Journalisten möchten die Veranstalter mit Ihnen über den Journalismus über Grenzen reden.</p>
<p>Es wird in die Medienlandschaft auf beiden Seiten der Grenze eingetaucht, oder in das, was bereits versucht wurde. Dann wird gemeinsam nach Möglichkeiten der Zusammenarbeit in der Zukunft gesucht.</p>
<p>Ein kleiner Imbiss und ein Getränk werden bereitgestellt.</p>
<p>Die Veranstalter freuen sich auf Ihre <strong>Anmeldung unter</strong> <a href="https://forms.gle/kYnFJvVUZ1KXXGBy9" target="_blank" rel="noopener">https://forms.gle/kYnFJvVUZ1KXXGBy9</a>.</p>
<p>Dieses Projekt wird aus dem <a href="https://www.euregio.eu/de/foerderungen/bis-25000-euro/" target="_blank" rel="noopener">Interreg Kleinprojektefonds</a> mit Mitteln aus dem Europäischen Fonds für Regionale Entwicklung (EFRE) gefördert.</p>
</div></div></div><div class="fusion-layout-column fusion_builder_column fusion-builder-column-1 fusion_builder_column_1_3 1_3 fusion-flex-column" style="--awb-bg-size:cover;--awb-width-large:33.333333333333%;--awb-margin-top-large:0px;--awb-spacing-right-large:5.76%;--awb-margin-bottom-large:32px;--awb-spacing-left-large:5.76%;--awb-width-medium:100%;--awb-order-medium:0;--awb-spacing-right-medium:1.92%;--awb-spacing-left-medium:1.92%;--awb-width-small:100%;--awb-order-small:0;--awb-spacing-right-small:1.92%;--awb-spacing-left-small:1.92%;"><div class="fusion-column-wrapper fusion-column-has-shadow fusion-flex-justify-content-flex-start fusion-content-layout-column"><div class="fusion-image-element " style="--awb-caption-title-font-family:var(--h2_typography-font-family);--awb-caption-title-font-weight:var(--h2_typography-font-weight);--awb-caption-title-font-style:var(--h2_typography-font-style);--awb-caption-title-size:var(--h2_typography-font-size);--awb-caption-title-transform:var(--h2_typography-text-transform);--awb-caption-title-line-height:var(--h2_typography-line-height);--awb-caption-title-letter-spacing:var(--h2_typography-letter-spacing);"><span class=" fusion-imageframe imageframe-none imageframe-1 hover-type-none"><img decoding="async" width="1024" height="683" title="Template FORMAT_Standard (2)" src="https://www.euregio.eu/wp-content/uploads/2024/03/Template-FORMAT_Standard-2-2-1024x683.jpg" alt class="img-responsive wp-image-10671" srcset="https://www.euregio.eu/wp-content/uploads/2024/03/Template-FORMAT_Standard-2-2-200x133.jpg 200w, https://www.euregio.eu/wp-content/uploads/2024/03/Template-FORMAT_Standard-2-2-400x267.jpg 400w, https://www.euregio.eu/wp-content/uploads/2024/03/Template-FORMAT_Standard-2-2-600x400.jpg 600w, https://www.euregio.eu/wp-content/uploads/2024/03/Template-FORMAT_Standard-2-2-800x533.jpg 800w, https://www.euregio.eu/wp-content/uploads/2024/03/Template-FORMAT_Standard-2-2-1200x800.jpg 1200w, https://www.euregio.eu/wp-content/uploads/2024/03/Template-FORMAT_Standard-2-2.jpg 1620w" sizes="(max-width: 1024px) 100vw, (max-width: 640px) 100vw, 400px" /></span></div></div></div></div></div>

<!-- This site is optimized with the Yoast SEO plugin v26.4 - https://yoast.com/wordpress/plugins/seo/ -->
<title>Grenzübergreifender Journalismus - EUREGIO</title>
<meta name="robots" content="index, follow, max-snippet:-1, max-image-preview:large, max-video-preview:-1" />
<link rel="canonical" href="https://www.euregio.eu/de/agenda/grenzuebergreifender-journalismus/" />
<meta property="og:locale" content="de_DE" />
<meta property="og:type" content="article" />
<meta property="og:title" content="Grenzübergreifender Journalismus - EUREGIO" />
<meta property="og:url" content="https://www.euregio.eu/de/agenda/grenzuebergreifender-journalismus/" />
<meta property="og:site_name" content="EUREGIO" />
<meta name="twitter:card" content="summary_large_image" />
<meta name="twitter:label1" content="Geschätzte Lesezeit" />
	<meta name="twitter:data1" content="3 Minuten" />
<script type="application/ld+json" class="yoast-schema-graph">{"@context":"https://schema.org","@graph":[{"@type":"WebPage","@id":"https://www.euregio.eu/de/agenda/grenzuebergreifender-journalismus/","url":"https://www.euregio.eu/de/agenda/grenzuebergreifender-journalismus/","name":"Grenzübergreifender Journalismus - EUREGIO","isPartOf":{"@id":"https://www.euregio.eu/de/#website"},"datePublished":"2024-03-25T14:42:50+00:00","breadcrumb":{"@id":"https://www.euregio.eu/de/agenda/grenzuebergreifender-journalismus/#breadcrumb"},"inLanguage":"de","potentialAction":[{"@type":"ReadAction","target":["https://www.euregio.eu/de/agenda/grenzuebergreifender-journalismus/"]}]},{"@type":"BreadcrumbList","@id":"https://www.euregio.eu/de/agenda/grenzuebergreifender-journalismus/#breadcrumb","itemListElement":[{"@type":"ListItem","position":1,"name":"Home","item":"https://www.euregio.eu/de/"},{"@type":"ListItem","position":2,"name":"Agenda","item":"https://www.euregio.eu/de/agenda/"},{"@type":"ListItem","position":3,"name":"Grenzübergreifender Journalismus"}]},{"@type":"WebSite","@id":"https://www.euregio.eu/de/#website","url":"https://www.euregio.eu/de/","name":"EUREGIO","description":"","potentialAction":[{"@type":"SearchAction","target":{"@type":"EntryPoint","urlTemplate":"https://www.euregio.eu/de/?s={search_term_string}"},"query-input":{"@type":"PropertyValueSpecification","valueRequired":true,"valueName":"search_term_string"}}],"inLanguage":"de"}]}</script>
<!-- / Yoast SEO plugin. -->

Grenzübergreifender Journalismus - EUREGIO
