{"id":10294,"date":"2024-02-20T12:46:11","date_gmt":"2024-02-20T11:46:11","guid":{"rendered":"https:\/\/www.euregio.eu\/agenda\/gezamenlijke-commissievergadering\/"},"modified":"2024-08-12T10:18:37","modified_gmt":"2024-08-12T09:18:37","slug":"gemeinsame-auschusssitzung-19-9-2024","status":"publish","type":"agenda","link":"https:\/\/www.euregio.eu\/de\/agenda\/gemeinsame-auschusssitzung-19-9-2024\/","title":{"rendered":"Gemeinsame Auschusssitzung der EUREGIO"},"content":{"rendered":"<p><strong>Die drei EUREGIO-Aussch\u00fcsse <em>\u201eMOZER \u2013 Gesellschaftliche Entwicklung\u201c<\/em>, <em>\u201eWirtschaft und Arbeitsmarkt<\/em>\u201c und <em>\u201eNachhaltige Raumentwicklung<\/em>\u201csind Teil der EUREGIO-<a href=\"https:\/\/www.euregio.eu\/de\/wer-wir-sind\/organisation\/\" target=\"_blank\" rel=\"noopener\">Gremien<\/a>. Die Aussch\u00fcsse tagen dreimal im Jahr, wovon h\u00e4ufig einmal gemeinsam.<\/strong><\/p>\n<p>Die Aussch\u00fcsse unterst\u00fctzen die inhaltliche Arbeit des grenz\u00fcbergreifenden Zweckverbands. Sie sind in Anlehnung an die drei Schwerpunkte unserer Strategie <a href=\"https:\/\/www.euregio.eu\/wp-content\/uploads\/2021\/03\/EUREGIO_2030_D.pdf\" target=\"_blank\" rel=\"noopener noreferrer\"><strong>\u201eEUREGIO 2030\u201c<\/strong><\/a> organisiert.<\/p>\n","protected":false},"template":"","agenda-category":[],"class_list":["post-10294","agenda","type-agenda","status-publish","hentry"],"yoast_head":"<!-- This site is optimized with the Yoast SEO plugin v26.4 - https:\/\/yoast.com\/wordpress\/plugins\/seo\/ -->\n<title>Gemeinsame Auschusssitzung der EUREGIO - EUREGIO<\/title>\n<meta name=\"robots\" content=\"index, follow, max-snippet:-1, max-image-preview:large, max-video-preview:-1\" \/>\n<link rel=\"canonical\" href=\"https:\/\/www.euregio.eu\/de\/agenda\/gemeinsame-auschusssitzung-19-9-2024\/\" \/>\n<meta property=\"og:locale\" content=\"de_DE\" \/>\n<meta property=\"og:type\" content=\"article\" \/>\n<meta property=\"og:title\" content=\"Gemeinsame Auschusssitzung der EUREGIO - EUREGIO\" \/>\n<meta property=\"og:description\" content=\"Die drei EUREGIO-Aussch\u00fcsse \u201eMOZER \u2013 Gesellschaftliche Entwicklung\u201c, \u201eWirtschaft und Arbeitsmarkt\u201c [...]\" \/>\n<meta property=\"og:url\" content=\"https:\/\/www.euregio.eu\/de\/agenda\/gemeinsame-auschusssitzung-19-9-2024\/\" \/>\n<meta property=\"og:site_name\" content=\"EUREGIO\" \/>\n<meta property=\"article:modified_time\" content=\"2024-08-12T09:18:37+00:00\" \/>\n<meta name=\"twitter:card\" content=\"summary_large_image\" \/>\n<meta name=\"twitter:label1\" content=\"Gesch\u00e4tzte Lesezeit\" \/>\n\t<meta name=\"twitter:data1\" content=\"1\u00a0Minute\" \/>\n<script type=\"application\/ld+json\" class=\"yoast-schema-graph\">{\"@context\":\"https:\/\/schema.org\",\"@graph\":[{\"@type\":\"WebPage\",\"@id\":\"https:\/\/www.euregio.eu\/de\/agenda\/gemeinsame-auschusssitzung-19-9-2024\/\",\"url\":\"https:\/\/www.euregio.eu\/de\/agenda\/gemeinsame-auschusssitzung-19-9-2024\/\",\"name\":\"Gemeinsame Auschusssitzung der EUREGIO - EUREGIO\",\"isPartOf\":{\"@id\":\"https:\/\/www.euregio.eu\/de\/#website\"},\"datePublished\":\"2024-02-20T11:46:11+00:00\",\"dateModified\":\"2024-08-12T09:18:37+00:00\",\"breadcrumb\":{\"@id\":\"https:\/\/www.euregio.eu\/de\/agenda\/gemeinsame-auschusssitzung-19-9-2024\/#breadcrumb\"},\"inLanguage\":\"de\",\"potentialAction\":[{\"@type\":\"ReadAction\",\"target\":[\"https:\/\/www.euregio.eu\/de\/agenda\/gemeinsame-auschusssitzung-19-9-2024\/\"]}]},{\"@type\":\"BreadcrumbList\",\"@id\":\"https:\/\/www.euregio.eu\/de\/agenda\/gemeinsame-auschusssitzung-19-9-2024\/#breadcrumb\",\"itemListElement\":[{\"@type\":\"ListItem\",\"position\":1,\"name\":\"Home\",\"item\":\"https:\/\/www.euregio.eu\/de\/\"},{\"@type\":\"ListItem\",\"position\":2,\"name\":\"Agenda\",\"item\":\"https:\/\/www.euregio.eu\/de\/agenda\/\"},{\"@type\":\"ListItem\",\"position\":3,\"name\":\"Gemeinsame Auschusssitzung der EUREGIO\"}]},{\"@type\":\"WebSite\",\"@id\":\"https:\/\/www.euregio.eu\/de\/#website\",\"url\":\"https:\/\/www.euregio.eu\/de\/\",\"name\":\"EUREGIO\",\"description\":\"\",\"potentialAction\":[{\"@type\":\"SearchAction\",\"target\":{\"@type\":\"EntryPoint\",\"urlTemplate\":\"https:\/\/www.euregio.eu\/de\/?s={search_term_string}\"},\"query-input\":{\"@type\":\"PropertyValueSpecification\",\"valueRequired\":true,\"valueName\":\"search_term_string\"}}],\"inLanguage\":\"de\"}]}<\/script>\n<!-- \/ Yoast SEO plugin. -->","yoast_head_json":{"title":"Gemeinsame Auschusssitzung der EUREGIO - EUREGIO","robots":{"index":"index","follow":"follow","max-snippet":"max-snippet:-1","max-image-preview":"max-image-preview:large","max-video-preview":"max-video-preview:-1"},"canonical":"https:\/\/www.euregio.eu\/de\/agenda\/gemeinsame-auschusssitzung-19-9-2024\/","og_locale":"de_DE","og_type":"article","og_title":"Gemeinsame Auschusssitzung der EUREGIO - EUREGIO","og_description":"Die drei EUREGIO-Aussch\u00fcsse \u201eMOZER \u2013 Gesellschaftliche Entwicklung\u201c, \u201eWirtschaft und Arbeitsmarkt\u201c [...]","og_url":"https:\/\/www.euregio.eu\/de\/agenda\/gemeinsame-auschusssitzung-19-9-2024\/","og_site_name":"EUREGIO","article_modified_time":"2024-08-12T09:18:37+00:00","twitter_card":"summary_large_image","twitter_misc":{"Gesch\u00e4tzte Lesezeit":"1\u00a0Minute"},"schema":{"@context":"https:\/\/schema.org","@graph":[{"@type":"WebPage","@id":"https:\/\/www.euregio.eu\/de\/agenda\/gemeinsame-auschusssitzung-19-9-2024\/","url":"https:\/\/www.euregio.eu\/de\/agenda\/gemeinsame-auschusssitzung-19-9-2024\/","name":"Gemeinsame Auschusssitzung der EUREGIO - EUREGIO","isPartOf":{"@id":"https:\/\/www.euregio.eu\/de\/#website"},"datePublished":"2024-02-20T11:46:11+00:00","dateModified":"2024-08-12T09:18:37+00:00","breadcrumb":{"@id":"https:\/\/www.euregio.eu\/de\/agenda\/gemeinsame-auschusssitzung-19-9-2024\/#breadcrumb"},"inLanguage":"de","potentialAction":[{"@type":"ReadAction","target":["https:\/\/www.euregio.eu\/de\/agenda\/gemeinsame-auschusssitzung-19-9-2024\/"]}]},{"@type":"BreadcrumbList","@id":"https:\/\/www.euregio.eu\/de\/agenda\/gemeinsame-auschusssitzung-19-9-2024\/#breadcrumb","itemListElement":[{"@type":"ListItem","position":1,"name":"Home","item":"https:\/\/www.euregio.eu\/de\/"},{"@type":"ListItem","position":2,"name":"Agenda","item":"https:\/\/www.euregio.eu\/de\/agenda\/"},{"@type":"ListItem","position":3,"name":"Gemeinsame Auschusssitzung der EUREGIO"}]},{"@type":"WebSite","@id":"https:\/\/www.euregio.eu\/de\/#website","url":"https:\/\/www.euregio.eu\/de\/","name":"EUREGIO","description":"","potentialAction":[{"@type":"SearchAction","target":{"@type":"EntryPoint","urlTemplate":"https:\/\/www.euregio.eu\/de\/?s={search_term_string}"},"query-input":{"@type":"PropertyValueSpecification","valueRequired":true,"valueName":"search_term_string"}}],"inLanguage":"de"}]}},"_links":{"self":[{"href":"https:\/\/www.euregio.eu\/de\/wp-json\/wp\/v2\/agenda\/10294","targetHints":{"allow":["GET"]}}],"collection":[{"href":"https:\/\/www.euregio.eu\/de\/wp-json\/wp\/v2\/agenda"}],"about":[{"href":"https:\/\/www.euregio.eu\/de\/wp-json\/wp\/v2\/types\/agenda"}],"wp:attachment":[{"href":"https:\/\/www.euregio.eu\/de\/wp-json\/wp\/v2\/media?parent=10294"}],"wp:term":[{"taxonomy":"agenda-category","embeddable":true,"href":"https:\/\/www.euregio.eu\/de\/wp-json\/wp\/v2\/agenda-category?post=10294"}],"curies":[{"name":"wp","href":"https:\/\/api.w.org\/{rel}","templated":true}]}}

<p><strong>Die drei EUREGIO-Ausschüsse <em>„MOZER – Gesellschaftliche Entwicklung“</em>, <em>„Wirtschaft und Arbeitsmarkt</em>“ und <em>„Nachhaltige Raumentwicklung</em>“sind Teil der EUREGIO-<a href="https://www.euregio.eu/de/wer-wir-sind/organisation/" target="_blank" rel="noopener">Gremien</a>. Die Ausschüsse tagen dreimal im Jahr, wovon häufig einmal gemeinsam.</strong></p>
<p>Die Ausschüsse unterstützen die inhaltliche Arbeit des grenzübergreifenden Zweckverbands. Sie sind in Anlehnung an die drei Schwerpunkte unserer Strategie <a href="https://www.euregio.eu/wp-content/uploads/2021/03/EUREGIO_2030_D.pdf" target="_blank" rel="noopener noreferrer"><strong>„EUREGIO 2030“</strong></a> organisiert.</p>

<!-- This site is optimized with the Yoast SEO plugin v26.4 - https://yoast.com/wordpress/plugins/seo/ -->
<title>Gemeinsame Auschusssitzung der EUREGIO - EUREGIO</title>
<meta name="robots" content="index, follow, max-snippet:-1, max-image-preview:large, max-video-preview:-1" />
<link rel="canonical" href="https://www.euregio.eu/de/agenda/gemeinsame-auschusssitzung-19-9-2024/" />
<meta property="og:locale" content="de_DE" />
<meta property="og:type" content="article" />
<meta property="og:title" content="Gemeinsame Auschusssitzung der EUREGIO - EUREGIO" />
<meta property="og:description" content="Die drei EUREGIO-Ausschüsse „MOZER – Gesellschaftliche Entwicklung“, „Wirtschaft und Arbeitsmarkt“ [...]" />
<meta property="og:url" content="https://www.euregio.eu/de/agenda/gemeinsame-auschusssitzung-19-9-2024/" />
<meta property="og:site_name" content="EUREGIO" />
<meta property="article:modified_time" content="2024-08-12T09:18:37+00:00" />
<meta name="twitter:card" content="summary_large_image" />
<meta name="twitter:label1" content="Geschätzte Lesezeit" />
	<meta name="twitter:data1" content="1 Minute" />
<script type="application/ld+json" class="yoast-schema-graph">{"@context":"https://schema.org","@graph":[{"@type":"WebPage","@id":"https://www.euregio.eu/de/agenda/gemeinsame-auschusssitzung-19-9-2024/","url":"https://www.euregio.eu/de/agenda/gemeinsame-auschusssitzung-19-9-2024/","name":"Gemeinsame Auschusssitzung der EUREGIO - EUREGIO","isPartOf":{"@id":"https://www.euregio.eu/de/#website"},"datePublished":"2024-02-20T11:46:11+00:00","dateModified":"2024-08-12T09:18:37+00:00","breadcrumb":{"@id":"https://www.euregio.eu/de/agenda/gemeinsame-auschusssitzung-19-9-2024/#breadcrumb"},"inLanguage":"de","potentialAction":[{"@type":"ReadAction","target":["https://www.euregio.eu/de/agenda/gemeinsame-auschusssitzung-19-9-2024/"]}]},{"@type":"BreadcrumbList","@id":"https://www.euregio.eu/de/agenda/gemeinsame-auschusssitzung-19-9-2024/#breadcrumb","itemListElement":[{"@type":"ListItem","position":1,"name":"Home","item":"https://www.euregio.eu/de/"},{"@type":"ListItem","position":2,"name":"Agenda","item":"https://www.euregio.eu/de/agenda/"},{"@type":"ListItem","position":3,"name":"Gemeinsame Auschusssitzung der EUREGIO"}]},{"@type":"WebSite","@id":"https://www.euregio.eu/de/#website","url":"https://www.euregio.eu/de/","name":"EUREGIO","description":"","potentialAction":[{"@type":"SearchAction","target":{"@type":"EntryPoint","urlTemplate":"https://www.euregio.eu/de/?s={search_term_string}"},"query-input":{"@type":"PropertyValueSpecification","valueRequired":true,"valueName":"search_term_string"}}],"inLanguage":"de"}]}</script>
<!-- / Yoast SEO plugin. -->

Die drei EUREGIO-Ausschüsse „MOZER – Gesellschaftliche Entwicklung“, „Wirtschaft und Arbeitsmarkt“ [...]
